173.208.163.114 - - [14/Sep/2025:11:08:00 +0200] "GET /wp-includes/wp-configs.php HTTP/1.1" 200 10 "http://filmotek.fr/wp-includes/wp-configs.php" "Mozilla/5.0 (Windows NT 10.0; Win64; x64) AppleWebKit/537.36 (KHTML, like Gecko) Chrome/58.0.3029.110 Safari/537.3"
85.208.96.210 - - [14/Sep/2025:11:08:02 +0200] "GET /filmotech_detail.php?id=323 HTTP/1.1" 403 - "-" "Mozilla/5.0 (compatible; SemrushBot/7~bl; +http://www.semrush.com/bot.html)"
216.73.216.182 - - [14/Sep/2025:11:09:11 +0200] "GET /robots.txt HTTP/1.1" 200 103 "-" "Mozilla/5.0 AppleWebKit/537.36 (KHTML, like Gecko; compatible; ClaudeBot/1.0; +claudebot@anthropic.com)"
216.73.216.182 - - [14/Sep/2025:11:09:11 +0200] "GET /pages.php HTTP/1.1" 200 76312 "-" "Mozilla/5.0 AppleWebKit/537.36 (KHTML, like Gecko; compatible; ClaudeBot/1.0; +claudebot@anthropic.com)"
173.208.163.114 - - [14/Sep/2025:11:07:57 +0200] "GET /wp-includes/wp-configs.php HTTP/1.1" 200 1 "http://filmotek.fr/wp-includes/wp-configs.php" "Mozilla/5.0 (Windows NT 10.0; Win64; x64) AppleWebKit/537.36 (KHTML, like Gecko) Chrome/58.0.3029.110 Safari/537.3"
185.191.171.1 - - [14/Sep/2025:11:11:04 +0200] "GET /filmotech_detail.php?id=917 HTTP/1.1" 403 - "-" "Mozilla/5.0 (compatible; SemrushBot/7~bl; +http://www.semrush.com/bot.html)"
204.12.208.18 - - [14/Sep/2025:11:12:17 +0200] "GET /wp-includes/qqe12b27/edit.php HTTP/1.1" 200 6 "http://filmotek.fr/wp-includes/qqe12b27/edit.php" "Mozilla/5.0 (Macintosh; Intel Mac OS X 10_6_8) AppleWebKit/534.24 (KHTML, like Gecko) Chrome/11.0.696.71 Safari/534.24"
173.208.163.114 - - [14/Sep/2025:11:12:36 +0200] "GET /wp-includes/wp-configs.php HTTP/1.1" 200 10 "http://filmotek.fr/wp-includes/wp-configs.php" "Mozilla/5.0 (Windows NT 10.0; Win64; x64) AppleWebKit/537.36 (KHTML, like Gecko) Chrome/58.0.3029.110 Safari/537.3"
204.12.208.18 - - [14/Sep/2025:11:11:57 +0200] "GET /wp-includes/qqe12b27/edit.php HTTP/1.1" 200 - "http://filmotek.fr/wp-includes/qqe12b27/edit.php" "Mozilla/5.0 (Macintosh; Intel Mac OS X 10.5; rv:5.0.1) Gecko/20100101 Firefox/5.0.1"
173.208.163.114 - - [14/Sep/2025:11:12:34 +0200] "GET /wp-includes/wp-configs.php HTTP/1.1" 200 1 "http://filmotek.fr/wp-includes/wp-configs.php" "Mozilla/5.0 (Windows NT 10.0; Win64; x64) AppleWebKit/537.36 (KHTML, like Gecko) Chrome/58.0.3029.110 Safari/537.3"
85.208.96.207 - - [14/Sep/2025:11:14:17 +0200] "GET /filmotech_detail.php?id=639 HTTP/1.1" 403 - "-" "Mozilla/5.0 (compatible; SemrushBot/7~bl; +http://www.semrush.com/bot.html)"
66.249.70.135 - - [14/Sep/2025:11:14:51 +0200] "GET /pcmypage?callback=/product%2Fdetail%2m79176348901 HTTP/1.1" 200 76744 "-" "Mozilla/5.0 (Linux; Android 6.0.1; Nexus 5X Build/MMB29P) AppleWebKit/537.36 (KHTML, like Gecko) Chrome/140.0.7339.127 Mobile Safari/537.36 (compatible; Googlebot/2.1; +http://www.google.com/bot.html)"
66.249.64.131 - - [14/Sep/2025:11:14:57 +0200] "GET /pcmypage?callback=/product%2Fdetail%2m94263456545 HTTP/1.1" 200 76656 "-" "Mozilla/5.0 (Linux; Android 6.0.1; Nexus 5X Build/MMB29P) AppleWebKit/537.36 (KHTML, like Gecko) Chrome/140.0.7339.127 Mobile Safari/537.36 (compatible; Googlebot/2.1; +http://www.google.com/bot.html)"
66.249.70.137 - - [14/Sep/2025:11:15:05 +0200] "GET /pcmypage?callback=/product%2Fdetail%2m80759318673 HTTP/1.1" 200 76595 "-" "Mozilla/5.0 (Linux; Android 6.0.1; Nexus 5X Build/MMB29P) AppleWebKit/537.36 (KHTML, like Gecko) Chrome/140.0.7339.127 Mobile Safari/537.36 (compatible; Googlebot/2.1; +http://www.google.com/bot.html)"
66.249.70.134 - - [14/Sep/2025:11:15:11 +0200] "GET /pcmypage?callback=/product%2Fdetail%2m54482235189 HTTP/1.1" 200 76826 "-" "Mozilla/5.0 (Linux; Android 6.0.1; Nexus 5X Build/MMB29P) AppleWebKit/537.36 (KHTML, like Gecko) Chrome/140.0.7339.127 Mobile Safari/537.36 (compatible; Googlebot/2.1; +http://www.google.com/bot.html)"
66.249.70.141 - - [14/Sep/2025:11:15:16 +0200] "GET /pcmypage?callback=/product%2Fdetail%2m52645208452 HTTP/1.1" 200 77164 "-" "Mozilla/5.0 (Linux; Android 6.0.1; Nexus 5X Build/MMB29P) AppleWebKit/537.36 (KHTML, like Gecko) Chrome/140.0.7339.127 Mobile Safari/537.36 (compatible; Googlebot/2.1; +http://www.google.com/bot.html)"
66.249.70.137 - - [14/Sep/2025:11:15:23 +0200] "GET /pcmypage?callback=/product%2Fdetail%2m39290192270 HTTP/1.1" 200 76953 "-" "Mozilla/5.0 (Linux; Android 6.0.1; Nexus 5X Build/MMB29P) AppleWebKit/537.36 (KHTML, like Gecko) Chrome/140.0.7339.127 Mobile Safari/537.36 (compatible; Googlebot/2.1; +http://www.google.com/bot.html)"
66.249.70.136 - - [14/Sep/2025:11:15:54 +0200] "GET /261yze17501.html HTTP/1.1" 200 76918 "-" "Mozilla/5.0 (Linux; Android 6.0.1; Nexus 5X Build/MMB29P) AppleWebKit/537.36 (KHTML, like Gecko) Chrome/140.0.7339.127 Mobile Safari/537.36 (compatible; Googlebot/2.1; +http://www.google.com/bot.html)"
173.208.163.114 - - [14/Sep/2025:11:16:29 +0200] "GET /wp-includes/wp-configs.php HTTP/1.1" 200 10 "http://filmotek.fr/wp-includes/wp-configs.php" "Mozilla/5.0 (Windows NT 10.0; Win64; x64) AppleWebKit/537.36 (KHTML, like Gecko) Chrome/58.0.3029.110 Safari/537.3"
173.208.163.114 - - [14/Sep/2025:11:16:27 +0200] "GET /wp-includes/wp-configs.php HTTP/1.1" 200 1 "http://filmotek.fr/wp-includes/wp-configs.php" "Mozilla/5.0 (Windows NT 10.0; Win64; x64) AppleWebKit/537.36 (KHTML, like Gecko) Chrome/58.0.3029.110 Safari/537.3"
185.191.171.1 - - [14/Sep/2025:11:21:08 +0200] "GET /filmotech_detail.php?id=1198 HTTP/1.1" 403 - "-" "Mozilla/5.0 (compatible; SemrushBot/7~bl; +http://www.semrush.com/bot.html)"
198.204.224.34 - - [14/Sep/2025:11:22:31 +0200] "GET /wp-includes/wp-configs.php HTTP/1.1" 200 10 "http://filmotek.fr/wp-includes/wp-configs.php" "Mozilla/5.0 (Windows NT 10.0; Win64; x64) AppleWebKit/537.36 (KHTML, like Gecko) Chrome/58.0.3029.110 Safari/537.3"
185.191.171.12 - - [14/Sep/2025:11:23:15 +0200] "GET /filmotech_detail.php?id=129 HTTP/1.1" 403 - "-" "Mozilla/5.0 (compatible; SemrushBot/7~bl; +http://www.semrush.com/bot.html)"
198.204.224.34 - - [14/Sep/2025:11:22:25 +0200] "GET /wp-includes/wp-configs.php HTTP/1.1" 200 1 "http://filmotek.fr/wp-includes/wp-configs.php" "Mozilla/5.0 (Windows NT 10.0; Win64; x64) AppleWebKit/537.36 (KHTML, like Gecko) Chrome/58.0.3029.110 Safari/537.3"
66.249.70.128 - - [14/Sep/2025:11:25:09 +0200] "GET /pcmypage?callback=/product%2Fdetail%2m77958057398 HTTP/1.1" 200 76890 "-" "Mozilla/5.0 (Linux; Android 6.0.1; Nexus 5X Build/MMB29P) AppleWebKit/537.36 (KHTML, like Gecko) Chrome/140.0.7339.127 Mobile Safari/537.36 (compatible; Googlebot/2.1; +http://www.google.com/bot.html)"
66.249.70.135 - - [14/Sep/2025:11:25:13 +0200] "GET /pcmypage?callback=/product%2Fdetail%2m39879025109 HTTP/1.1" 200 76593 "-" "Mozilla/5.0 (Linux; Android 6.0.1; Nexus 5X Build/MMB29P) AppleWebKit/537.36 (KHTML, like Gecko) Chrome/140.0.7339.127 Mobile Safari/537.36 (compatible; Googlebot/2.1; +http://www.google.com/bot.html)"
173.208.163.114 - - [14/Sep/2025:11:25:16 +0200] "GET /wp-includes/wp-configs.php HTTP/1.1" 200 10 "http://filmotek.fr/wp-includes/wp-configs.php" "Mozilla/5.0 (Windows NT 10.0; Win64; x64) AppleWebKit/537.36 (KHTML, like Gecko) Chrome/58.0.3029.110 Safari/537.3"
66.249.70.130 - - [14/Sep/2025:11:25:16 +0200] "GET /pcmypage?callback=/product%2Fdetail%2m99467652749 HTTP/1.1" 200 76667 "-" "Mozilla/5.0 (Linux; Android 6.0.1; Nexus 5X Build/MMB29P) AppleWebKit/537.36 (KHTML, like Gecko) Chrome/140.0.7339.127 Mobile Safari/537.36 (compatible; Googlebot/2.1; +http://www.google.com/bot.html)"
85.208.96.195 - - [14/Sep/2025:11:25:18 +0200] "GET /filmotech_detail.php?id=681 HTTP/1.1" 403 - "-" "Mozilla/5.0 (compatible; SemrushBot/7~bl; +http://www.semrush.com/bot.html)"
66.249.70.137 - - [14/Sep/2025:11:25:18 +0200] "GET /pcmypage?callback=/product%2Fdetail%2m41750821722 HTTP/1.1" 200 76650 "-" "Mozilla/5.0 (Linux; Android 6.0.1; Nexus 5X Build/MMB29P) AppleWebKit/537.36 (KHTML, like Gecko) Chrome/140.0.7339.127 Mobile Safari/537.36 (compatible; Googlebot/2.1; +http://www.google.com/bot.html)"
173.208.163.114 - - [14/Sep/2025:11:25:14 +0200] "GET /wp-includes/wp-configs.php HTTP/1.1" 200 1 "http://filmotek.fr/wp-includes/wp-configs.php" "Mozilla/5.0 (Windows NT 10.0; Win64; x64) AppleWebKit/537.36 (KHTML, like Gecko) Chrome/58.0.3029.110 Safari/537.3"
185.191.171.7 - - [14/Sep/2025:11:27:14 +0200] "GET /filmotech_detail.php?id=940 HTTP/1.1" 403 - "-" "Mozilla/5.0 (compatible; SemrushBot/7~bl; +http://www.semrush.com/bot.html)"
204.12.208.18 - - [14/Sep/2025:11:28:11 +0200] "GET /wp-includes/qqe12b27/edit.php HTTP/1.1" 200 6 "http://filmotek.fr/wp-includes/qqe12b27/edit.php" "Mozilla/5.0 (Macintosh; Intel Mac OS X 10_6_8) AppleWebKit/535.1 (KHTML, like Gecko) Chrome/13.0.782.112 Safari/535.1"
204.12.208.18 - - [14/Sep/2025:11:27:51 +0200] "GET /wp-includes/qqe12b27/edit.php HTTP/1.1" 200 - "http://filmotek.fr/wp-includes/qqe12b27/edit.php" "Mozilla/5.0 (Windows; U; Windows NT 5.1; en-US) AppleWebKit/534.16 (KHTML, like Gecko) Chrome/10.0.648.151 Safari/534.16"
198.204.224.34 - - [14/Sep/2025:11:29:59 +0200] "GET /wp-includes/wp-configs.php HTTP/1.1" 200 10 "http://filmotek.fr/wp-includes/wp-configs.php" "Mozilla/5.0 (Windows NT 10.0; Win64; x64) AppleWebKit/537.36 (KHTML, like Gecko) Chrome/58.0.3029.110 Safari/537.3"
198.204.224.34 - - [14/Sep/2025:11:29:53 +0200] "GET /wp-includes/wp-configs.php HTTP/1.1" 200 1 "http://filmotek.fr/wp-includes/wp-configs.php" "Mozilla/5.0 (Windows NT 10.0; Win64; x64) AppleWebKit/537.36 (KHTML, like Gecko) Chrome/58.0.3029.110 Safari/537.3"
185.191.171.14 - - [14/Sep/2025:11:33:40 +0200] "GET /filmotech_detail.php?id=963 HTTP/1.1" 403 - "-" "Mozilla/5.0 (compatible; SemrushBot/7~bl; +http://www.semrush.com/bot.html)"
173.208.163.114 - - [14/Sep/2025:11:34:14 +0200] "GET /wp-includes/wp-configs.php HTTP/1.1" 200 10 "http://filmotek.fr/wp-includes/wp-configs.php" "Mozilla/5.0 (Windows NT 10.0; Win64; x64) AppleWebKit/537.36 (KHTML, like Gecko) Chrome/58.0.3029.110 Safari/537.3"
173.208.163.114 - - [14/Sep/2025:11:34:12 +0200] "GET /wp-includes/wp-configs.php HTTP/1.1" 200 1 "http://filmotek.fr/wp-includes/wp-configs.php" "Mozilla/5.0 (Windows NT 10.0; Win64; x64) AppleWebKit/537.36 (KHTML, like Gecko) Chrome/58.0.3029.110 Safari/537.3"
66.249.70.109 - - [14/Sep/2025:11:35:57 +0200] "GET /pcmypage/ HTTP/1.1" 200 77038 "-" "Mozilla/5.0 (Linux; Android 6.0.1; Nexus 5X Build/MMB29P) AppleWebKit/537.36 (KHTML, like Gecko) Chrome/140.0.7339.127 Mobile Safari/537.36 (compatible; Googlebot/2.1; +http://www.google.com/bot.html)"
85.208.96.208 - - [14/Sep/2025:11:37:16 +0200] "GET /filmotech_detail.php?id=972 HTTP/1.1" 403 - "-" "Mozilla/5.0 (compatible; SemrushBot/7~bl; +http://www.semrush.com/bot.html)"
173.208.163.114 - - [14/Sep/2025:11:37:43 +0200] "GET /wp-includes/wp-configs.php HTTP/1.1" 200 10 "http://filmotek.fr/wp-includes/wp-configs.php" "Mozilla/5.0 (Windows NT 10.0; Win64; x64) AppleWebKit/537.36 (KHTML, like Gecko) Chrome/58.0.3029.110 Safari/537.3"
216.73.216.182 - - [14/Sep/2025:11:38:13 +0200] "GET / HTTP/1.1" 200 90343 "-" "Mozilla/5.0 AppleWebKit/537.36 (KHTML, like Gecko; compatible; ClaudeBot/1.0; +claudebot@anthropic.com)"
173.208.163.114 - - [14/Sep/2025:11:37:41 +0200] "GET /wp-includes/wp-configs.php HTTP/1.1" 200 1 "http://filmotek.fr/wp-includes/wp-configs.php" "Mozilla/5.0 (Windows NT 10.0; Win64; x64) AppleWebKit/537.36 (KHTML, like Gecko) Chrome/58.0.3029.110 Safari/537.3"
85.208.96.212 - - [14/Sep/2025:11:42:36 +0200] "GET /filmotech_detail.php?id=966 HTTP/1.1" 403 - "-" "Mozilla/5.0 (compatible; SemrushBot/7~bl; +http://www.semrush.com/bot.html)"
173.208.163.114 - - [14/Sep/2025:11:42:52 +0200] "GET /wp-includes/wp-configs.php HTTP/1.1" 200 10 "http://filmotek.fr/wp-includes/wp-configs.php" "Mozilla/5.0 (Windows NT 10.0; Win64; x64) AppleWebKit/537.36 (KHTML, like Gecko) Chrome/58.0.3029.110 Safari/537.3"
204.12.208.18 - - [14/Sep/2025:11:44:17 +0200] "GET /wp-includes/qqe12b27/edit.php HTTP/1.1" 200 6 "http://filmotek.fr/wp-includes/qqe12b27/edit.php" "Mozilla/4.0 (compatible; MSIE 8.0; Windows NT 5.1; Trident/4.0; EasyBits GO v1.0; InfoPath.1; .NET CLR 2.0.50727; .NET CLR 3.0.4506.2152; .NET CLR 3.5.30729)"
173.208.163.114 - - [14/Sep/2025:11:42:50 +0200] "GET /wp-includes/wp-configs.php HTTP/1.1" 200 1 "http://filmotek.fr/wp-includes/wp-configs.php" "Mozilla/5.0 (Windows NT 10.0; Win64; x64) AppleWebKit/537.36 (KHTML, like Gecko) Chrome/58.0.3029.110 Safari/537.3"
185.191.171.6 - - [14/Sep/2025:11:45:13 +0200] "GET /filmotech_detail.php?id=1103 HTTP/1.1" 403 - "-" "Mozilla/5.0 (compatible; SemrushBot/7~bl; +http://www.semrush.com/bot.html)"
204.12.208.18 - - [14/Sep/2025:11:43:57 +0200] "GET /wp-includes/qqe12b27/edit.php HTTP/1.1" 200 - "http://filmotek.fr/wp-includes/qqe12b27/edit.php" "Mozilla/5.0 (Macintosh; Intel Mac OS X 10_6_8) AppleWebKit/535.1 (KHTML, like Gecko) Chrome/13.0.782.220 Safari/535.1"
173.208.163.114 - - [14/Sep/2025:11:46:18 +0200] "GET /wp-includes/wp-configs.php HTTP/1.1" 200 10 "http://filmotek.fr/wp-includes/wp-configs.php" "Mozilla/5.0 (Windows NT 10.0; Win64; x64) AppleWebKit/537.36 (KHTML, like Gecko) Chrome/58.0.3029.110 Safari/537.3"
216.73.216.182 - - [14/Sep/2025:11:46:56 +0200] "GET /pages.php HTTP/1.1" 200 76614 "-" "Mozilla/5.0 AppleWebKit/537.36 (KHTML, like Gecko; compatible; ClaudeBot/1.0; +claudebot@anthropic.com)"
173.208.163.114 - - [14/Sep/2025:11:46:16 +0200] "GET /wp-includes/wp-configs.php HTTP/1.1" 200 1 "http://filmotek.fr/wp-includes/wp-configs.php" "Mozilla/5.0 (Windows NT 10.0; Win64; x64) AppleWebKit/537.36 (KHTML, like Gecko) Chrome/58.0.3029.110 Safari/537.3"
173.208.163.114 - - [14/Sep/2025:11:51:21 +0200] "GET /wp-includes/wp-configs.php HTTP/1.1" 200 10 "http://filmotek.fr/wp-includes/wp-configs.php" "Mozilla/5.0 (Windows NT 10.0; Win64; x64) AppleWebKit/537.36 (KHTML, like Gecko) Chrome/58.0.3029.110 Safari/537.3"
173.208.163.114 - - [14/Sep/2025:11:51:19 +0200] "GET /wp-includes/wp-configs.php HTTP/1.1" 200 1 "http://filmotek.fr/wp-includes/wp-configs.php" "Mozilla/5.0 (Windows NT 10.0; Win64; x64) AppleWebKit/537.36 (KHTML, like Gecko) Chrome/58.0.3029.110 Safari/537.3"
173.208.163.114 - - [14/Sep/2025:11:55:29 +0200] "GET /wp-includes/wp-configs.php HTTP/1.1" 200 10 "http://filmotek.fr/wp-includes/wp-configs.php" "Mozilla/5.0 (Windows NT 10.0; Win64; x64) AppleWebKit/537.36 (KHTML, like Gecko) Chrome/58.0.3029.110 Safari/537.3"
85.208.96.201 - - [14/Sep/2025:11:55:45 +0200] "GET /filmotech_detail.php?id=1250 HTTP/1.1" 403 - "-" "Mozilla/5.0 (compatible; SemrushBot/7~bl; +http://www.semrush.com/bot.html)"
173.208.163.114 - - [14/Sep/2025:11:55:27 +0200] "GET /wp-includes/wp-configs.php HTTP/1.1" 200 1 "http://filmotek.fr/wp-includes/wp-configs.php" "Mozilla/5.0 (Windows NT 10.0; Win64; x64) AppleWebKit/537.36 (KHTML, like Gecko) Chrome/58.0.3029.110 Safari/537.3"
173.208.163.114 - - [14/Sep/2025:11:58:44 +0200] "GET /wp-includes/wp-configs.php HTTP/1.1" 200 10 "http://filmotek.fr/wp-includes/wp-configs.php" "Mozilla/5.0 (Windows NT 10.0; Win64; x64) AppleWebKit/537.36 (KHTML, like Gecko) Chrome/58.0.3029.110 Safari/537.3"
185.191.171.1 - - [14/Sep/2025:11:59:45 +0200] "GET /filmotech_detail.php?id=72 HTTP/1.1" 403 - "-" "Mozilla/5.0 (compatible; SemrushBot/7~bl; +http://www.semrush.com/bot.html)"
204.12.208.18 - - [14/Sep/2025:11:59:59 +0200] "GET /wp-includes/qqe12b27/edit.php HTTP/1.1" 200 6 "http://filmotek.fr/wp-includes/qqe12b27/edit.php" "Mozilla/5.0 (Windows NT 6.1) AppleWebKit/534.24 (KHTML, like Gecko) Chrome/11.0.696.65 Safari/534.24"
173.208.163.114 - - [14/Sep/2025:11:58:42 +0200] "GET /wp-includes/wp-configs.php HTTP/1.1" 200 1 "http://filmotek.fr/wp-includes/wp-configs.php" "Mozilla/5.0 (Windows NT 10.0; Win64; x64) AppleWebKit/537.36 (KHTML, like Gecko) Chrome/58.0.3029.110 Safari/537.3"
204.12.208.18 - - [14/Sep/2025:11:59:39 +0200] "GET /wp-includes/qqe12b27/edit.php HTTP/1.1" 200 - "http://filmotek.fr/wp-includes/qqe12b27/edit.php" "Mozilla/5.0 (Macintosh; Intel Mac OS X 10.7; rv:7.0.1) Gecko/20100101 Firefox/7.0.1"
185.191.171.2 - - [14/Sep/2025:12:01:54 +0200] "GET /filmotech_detail.php?id=896 HTTP/1.1" 403 - "-" "Mozilla/5.0 (compatible; SemrushBot/7~bl; +http://www.semrush.com/bot.html)"
198.204.224.34 - - [14/Sep/2025:12:04:38 +0200] "GET /wp-includes/wp-configs.php HTTP/1.1" 200 10 "http://filmotek.fr/wp-includes/wp-configs.php" "Mozilla/5.0 (Windows NT 10.0; Win64; x64) AppleWebKit/537.36 (KHTML, like Gecko) Chrome/58.0.3029.110 Safari/537.3"
198.204.224.34 - - [14/Sep/2025:12:04:32 +0200] "GET /wp-includes/wp-configs.php HTTP/1.1" 200 1 "http://filmotek.fr/wp-includes/wp-configs.php" "Mozilla/5.0 (Windows NT 10.0; Win64; x64) AppleWebKit/537.36 (KHTML, like Gecko) Chrome/58.0.3029.110 Safari/537.3"
173.208.163.114 - - [14/Sep/2025:12:06:59 +0200] "GET /wp-includes/wp-configs.php HTTP/1.1" 200 10 "http://filmotek.fr/wp-includes/wp-configs.php" "Mozilla/5.0 (Windows NT 10.0; Win64; x64) AppleWebKit/537.36 (KHTML, like Gecko) Chrome/58.0.3029.110 Safari/537.3"
66.249.70.134 - - [14/Sep/2025:12:07:44 +0200] "GET /m126035461?srsltid=AfmBOoNKXQhGmEaMxZ3Ppp_qsFUUio8Pt_dk55B3nf-F-ZZ7YjqcWx HTTP/1.1" 200 76957 "-" "Mozilla/5.0 (Linux; Android 6.0.1; Nexus 5X Build/MMB29P) AppleWebKit/537.36 (KHTML, like Gecko) Chrome/140.0.7339.127 Mobile Safari/537.36 (compatible; Googlebot/2.1; +http://www.google.com/bot.html)"
173.208.163.114 - - [14/Sep/2025:12:06:56 +0200] "GET /wp-includes/wp-configs.php HTTP/1.1" 200 1 "http://filmotek.fr/wp-includes/wp-configs.php" "Mozilla/5.0 (Windows NT 10.0; Win64; x64) AppleWebKit/537.36 (KHTML, like Gecko) Chrome/58.0.3029.110 Safari/537.3"
185.191.171.2 - - [14/Sep/2025:12:09:40 +0200] "GET /filmotech_detail.php?id=404 HTTP/1.1" 403 - "-" "Mozilla/5.0 (compatible; SemrushBot/7~bl; +http://www.semrush.com/bot.html)"
173.208.163.114 - - [14/Sep/2025:12:10:04 +0200] "GET /wp-includes/wp-configs.php HTTP/1.1" 200 10 "http://filmotek.fr/wp-includes/wp-configs.php" "Mozilla/5.0 (Windows NT 10.0; Win64; x64) AppleWebKit/537.36 (KHTML, like Gecko) Chrome/58.0.3029.110 Safari/537.3"
173.208.163.114 - - [14/Sep/2025:12:10:02 +0200] "GET /wp-includes/wp-configs.php HTTP/1.1" 200 1 "http://filmotek.fr/wp-includes/wp-configs.php" "Mozilla/5.0 (Windows NT 10.0; Win64; x64) AppleWebKit/537.36 (KHTML, like Gecko) Chrome/58.0.3029.110 Safari/537.3"
85.208.96.195 - - [14/Sep/2025:12:12:00 +0200] "GET /filmotech_detail.php?id=1068 HTTP/1.1" 403 - "-" "Mozilla/5.0 (compatible; SemrushBot/7~bl; +http://www.semrush.com/bot.html)"
173.208.163.114 - - [14/Sep/2025:12:14:38 +0200] "GET /wp-includes/wp-configs.php HTTP/1.1" 200 10 "http://filmotek.fr/wp-includes/wp-configs.php" "Mozilla/5.0 (Windows NT 10.0; Win64; x64) AppleWebKit/537.36 (KHTML, like Gecko) Chrome/58.0.3029.110 Safari/537.3"
185.191.171.14 - - [14/Sep/2025:12:15:02 +0200] "GET /filmotech_detail.php?id=1062 HTTP/1.1" 403 - "-" "Mozilla/5.0 (compatible; SemrushBot/7~bl; +http://www.semrush.com/bot.html)"
173.208.163.114 - - [14/Sep/2025:12:14:36 +0200] "GET /wp-includes/wp-configs.php HTTP/1.1" 200 1 "http://filmotek.fr/wp-includes/wp-configs.php" "Mozilla/5.0 (Windows NT 10.0; Win64; x64) AppleWebKit/537.36 (KHTML, like Gecko) Chrome/58.0.3029.110 Safari/537.3"
204.12.208.18 - - [14/Sep/2025:12:16:13 +0200] "GET /wp-includes/qqe12b27/edit.php HTTP/1.1" 200 6 "http://filmotek.fr/wp-includes/qqe12b27/edit.php" "Mozilla/5.0 (compatible; MSIE 9.0; Windows NT 6.1; WOW64; Trident/5.0)"
204.12.208.18 - - [14/Sep/2025:12:15:53 +0200] "GET /wp-includes/qqe12b27/edit.php HTTP/1.1" 200 - "http://filmotek.fr/wp-includes/qqe12b27/edit.php" "Mozilla/5.0 (Windows NT 6.1; WOW64) AppleWebKit/535.7 (KHTML, like Gecko) Chrome/16.0.912.75 Safari/535.7"
173.208.163.114 - - [14/Sep/2025:12:17:59 +0200] "GET /wp-includes/wp-configs.php HTTP/1.1" 200 10 "http://filmotek.fr/wp-includes/wp-configs.php" "Mozilla/5.0 (Windows NT 10.0; Win64; x64) AppleWebKit/537.36 (KHTML, like Gecko) Chrome/58.0.3029.110 Safari/537.3"
173.208.163.114 - - [14/Sep/2025:12:17:56 +0200] "GET /wp-includes/wp-configs.php HTTP/1.1" 200 1 "http://filmotek.fr/wp-includes/wp-configs.php" "Mozilla/5.0 (Windows NT 10.0; Win64; x64) AppleWebKit/537.36 (KHTML, like Gecko) Chrome/58.0.3029.110 Safari/537.3"
85.208.96.206 - - [14/Sep/2025:12:20:16 +0200] "GET /filmotech_detail.php?id=442 HTTP/1.1" 403 - "-" "Mozilla/5.0 (compatible; SemrushBot/7~bl; +http://www.semrush.com/bot.html)"
173.208.163.114 - - [14/Sep/2025:12:23:09 +0200] "GET /wp-includes/wp-configs.php HTTP/1.1" 200 10 "http://filmotek.fr/wp-includes/wp-configs.php" "Mozilla/5.0 (Windows NT 10.0; Win64; x64) AppleWebKit/537.36 (KHTML, like Gecko) Chrome/58.0.3029.110 Safari/537.3"
173.208.163.114 - - [14/Sep/2025:12:23:07 +0200] "GET /wp-includes/wp-configs.php HTTP/1.1" 200 1 "http://filmotek.fr/wp-includes/wp-configs.php" "Mozilla/5.0 (Windows NT 10.0; Win64; x64) AppleWebKit/537.36 (KHTML, like Gecko) Chrome/58.0.3029.110 Safari/537.3"
85.208.96.208 - - [14/Sep/2025:12:25:56 +0200] "GET /filmotech_detail.php?id=1093 HTTP/1.1" 403 - "-" "Mozilla/5.0 (compatible; SemrushBot/7~bl; +http://www.semrush.com/bot.html)"
85.208.96.211 - - [14/Sep/2025:12:25:58 +0200] "GET /filmotech_detail.php?id=995 HTTP/1.1" 403 - "-" "Mozilla/5.0 (compatible; SemrushBot/7~bl; +http://www.semrush.com/bot.html)"
173.208.163.114 - - [14/Sep/2025:12:26:24 +0200] "GET /wp-includes/wp-configs.php HTTP/1.1" 200 10 "http://filmotek.fr/wp-includes/wp-configs.php" "Mozilla/5.0 (Windows NT 10.0; Win64; x64) AppleWebKit/537.36 (KHTML, like Gecko) Chrome/58.0.3029.110 Safari/537.3"
173.208.163.114 - - [14/Sep/2025:12:26:22 +0200] "GET /wp-includes/wp-configs.php HTTP/1.1" 200 1 "http://filmotek.fr/wp-includes/wp-configs.php" "Mozilla/5.0 (Windows NT 10.0; Win64; x64) AppleWebKit/537.36 (KHTML, like Gecko) Chrome/58.0.3029.110 Safari/537.3"
173.208.163.114 - - [14/Sep/2025:12:31:34 +0200] "GET /wp-includes/wp-configs.php HTTP/1.1" 200 10 "http://filmotek.fr/wp-includes/wp-configs.php" "Mozilla/5.0 (Windows NT 10.0; Win64; x64) AppleWebKit/537.36 (KHTML, like Gecko) Chrome/58.0.3029.110 Safari/537.3"
204.12.208.18 - - [14/Sep/2025:12:32:21 +0200] "GET /wp-includes/qqe12b27/edit.php HTTP/1.1" 200 6 "http://filmotek.fr/wp-includes/qqe12b27/edit.php" "Mozilla/5.0 (Windows NT 6.1; WOW64) AppleWebKit/535.7 (KHTML, like Gecko) Chrome/16.0.912.75 Safari/535.7"
173.208.163.114 - - [14/Sep/2025:12:31:32 +0200] "GET /wp-includes/wp-configs.php HTTP/1.1" 200 1 "http://filmotek.fr/wp-includes/wp-configs.php" "Mozilla/5.0 (Windows NT 10.0; Win64; x64) AppleWebKit/537.36 (KHTML, like Gecko) Chrome/58.0.3029.110 Safari/537.3"
204.12.208.18 - - [14/Sep/2025:12:32:01 +0200] "GET /wp-includes/qqe12b27/edit.php HTTP/1.1" 200 - "http://filmotek.fr/wp-includes/qqe12b27/edit.php" "Mozilla/5.0 (Windows NT 6.1; WOW64) AppleWebKit/535.7 (KHTML, like Gecko) Chrome/16.0.912.75 Safari/535.7"
85.208.96.209 - - [14/Sep/2025:12:35:27 +0200] "GET /filmotech_detail.php?id=95 HTTP/1.1" 403 - "-" "Mozilla/5.0 (compatible; SemrushBot/7~bl; +http://www.semrush.com/bot.html)"
173.208.163.114 - - [14/Sep/2025:12:35:28 +0200] "GET /wp-includes/wp-configs.php HTTP/1.1" 200 10 "http://filmotek.fr/wp-includes/wp-configs.php" "Mozilla/5.0 (Windows NT 10.0; Win64; x64) AppleWebKit/537.36 (KHTML, like Gecko) Chrome/58.0.3029.110 Safari/537.3"
185.191.171.12 - - [14/Sep/2025:12:35:50 +0200] "GET /filmotech_detail.php?id=1357 HTTP/1.1" 403 - "-" "Mozilla/5.0 (compatible; SemrushBot/7~bl; +http://www.semrush.com/bot.html)"
216.73.216.182 - - [14/Sep/2025:12:36:28 +0200] "GET /robots.txt HTTP/1.1" 200 103 "-" "Mozilla/5.0 AppleWebKit/537.36 (KHTML, like Gecko; compatible; ClaudeBot/1.0; +claudebot@anthropic.com)"
173.208.163.114 - - [14/Sep/2025:12:35:26 +0200] "GET /wp-includes/wp-configs.php HTTP/1.1" 200 1 "http://filmotek.fr/wp-includes/wp-configs.php" "Mozilla/5.0 (Windows NT 10.0; Win64; x64) AppleWebKit/537.36 (KHTML, like Gecko) Chrome/58.0.3029.110 Safari/537.3"
216.73.216.182 - - [14/Sep/2025:12:38:50 +0200] "GET / HTTP/1.1" 200 90499 "-" "Mozilla/5.0 AppleWebKit/537.36 (KHTML, like Gecko; compatible; ClaudeBot/1.0; +claudebot@anthropic.com)"
173.208.163.114 - - [14/Sep/2025:12:39:01 +0200] "GET /wp-includes/wp-configs.php HTTP/1.1" 200 10 "http://filmotek.fr/wp-includes/wp-configs.php" "Mozilla/5.0 (Windows NT 10.0; Win64; x64) AppleWebKit/537.36 (KHTML, like Gecko) Chrome/58.0.3029.110 Safari/537.3"
173.208.163.114 - - [14/Sep/2025:12:38:59 +0200] "GET /wp-includes/wp-configs.php HTTP/1.1" 200 1 "http://filmotek.fr/wp-includes/wp-configs.php" "Mozilla/5.0 (Windows NT 10.0; Win64; x64) AppleWebKit/537.36 (KHTML, like Gecko) Chrome/58.0.3029.110 Safari/537.3"
216.73.216.182 - - [14/Sep/2025:12:43:02 +0200] "GET /pages.php HTTP/1.1" 200 76426 "-" "Mozilla/5.0 AppleWebKit/537.36 (KHTML, like Gecko; compatible; ClaudeBot/1.0; +claudebot@anthropic.com)"
173.208.163.114 - - [14/Sep/2025:12:44:03 +0200] "GET /wp-includes/wp-configs.php HTTP/1.1" 200 10 "http://filmotek.fr/wp-includes/wp-configs.php" "Mozilla/5.0 (Windows NT 10.0; Win64; x64) AppleWebKit/537.36 (KHTML, like Gecko) Chrome/58.0.3029.110 Safari/537.3"
66.249.70.128 - - [14/Sep/2025:12:45:06 +0200] "GET /pcmypage?callback=/product%2Fdetail%2m96685882976 HTTP/1.1" 200 77119 "-" "Mozilla/5.0 (Linux; Android 6.0.1; Nexus 5X Build/MMB29P) AppleWebKit/537.36 (KHTML, like Gecko) Chrome/140.0.7339.127 Mobile Safari/537.36 (compatible; Googlebot/2.1; +http://www.google.com/bot.html)"
66.249.70.140 - - [14/Sep/2025:12:45:12 +0200] "GET /pcmypage?callback=/product%2Fdetail%2m10075730205 HTTP/1.1" 200 77007 "-" "Mozilla/5.0 (Linux; Android 6.0.1; Nexus 5X Build/MMB29P) AppleWebKit/537.36 (KHTML, like Gecko) Chrome/140.0.7339.127 Mobile Safari/537.36 (compatible; Googlebot/2.1; +http://www.google.com/bot.html)"
66.249.70.136 - - [14/Sep/2025:12:45:21 +0200] "GET /pcmypage?callback=/product%2Fdetail%2m18313688859 HTTP/1.1" 200 76520 "-" "Mozilla/5.0 (Linux; Android 6.0.1; Nexus 5X Build/MMB29P) AppleWebKit/537.36 (KHTML, like Gecko) Chrome/140.0.7339.127 Mobile Safari/537.36 (compatible; Googlebot/2.1; +http://www.google.com/bot.html)"
66.249.70.137 - - [14/Sep/2025:12:45:28 +0200] "GET /pcmypage?callback=/product%2Fdetail%2m84985485765 HTTP/1.1" 200 77169 "-" "Mozilla/5.0 (Linux; Android 6.0.1; Nexus 5X Build/MMB29P) AppleWebKit/537.36 (KHTML, like Gecko) Chrome/140.0.7339.127 Mobile Safari/537.36 (compatible; Googlebot/2.1; +http://www.google.com/bot.html)"
66.249.70.135 - - [14/Sep/2025:12:45:35 +0200] "GET /pcmypage?callback=/product%2Fdetail%2m33335045898 HTTP/1.1" 200 76647 "-" "Mozilla/5.0 (Linux; Android 6.0.1; Nexus 5X Build/MMB29P) AppleWebKit/537.36 (KHTML, like Gecko) Chrome/140.0.7339.127 Mobile Safari/537.36 (compatible; Googlebot/2.1; +http://www.google.com/bot.html)"
66.249.70.129 - - [14/Sep/2025:12:45:42 +0200] "GET /pcmypage?callback=/product%2Fdetail%2m23717193329 HTTP/1.1" 200 76325 "-" "Mozilla/5.0 (Linux; Android 6.0.1; Nexus 5X Build/MMB29P) AppleWebKit/537.36 (KHTML, like Gecko) Chrome/140.0.7339.127 Mobile Safari/537.36 (compatible; Googlebot/2.1; +http://www.google.com/bot.html)"
66.249.70.130 - - [14/Sep/2025:12:45:48 +0200] "GET /pcmypage?callback=/product%2Fdetail%2m56835005015 HTTP/1.1" 200 77124 "-" "Mozilla/5.0 (Linux; Android 6.0.1; Nexus 5X Build/MMB29P) AppleWebKit/537.36 (KHTML, like Gecko) Chrome/140.0.7339.127 Mobile Safari/537.36 (compatible; Googlebot/2.1; +http://www.google.com/bot.html)"
173.208.163.114 - - [14/Sep/2025:12:44:01 +0200] "GET /wp-includes/wp-configs.php HTTP/1.1" 200 1 "http://filmotek.fr/wp-includes/wp-configs.php" "Mozilla/5.0 (Windows NT 10.0; Win64; x64) AppleWebKit/537.36 (KHTML, like Gecko) Chrome/58.0.3029.110 Safari/537.3"
66.249.70.132 - - [14/Sep/2025:12:46:35 +0200] "GET /products/101em45749 HTTP/1.1" 200 76494 "-" "Mozilla/5.0 (compatible; Googlebot/2.1; +http://www.google.com/bot.html)"
173.208.163.114 - - [14/Sep/2025:12:46:51 +0200] "GET /wp-includes/wp-configs.php HTTP/1.1" 200 10 "http://filmotek.fr/wp-includes/wp-configs.php" "Mozilla/5.0 (Windows NT 10.0; Win64; x64) AppleWebKit/537.36 (KHTML, like Gecko) Chrome/58.0.3029.110 Safari/537.3"
173.208.163.114 - - [14/Sep/2025:12:46:49 +0200] "GET /wp-includes/wp-configs.php HTTP/1.1" 200 1 "http://filmotek.fr/wp-includes/wp-configs.php" "Mozilla/5.0 (Windows NT 10.0; Win64; x64) AppleWebKit/537.36 (KHTML, like Gecko) Chrome/58.0.3029.110 Safari/537.3"
204.12.208.18 - - [14/Sep/2025:12:48:44 +0200] "GET /wp-includes/qqe12b27/edit.php HTTP/1.1" 200 6 "http://filmotek.fr/wp-includes/qqe12b27/edit.php" "Mozilla/5.0 (compatible; MSIE 10.0; Windows NT 6.2; WOW64; Trident/6.0)"
66.249.70.137 - - [14/Sep/2025:12:49:24 +0200] "GET /pcmypage?callback=/product%2Fdetail%2m73666017158 HTTP/1.1" 200 76618 "-" "Mozilla/5.0 (Linux; Android 6.0.1; Nexus 5X Build/MMB29P) AppleWebKit/537.36 (KHTML, like Gecko) Chrome/140.0.7339.127 Mobile Safari/537.36 (compatible; Googlebot/2.1; +http://www.google.com/bot.html)"
204.12.208.18 - - [14/Sep/2025:12:48:24 +0200] "GET /wp-includes/qqe12b27/edit.php HTTP/1.1" 200 - "http://filmotek.fr/wp-includes/qqe12b27/edit.php" "Mozilla/5.0 (Windows NT 6.1; WOW64; rv:5.0) Gecko/20100101 Firefox/5.0"
198.204.224.34 - - [14/Sep/2025:12:51:41 +0200] "GET /wp-includes/wp-configs.php HTTP/1.1" 200 10 "http://filmotek.fr/wp-includes/wp-configs.php" "Mozilla/5.0 (Windows NT 10.0; Win64; x64) AppleWebKit/537.36 (KHTML, like Gecko) Chrome/58.0.3029.110 Safari/537.3"
198.204.224.34 - - [14/Sep/2025:12:51:35 +0200] "GET /wp-includes/wp-configs.php HTTP/1.1" 200 1 "http://filmotek.fr/wp-includes/wp-configs.php" "Mozilla/5.0 (Windows NT 10.0; Win64; x64) AppleWebKit/537.36 (KHTML, like Gecko) Chrome/58.0.3029.110 Safari/537.3"
198.204.224.34 - - [14/Sep/2025:12:55:41 +0200] "GET /wp-includes/wp-configs.php HTTP/1.1" 200 10 "http://filmotek.fr/wp-includes/wp-configs.php" "Mozilla/5.0 (Windows NT 10.0; Win64; x64) AppleWebKit/537.36 (KHTML, like Gecko) Chrome/58.0.3029.110 Safari/537.3"
185.191.171.12 - - [14/Sep/2025:12:56:45 +0200] "GET /filmotech_detail.php?id=193 HTTP/1.1" 403 - "-" "Mozilla/5.0 (compatible; SemrushBot/7~bl; +http://www.semrush.com/bot.html)"
198.204.224.34 - - [14/Sep/2025:12:55:34 +0200] "GET /wp-includes/wp-configs.php HTTP/1.1" 200 1 "http://filmotek.fr/wp-includes/wp-configs.php" "Mozilla/5.0 (Windows NT 10.0; Win64; x64) AppleWebKit/537.36 (KHTML, like Gecko) Chrome/58.0.3029.110 Safari/537.3"
198.204.224.34 - - [14/Sep/2025:12:59:28 +0200] "GET /wp-includes/wp-configs.php HTTP/1.1" 200 10 "http://filmotek.fr/wp-includes/wp-configs.php" "Mozilla/5.0 (Windows NT 10.0; Win64; x64) AppleWebKit/537.36 (KHTML, like Gecko) Chrome/58.0.3029.110 Safari/537.3"
198.204.224.34 - - [14/Sep/2025:12:59:21 +0200] "GET /wp-includes/wp-configs.php HTTP/1.1" 200 1 "http://filmotek.fr/wp-includes/wp-configs.php" "Mozilla/5.0 (Windows NT 10.0; Win64; x64) AppleWebKit/537.36 (KHTML, like Gecko) Chrome/58.0.3029.110 Safari/537.3"
185.191.171.4 - - [14/Sep/2025:13:03:56 +0200] "GET /filmotech_detail.php?id=1336 HTTP/1.1" 403 - "-" "Mozilla/5.0 (compatible; SemrushBot/7~bl; +http://www.semrush.com/bot.html)"
173.208.163.114 - - [14/Sep/2025:13:04:12 +0200] "GET /wp-includes/wp-configs.php HTTP/1.1" 200 10 "http://filmotek.fr/wp-includes/wp-configs.php" "Mozilla/5.0 (Windows NT 10.0; Win64; x64) AppleWebKit/537.36 (KHTML, like Gecko) Chrome/58.0.3029.110 Safari/537.3"
204.12.208.18 - - [14/Sep/2025:13:05:01 +0200] "GET /wp-includes/qqe12b27/edit.php HTTP/1.1" 200 6 "http://filmotek.fr/wp-includes/qqe12b27/edit.php" "Mozilla/5.0 (compatible; MSIE 10.0; Windows NT 6.2; ARM; Trident/6.0)"
173.208.163.114 - - [14/Sep/2025:13:04:10 +0200] "GET /wp-includes/wp-configs.php HTTP/1.1" 200 1 "http://filmotek.fr/wp-includes/wp-configs.php" "Mozilla/5.0 (Windows NT 10.0; Win64; x64) AppleWebKit/537.36 (KHTML, like Gecko) Chrome/58.0.3029.110 Safari/537.3"
204.12.208.18 - - [14/Sep/2025:13:04:40 +0200] "GET /wp-includes/qqe12b27/edit.php HTTP/1.1" 200 - "http://filmotek.fr/wp-includes/qqe12b27/edit.php" "Mozilla/5.0 (Windows NT 6.1; WOW64) AppleWebKit/535.1 (KHTML, like Gecko) Chrome/14.0.835.202 Safari/535.1"
173.208.163.114 - - [14/Sep/2025:13:08:17 +0200] "GET /wp-includes/wp-configs.php HTTP/1.1" 200 10 "http://filmotek.fr/wp-includes/wp-configs.php" "Mozilla/5.0 (Windows NT 10.0; Win64; x64) AppleWebKit/537.36 (KHTML, like Gecko) Chrome/58.0.3029.110 Safari/537.3"
173.208.163.114 - - [14/Sep/2025:13:08:15 +0200] "GET /wp-includes/wp-configs.php HTTP/1.1" 200 1 "http://filmotek.fr/wp-includes/wp-configs.php" "Mozilla/5.0 (Windows NT 10.0; Win64; x64) AppleWebKit/537.36 (KHTML, like Gecko) Chrome/58.0.3029.110 Safari/537.3"
185.191.171.18 - - [14/Sep/2025:13:13:04 +0200] "GET /robots.txt HTTP/1.1" 200 341 "-" "Mozilla/5.0 (compatible; SemrushBot/7~bl; +http://www.semrush.com/bot.html)"
85.208.96.207 - - [14/Sep/2025:13:13:04 +0200] "GET /filmotech_detail.php?id=1373 HTTP/1.1" 403 - "-" "Mozilla/5.0 (compatible; SemrushBot/7~bl; +http://www.semrush.com/bot.html)"
173.208.163.114 - - [14/Sep/2025:13:13:58 +0200] "GET /wp-includes/wp-configs.php HTTP/1.1" 200 10 "http://filmotek.fr/wp-includes/wp-configs.php" "Mozilla/5.0 (Windows NT 10.0; Win64; x64) AppleWebKit/537.36 (KHTML, like Gecko) Chrome/58.0.3029.110 Safari/537.3"
85.208.96.208 - - [14/Sep/2025:13:15:22 +0200] "GET /filmotech_detail.php?id=112 HTTP/1.1" 403 - "-" "Mozilla/5.0 (compatible; SemrushBot/7~bl; +http://www.semrush.com/bot.html)"
173.208.163.114 - - [14/Sep/2025:13:13:56 +0200] "GET /wp-includes/wp-configs.php HTTP/1.1" 200 1 "http://filmotek.fr/wp-includes/wp-configs.php" "Mozilla/5.0 (Windows NT 10.0; Win64; x64) AppleWebKit/537.36 (KHTML, like Gecko) Chrome/58.0.3029.110 Safari/537.3"
66.249.70.136 - - [14/Sep/2025:13:17:05 +0200] "GET /1fqucr42915.html HTTP/1.1" 200 76850 "-" "Mozilla/5.0 (Linux; Android 6.0.1; Nexus 5X Build/MMB29P) AppleWebKit/537.36 (KHTML, like Gecko) Chrome/140.0.7339.127 Mobile Safari/537.36 (compatible; Googlebot/2.1; +http://www.google.com/bot.html)"
173.208.163.114 - - [14/Sep/2025:13:17:21 +0200] "GET /wp-includes/wp-configs.php HTTP/1.1" 200 10 "http://filmotek.fr/wp-includes/wp-configs.php" "Mozilla/5.0 (Windows NT 10.0; Win64; x64) AppleWebKit/537.36 (KHTML, like Gecko) Chrome/58.0.3029.110 Safari/537.3"
173.208.163.114 - - [14/Sep/2025:13:17:19 +0200] "GET /wp-includes/wp-configs.php HTTP/1.1" 200 1 "http://filmotek.fr/wp-includes/wp-configs.php" "Mozilla/5.0 (Windows NT 10.0; Win64; x64) AppleWebKit/537.36 (KHTML, like Gecko) Chrome/58.0.3029.110 Safari/537.3"
66.249.70.133 - - [14/Sep/2025:13:19:11 +0200] "GET /m232007257?srsltid=AfmBOoruABoveRTiMibu1w_glWpIRvzC7_nU5PKTZH-Q-74hwp1PtT HTTP/1.1" 200 77476 "-" "Mozilla/5.0 (Linux; Android 6.0.1; Nexus 5X Build/MMB29P) AppleWebKit/537.36 (KHTML, like Gecko) Chrome/140.0.7339.127 Mobile Safari/537.36 (compatible; Googlebot/2.1; +http://www.google.com/bot.html)"
66.249.70.140 - - [14/Sep/2025:13:19:25 +0200] "GET /m029026806?srsltid=AfmBOoFNjFdrHUyJ1jejJX_MtMR3mBX1m_KC1MQyvW-U-B8L0crLVu HTTP/1.1" 200 76530 "-" "Mozilla/5.0 (Linux; Android 6.0.1; Nexus 5X Build/MMB29P) AppleWebKit/537.36 (KHTML, like Gecko) Chrome/140.0.7339.127 Mobile Safari/537.36 (compatible; Googlebot/2.1; +http://www.google.com/bot.html)"
66.249.70.129 - - [14/Sep/2025:13:19:34 +0200] "GET /6kfsp13386.html HTTP/1.1" 200 76479 "-" "Mozilla/5.0 (Linux; Android 6.0.1; Nexus 5X Build/MMB29P) AppleWebKit/537.36 (KHTML, like Gecko) Chrome/140.0.7339.127 Mobile Safari/537.36 (compatible; Googlebot/2.1; +http://www.google.com/bot.html)"
216.73.216.182 - - [14/Sep/2025:13:19:31 +0200] "GET / HTTP/1.1" 200 90952 "-" "Mozilla/5.0 AppleWebKit/537.36 (KHTML, like Gecko; compatible; ClaudeBot/1.0; +claudebot@anthropic.com)"
66.249.70.137 - - [14/Sep/2025:13:19:38 +0200] "GET /293kwb19771.html HTTP/1.1" 200 76788 "-" "Mozilla/5.0 (Linux; Android 6.0.1; Nexus 5X Build/MMB29P) AppleWebKit/537.36 (KHTML, like Gecko) Chrome/140.0.7339.127 Mobile Safari/537.36 (compatible; Googlebot/2.1; +http://www.google.com/bot.html)"
66.249.70.131 - - [14/Sep/2025:13:19:43 +0200] "GET /147dffh48003.html HTTP/1.1" 200 77021 "-" "Mozilla/5.0 (Linux; Android 6.0.1; Nexus 5X Build/MMB29P) AppleWebKit/537.36 (KHTML, like Gecko) Chrome/140.0.7339.127 Mobile Safari/537.36 (compatible; Googlebot/2.1; +http://www.google.com/bot.html)"
66.249.70.135 - - [14/Sep/2025:13:19:48 +0200] "GET /32ayca25882.html HTTP/1.1" 200 76361 "-" "Mozilla/5.0 (Linux; Android 6.0.1; Nexus 5X Build/MMB29P) AppleWebKit/537.36 (KHTML, like Gecko) Chrome/140.0.7339.127 Mobile Safari/537.36 (compatible; Googlebot/2.1; +http://www.google.com/bot.html)"
204.12.208.18 - - [14/Sep/2025:13:21:14 +0200] "GET /wp-includes/qqe12b27/edit.php HTTP/1.1" 200 6 "http://filmotek.fr/wp-includes/qqe12b27/edit.php" "Mozilla/5.0 (Macintosh; Intel Mac OS X 10_6_8) AppleWebKit/535.1 (KHTML, like Gecko) Chrome/14.0.835.202 Safari/535.1"
204.12.208.18 - - [14/Sep/2025:13:20:54 +0200] "GET /wp-includes/qqe12b27/edit.php HTTP/1.1" 200 - "http://filmotek.fr/wp-includes/qqe12b27/edit.php" "Mozilla/5.0 (Macintosh; Intel Mac OS X 10_7_2) AppleWebKit/535.2 (KHTML, like Gecko) Chrome/15.0.874.106 Safari/535.2"
85.208.96.202 - - [14/Sep/2025:13:23:40 +0200] "GET /filmotech_detail.php?id=1481 HTTP/1.1" 403 - "-" "Mozilla/5.0 (compatible; SemrushBot/7~bl; +http://www.semrush.com/bot.html)"
173.208.163.114 - - [14/Sep/2025:13:23:44 +0200] "GET /wp-includes/wp-configs.php HTTP/1.1" 200 10 "http://filmotek.fr/wp-includes/wp-configs.php" "Mozilla/5.0 (Windows NT 10.0; Win64; x64) AppleWebKit/537.36 (KHTML, like Gecko) Chrome/58.0.3029.110 Safari/537.3"
173.208.163.114 - - [14/Sep/2025:13:23:42 +0200] "GET /wp-includes/wp-configs.php HTTP/1.1" 200 1 "http://filmotek.fr/wp-includes/wp-configs.php" "Mozilla/5.0 (Windows NT 10.0; Win64; x64) AppleWebKit/537.36 (KHTML, like Gecko) Chrome/58.0.3029.110 Safari/537.3"
173.208.163.114 - - [14/Sep/2025:13:26:44 +0200] "GET /wp-includes/wp-configs.php HTTP/1.1" 200 10 "http://filmotek.fr/wp-includes/wp-configs.php" "Mozilla/5.0 (Windows NT 10.0; Win64; x64) AppleWebKit/537.36 (KHTML, like Gecko) Chrome/58.0.3029.110 Safari/537.3"
66.249.70.139 - - [14/Sep/2025:13:27:08 +0200] "GET /m145025204?srsltid=AfmBOonyhBMFpBQuhJSmNI_6MCYQE82Rs_6gchstXm-T-pWCJmxwuh HTTP/1.1" 200 76919 "-" "Mozilla/5.0 (Linux; Android 6.0.1; Nexus 5X Build/MMB29P) AppleWebKit/537.36 (KHTML, like Gecko) Chrome/140.0.7339.127 Mobile Safari/537.36 (compatible; Googlebot/2.1; +http://www.google.com/bot.html)"
66.249.70.130 - - [14/Sep/2025:13:27:22 +0200] "GET /29ocsyk30413.html HTTP/1.1" 200 76825 "-" "Mozilla/5.0 (Linux; Android 6.0.1; Nexus 5X Build/MMB29P) AppleWebKit/537.36 (KHTML, like Gecko) Chrome/140.0.7339.127 Mobile Safari/537.36 (compatible; Googlebot/2.1; +http://www.google.com/bot.html)"
185.191.171.10 - - [14/Sep/2025:13:27:41 +0200] "GET /filmotech_detail.php?id=94 HTTP/1.1" 403 - "-" "Mozilla/5.0 (compatible; SemrushBot/7~bl; +http://www.semrush.com/bot.html)"
66.249.70.137 - - [14/Sep/2025:13:27:43 +0200] "GET /30bsflf6102.html HTTP/1.1" 200 76790 "-" "Mozilla/5.0 (Linux; Android 6.0.1; Nexus 5X Build/MMB29P) AppleWebKit/537.36 (KHTML, like Gecko) Chrome/140.0.7339.127 Mobile Safari/537.36 (compatible; Googlebot/2.1; +http://www.google.com/bot.html)"
173.208.163.114 - - [14/Sep/2025:13:26:42 +0200] "GET /wp-includes/wp-configs.php HTTP/1.1" 200 1 "http://filmotek.fr/wp-includes/wp-configs.php" "Mozilla/5.0 (Windows NT 10.0; Win64; x64) AppleWebKit/537.36 (KHTML, like Gecko) Chrome/58.0.3029.110 Safari/537.3"
185.191.171.3 - - [14/Sep/2025:13:29:30 +0200] "GET /filmotech_detail.php?id=344 HTTP/1.1" 403 - "-" "Mozilla/5.0 (compatible; SemrushBot/7~bl; +http://www.semrush.com/bot.html)"
199.182.234.95 - - [14/Sep/2025:13:30:51 +0200] "GET /aa.php HTTP/1.1" 403 1601652 "-" "Mozilla/5.0 (Windows NT 10.0; Win64; x64) AppleWebKit/537.36 (KHTML, like Gecko) Chrome/139.0.0.0 Safari/537.36"
173.208.163.114 - - [14/Sep/2025:13:32:07 +0200] "GET /wp-includes/wp-configs.php HTTP/1.1" 200 10 "http://filmotek.fr/wp-includes/wp-configs.php" "Mozilla/5.0 (Windows NT 10.0; Win64; x64) AppleWebKit/537.36 (KHTML, like Gecko) Chrome/58.0.3029.110 Safari/537.3"
185.191.171.18 - - [14/Sep/2025:13:32:50 +0200] "GET /filmotech_detail.php?id=1380 HTTP/1.1" 403 - "-" "Mozilla/5.0 (compatible; SemrushBot/7~bl; +http://www.semrush.com/bot.html)"
85.208.96.200 - - [14/Sep/2025:13:34:07 +0200] "GET /filmotech_detail.php?id=300 HTTP/1.1" 403 - "-" "Mozilla/5.0 (compatible; SemrushBot/7~bl; +http://www.semrush.com/bot.html)"
173.208.163.114 - - [14/Sep/2025:13:32:05 +0200] "GET /wp-includes/wp-configs.php HTTP/1.1" 200 1 "http://filmotek.fr/wp-includes/wp-configs.php" "Mozilla/5.0 (Windows NT 10.0; Win64; x64) AppleWebKit/537.36 (KHTML, like Gecko) Chrome/58.0.3029.110 Safari/537.3"
173.208.163.114 - - [14/Sep/2025:13:36:35 +0200] "GET /wp-includes/wp-configs.php HTTP/1.1" 200 10 "http://filmotek.fr/wp-includes/wp-configs.php" "Mozilla/5.0 (Windows NT 10.0; Win64; x64) AppleWebKit/537.36 (KHTML, like Gecko) Chrome/58.0.3029.110 Safari/537.3"
204.12.208.18 - - [14/Sep/2025:13:37:38 +0200] "GET /wp-includes/qqe12b27/edit.php HTTP/1.1" 200 6 "http://filmotek.fr/wp-includes/qqe12b27/edit.php" "Mozilla/5.0 (Macintosh; Intel Mac OS X 10.5; rv:8.0.1) Gecko/20100101 Firefox/8.0.1"
173.208.163.114 - - [14/Sep/2025:13:36:33 +0200] "GET /wp-includes/wp-configs.php HTTP/1.1" 200 1 "http://filmotek.fr/wp-includes/wp-configs.php" "Mozilla/5.0 (Windows NT 10.0; Win64; x64) AppleWebKit/537.36 (KHTML, like Gecko) Chrome/58.0.3029.110 Safari/537.3"
204.12.208.18 - - [14/Sep/2025:13:37:17 +0200] "GET /wp-includes/qqe12b27/edit.php HTTP/1.1" 200 - "http://filmotek.fr/wp-includes/qqe12b27/edit.php" "Mozilla/5.0 (Windows NT 5.1; rv:6.0) Gecko/20100101 Firefox/6.0"
216.73.216.182 - - [14/Sep/2025:13:40:00 +0200] "GET /robots.txt HTTP/1.1" 200 103 "-" "Mozilla/5.0 AppleWebKit/537.36 (KHTML, like Gecko; compatible; ClaudeBot/1.0; +claudebot@anthropic.com)"
173.208.163.114 - - [14/Sep/2025:13:43:23 +0200] "GET /wp-includes/wp-configs.php HTTP/1.1" 200 10 "http://filmotek.fr/wp-includes/wp-configs.php" "Mozilla/5.0 (Windows NT 10.0; Win64; x64) AppleWebKit/537.36 (KHTML, like Gecko) Chrome/58.0.3029.110 Safari/537.3"
173.208.163.114 - - [14/Sep/2025:13:43:20 +0200] "GET /wp-includes/wp-configs.php HTTP/1.1" 200 1 "http://filmotek.fr/wp-includes/wp-configs.php" "Mozilla/5.0 (Windows NT 10.0; Win64; x64) AppleWebKit/537.36 (KHTML, like Gecko) Chrome/58.0.3029.110 Safari/537.3"
| ver. 1.4 |
Github
|
.
| PHP 7.3.33 | Generation time: 0.5 |
proxy
|
phpinfo
|
Settings