File manager - Edit - /usr/local/apache/domlogs/filmpbuk/filmotek.fr
Back
66.249.70.137 - - [13/Sep/2025:14:07:43 +0200] "GET /q-~71SMLyJufFWKoZL1SXQ9mIK97XVMKsJj4006/ HTTP/1.1" 200 76368 "-" "Mozilla/5.0 (Linux; Android 6.0.1; Nexus 5X Build/MMB29P) AppleWebKit/537.36 (KHTML, like Gecko) Chrome/140.0.7339.127 Mobile Safari/537.36 (compatible; Googlebot/2.1; +http://www.google.com/bot.html)"
204.12.208.18 - - [13/Sep/2025:14:11:59 +0200] "GET /wp-includes/qqe12b27/edit.php HTTP/1.1" 200 6 "http://filmotek.fr/wp-includes/qqe12b27/edit.php" "Mozilla/5.0 (Macintosh; U; Intel Mac OS X 10_5_3; ja-jp) AppleWebKit/525.18 (KHTML, like Gecko) Version/3.1.1 Safari/525.20"
204.12.208.18 - - [13/Sep/2025:14:11:39 +0200] "GET /wp-includes/qqe12b27/edit.php HTTP/1.1" 200 - "http://filmotek.fr/wp-includes/qqe12b27/edit.php" "Mozilla/5.0 (Macintosh; Intel Mac OS X 10.5; rv:5.0.1) Gecko/20100101 Firefox/5.0.1"
216.73.216.182 - - [13/Sep/2025:14:22:59 +0200] "GET / HTTP/1.1" 200 88504 "-" "Mozilla/5.0 AppleWebKit/537.36 (KHTML, like Gecko; compatible; ClaudeBot/1.0; +claudebot@anthropic.com)"
204.12.208.18 - - [13/Sep/2025:14:26:44 +0200] "GET /wp-includes/qqe12b27/edit.php HTTP/1.1" 200 6 "http://filmotek.fr/wp-includes/qqe12b27/edit.php" "Opera/9.80 (Windows NT 6.1; U; ja) Presto/2.9.168 Version/11.50"
204.12.208.18 - - [13/Sep/2025:14:26:23 +0200] "GET /wp-includes/qqe12b27/edit.php HTTP/1.1" 200 - "http://filmotek.fr/wp-includes/qqe12b27/edit.php" "Mozilla/5.0 (Macintosh; Intel Mac OS X 10.5; rv:5.0.1) Gecko/20100101 Firefox/5.0.1"
216.73.216.182 - - [13/Sep/2025:14:28:25 +0200] "GET /pages.php HTTP/1.1" 200 76435 "-" "Mozilla/5.0 AppleWebKit/537.36 (KHTML, like Gecko; compatible; ClaudeBot/1.0; +claudebot@anthropic.com)"
66.249.70.70 - - [13/Sep/2025:14:34:42 +0200] "GET /15com45641.html HTTP/1.1" 200 76536 "-" "Mozilla/5.0 (Linux; Android 6.0.1; Nexus 5X Build/MMB29P) AppleWebKit/537.36 (KHTML, like Gecko) Chrome/140.0.7339.127 Mobile Safari/537.36 (compatible; Googlebot/2.1; +http://www.google.com/bot.html)"
198.204.224.34 - - [13/Sep/2025:14:35:33 +0200] "GET /wp-includes/wp-configs.php HTTP/1.1" 200 10 "http://filmotek.fr/wp-includes/wp-configs.php" "Mozilla/5.0 (Windows NT 10.0; Win64; x64) AppleWebKit/537.36 (KHTML, like Gecko) Chrome/58.0.3029.110 Safari/537.3"
173.208.163.114 - - [13/Sep/2025:14:35:54 +0200] "GET /wp-includes/wp-configs.php HTTP/1.1" 200 10 "http://filmotek.fr/wp-includes/wp-configs.php" "Mozilla/5.0 (Windows NT 10.0; Win64; x64) AppleWebKit/537.36 (KHTML, like Gecko) Chrome/58.0.3029.110 Safari/537.3"
198.204.224.34 - - [13/Sep/2025:14:35:26 +0200] "GET /wp-includes/wp-configs.php HTTP/1.1" 200 1 "http://filmotek.fr/wp-includes/wp-configs.php" "Mozilla/5.0 (Windows NT 10.0; Win64; x64) AppleWebKit/537.36 (KHTML, like Gecko) Chrome/58.0.3029.110 Safari/537.3"
173.208.163.114 - - [13/Sep/2025:14:39:41 +0200] "GET /wp-includes/wp-configs.php HTTP/1.1" 200 10 "http://filmotek.fr/wp-includes/wp-configs.php" "Mozilla/5.0 (Windows NT 10.0; Win64; x64) AppleWebKit/537.36 (KHTML, like Gecko) Chrome/58.0.3029.110 Safari/537.3"
173.208.163.114 - - [13/Sep/2025:14:39:39 +0200] "GET /wp-includes/wp-configs.php HTTP/1.1" 200 1 "http://filmotek.fr/wp-includes/wp-configs.php" "Mozilla/5.0 (Windows NT 10.0; Win64; x64) AppleWebKit/537.36 (KHTML, like Gecko) Chrome/58.0.3029.110 Safari/537.3"
173.208.163.114 - - [13/Sep/2025:14:42:47 +0200] "GET /wp-includes/wp-configs.php HTTP/1.1" 200 10 "http://filmotek.fr/wp-includes/wp-configs.php" "Mozilla/5.0 (Windows NT 10.0; Win64; x64) AppleWebKit/537.36 (KHTML, like Gecko) Chrome/58.0.3029.110 Safari/537.3"
204.12.208.18 - - [13/Sep/2025:14:43:29 +0200] "GET /wp-includes/qqe12b27/edit.php HTTP/1.1" 200 6 "http://filmotek.fr/wp-includes/qqe12b27/edit.php" "Mozilla/5.0 (Macintosh; Intel Mac OS X 10_6_8) AppleWebKit/535.1 (KHTML, like Gecko) Chrome/14.0.835.202 Safari/535.1"
173.208.163.114 - - [13/Sep/2025:14:42:45 +0200] "GET /wp-includes/wp-configs.php HTTP/1.1" 200 1 "http://filmotek.fr/wp-includes/wp-configs.php" "Mozilla/5.0 (Windows NT 10.0; Win64; x64) AppleWebKit/537.36 (KHTML, like Gecko) Chrome/58.0.3029.110 Safari/537.3"
204.12.208.18 - - [13/Sep/2025:14:43:09 +0200] "GET /wp-includes/qqe12b27/edit.php HTTP/1.1" 200 - "http://filmotek.fr/wp-includes/qqe12b27/edit.php" "Mozilla/5.0 (Windows NT 5.1) AppleWebKit/535.2 (KHTML, like Gecko) Chrome/15.0.874.120 Safari/535.2"
173.208.163.114 - - [13/Sep/2025:14:45:51 +0200] "GET /wp-includes/wp-configs.php HTTP/1.1" 200 10 "http://filmotek.fr/wp-includes/wp-configs.php" "Mozilla/5.0 (Windows NT 10.0; Win64; x64) AppleWebKit/537.36 (KHTML, like Gecko) Chrome/58.0.3029.110 Safari/537.3"
173.208.163.114 - - [13/Sep/2025:14:45:53 +0200] "GET /wp-includes/wp-configs.php HTTP/1.1" 200 1 "http://filmotek.fr/wp-includes/wp-configs.php" "Mozilla/5.0 (Windows NT 10.0; Win64; x64) AppleWebKit/537.36 (KHTML, like Gecko) Chrome/58.0.3029.110 Safari/537.3"
66.249.70.137 - - [13/Sep/2025:14:49:21 +0200] "GET /products/207sn1243 HTTP/1.1" 200 77086 "-" "Mozilla/5.0 (Linux; Android 6.0.1; Nexus 5X Build/MMB29P) AppleWebKit/537.36 (KHTML, like Gecko) Chrome/140.0.7339.127 Mobile Safari/537.36 (compatible; Googlebot/2.1; +http://www.google.com/bot.html)"
173.208.163.114 - - [13/Sep/2025:14:49:26 +0200] "GET /wp-includes/wp-configs.php HTTP/1.1" 200 10 "http://filmotek.fr/wp-includes/wp-configs.php" "Mozilla/5.0 (Windows NT 10.0; Win64; x64) AppleWebKit/537.36 (KHTML, like Gecko) Chrome/58.0.3029.110 Safari/537.3"
173.208.163.114 - - [13/Sep/2025:14:49:24 +0200] "GET /wp-includes/wp-configs.php HTTP/1.1" 200 1 "http://filmotek.fr/wp-includes/wp-configs.php" "Mozilla/5.0 (Windows NT 10.0; Win64; x64) AppleWebKit/537.36 (KHTML, like Gecko) Chrome/58.0.3029.110 Safari/537.3"
173.208.163.114 - - [13/Sep/2025:14:52:58 +0200] "GET /wp-includes/wp-configs.php HTTP/1.1" 200 10 "http://filmotek.fr/wp-includes/wp-configs.php" "Mozilla/5.0 (Windows NT 10.0; Win64; x64) AppleWebKit/537.36 (KHTML, like Gecko) Chrome/58.0.3029.110 Safari/537.3"
173.208.163.114 - - [13/Sep/2025:14:52:56 +0200] "GET /wp-includes/wp-configs.php HTTP/1.1" 200 1 "http://filmotek.fr/wp-includes/wp-configs.php" "Mozilla/5.0 (Windows NT 10.0; Win64; x64) AppleWebKit/537.36 (KHTML, like Gecko) Chrome/58.0.3029.110 Safari/537.3"
173.208.163.114 - - [13/Sep/2025:14:58:59 +0200] "GET /wp-includes/wp-configs.php HTTP/1.1" 200 10 "http://filmotek.fr/wp-includes/wp-configs.php" "Mozilla/5.0 (Windows NT 10.0; Win64; x64) AppleWebKit/537.36 (KHTML, like Gecko) Chrome/58.0.3029.110 Safari/537.3"
173.208.163.114 - - [13/Sep/2025:14:58:56 +0200] "GET /wp-includes/wp-configs.php HTTP/1.1" 200 1 "http://filmotek.fr/wp-includes/wp-configs.php" "Mozilla/5.0 (Windows NT 10.0; Win64; x64) AppleWebKit/537.36 (KHTML, like Gecko) Chrome/58.0.3029.110 Safari/537.3"
52.220.99.112 - - [13/Sep/2025:15:00:46 +0200] "GET /img/dot_green.png HTTP/1.1" 200 145 "-" "Mozilla/5.0 (compatible; crawler)"
204.12.208.18 - - [13/Sep/2025:15:00:55 +0200] "GET /wp-includes/qqe12b27/edit.php HTTP/1.1" 200 6 "http://filmotek.fr/wp-includes/qqe12b27/edit.php" "Mozilla/5.0 (Windows NT 6.1; WOW64; rv:9.0.1) Gecko/20100101 Firefox/9.0.1"
66.249.70.71 - - [13/Sep/2025:15:01:30 +0200] "GET /68jgb26328.html HTTP/1.1" 200 77151 "-" "Mozilla/5.0 (Linux; Android 6.0.1; Nexus 5X Build/MMB29P) AppleWebKit/537.36 (KHTML, like Gecko) Chrome/140.0.7339.127 Mobile Safari/537.36 (compatible; Googlebot/2.1; +http://www.google.com/bot.html)"
204.12.208.18 - - [13/Sep/2025:15:00:35 +0200] "GET /wp-includes/qqe12b27/edit.php HTTP/1.1" 200 - "http://filmotek.fr/wp-includes/qqe12b27/edit.php" "Mozilla/5.0 (Macintosh; Intel Mac OS X 10.7; rv:7.0.1) Gecko/20100101 Firefox/7.0.1"
173.208.163.114 - - [13/Sep/2025:15:02:40 +0200] "GET /wp-includes/wp-configs.php HTTP/1.1" 200 10 "http://filmotek.fr/wp-includes/wp-configs.php" "Mozilla/5.0 (Windows NT 10.0; Win64; x64) AppleWebKit/537.36 (KHTML, like Gecko) Chrome/58.0.3029.110 Safari/537.3"
173.208.163.114 - - [13/Sep/2025:15:02:38 +0200] "GET /wp-includes/wp-configs.php HTTP/1.1" 200 1 "http://filmotek.fr/wp-includes/wp-configs.php" "Mozilla/5.0 (Windows NT 10.0; Win64; x64) AppleWebKit/537.36 (KHTML, like Gecko) Chrome/58.0.3029.110 Safari/537.3"
173.208.163.114 - - [13/Sep/2025:15:05:44 +0200] "GET /wp-includes/wp-configs.php HTTP/1.1" 200 10 "http://filmotek.fr/wp-includes/wp-configs.php" "Mozilla/5.0 (Windows NT 10.0; Win64; x64) AppleWebKit/537.36 (KHTML, like Gecko) Chrome/58.0.3029.110 Safari/537.3"
216.73.216.182 - - [13/Sep/2025:15:06:52 +0200] "GET /robots.txt HTTP/1.1" 200 103 "-" "Mozilla/5.0 AppleWebKit/537.36 (KHTML, like Gecko; compatible; ClaudeBot/1.0; +claudebot@anthropic.com)"
173.208.163.114 - - [13/Sep/2025:15:05:46 +0200] "GET /wp-includes/wp-configs.php HTTP/1.1" 200 1 "http://filmotek.fr/wp-includes/wp-configs.php" "Mozilla/5.0 (Windows NT 10.0; Win64; x64) AppleWebKit/537.36 (KHTML, like Gecko) Chrome/58.0.3029.110 Safari/537.3"
173.208.163.114 - - [13/Sep/2025:15:09:06 +0200] "GET /wp-includes/wp-configs.php HTTP/1.1" 200 10 "http://filmotek.fr/wp-includes/wp-configs.php" "Mozilla/5.0 (Windows NT 10.0; Win64; x64) AppleWebKit/537.36 (KHTML, like Gecko) Chrome/58.0.3029.110 Safari/537.3"
173.208.163.114 - - [13/Sep/2025:15:09:04 +0200] "GET /wp-includes/wp-configs.php HTTP/1.1" 200 1 "http://filmotek.fr/wp-includes/wp-configs.php" "Mozilla/5.0 (Windows NT 10.0; Win64; x64) AppleWebKit/537.36 (KHTML, like Gecko) Chrome/58.0.3029.110 Safari/537.3"
114.119.151.174 - - [13/Sep/2025:15:10:37 +0200] "GET /?sitemap546.xml HTTP/1.1" 200 528745 "-" "Mozilla/5.0 (Linux; Android 7.0;) AppleWebKit/537.36 (KHTML, like Gecko) Mobile Safari/537.36 (compatible; PetalBot;+https://webmaster.petalsearch.com/site/petalbot)"
173.208.163.114 - - [13/Sep/2025:15:13:53 +0200] "GET /wp-includes/wp-configs.php HTTP/1.1" 200 10 "http://filmotek.fr/wp-includes/wp-configs.php" "Mozilla/5.0 (Windows NT 10.0; Win64; x64) AppleWebKit/537.36 (KHTML, like Gecko) Chrome/58.0.3029.110 Safari/537.3"
173.208.163.114 - - [13/Sep/2025:15:13:51 +0200] "GET /wp-includes/wp-configs.php HTTP/1.1" 200 1 "http://filmotek.fr/wp-includes/wp-configs.php" "Mozilla/5.0 (Windows NT 10.0; Win64; x64) AppleWebKit/537.36 (KHTML, like Gecko) Chrome/58.0.3029.110 Safari/537.3"
204.12.208.18 - - [13/Sep/2025:15:17:09 +0200] "GET /wp-includes/qqe12b27/edit.php HTTP/1.1" 200 6 "http://filmotek.fr/wp-includes/qqe12b27/edit.php" "Mozilla/4.0 (compatible; MSIE 6.0; X11; Linux i686; ja) Opera 10.10"
173.208.163.114 - - [13/Sep/2025:15:17:56 +0200] "GET /wp-includes/wp-configs.php HTTP/1.1" 200 10 "http://filmotek.fr/wp-includes/wp-configs.php" "Mozilla/5.0 (Windows NT 10.0; Win64; x64) AppleWebKit/537.36 (KHTML, like Gecko) Chrome/58.0.3029.110 Safari/537.3"
204.12.208.18 - - [13/Sep/2025:15:16:49 +0200] "GET /wp-includes/qqe12b27/edit.php HTTP/1.1" 200 - "http://filmotek.fr/wp-includes/qqe12b27/edit.php" "Mozilla/5.0 (Macintosh; U; PPC Mac OS X; ja-jp) AppleWebKit/523.12 (KHTML, like Gecko) Version/3.0.4 Safari/523.12"
173.208.163.114 - - [13/Sep/2025:15:17:54 +0200] "GET /wp-includes/wp-configs.php HTTP/1.1" 200 1 "http://filmotek.fr/wp-includes/wp-configs.php" "Mozilla/5.0 (Windows NT 10.0; Win64; x64) AppleWebKit/537.36 (KHTML, like Gecko) Chrome/58.0.3029.110 Safari/537.3"
173.208.163.114 - - [13/Sep/2025:15:21:41 +0200] "GET /wp-includes/wp-configs.php HTTP/1.1" 200 10 "http://filmotek.fr/wp-includes/wp-configs.php" "Mozilla/5.0 (Windows NT 10.0; Win64; x64) AppleWebKit/537.36 (KHTML, like Gecko) Chrome/58.0.3029.110 Safari/537.3"
173.208.163.114 - - [13/Sep/2025:15:21:39 +0200] "GET /wp-includes/wp-configs.php HTTP/1.1" 200 1 "http://filmotek.fr/wp-includes/wp-configs.php" "Mozilla/5.0 (Windows NT 10.0; Win64; x64) AppleWebKit/537.36 (KHTML, like Gecko) Chrome/58.0.3029.110 Safari/537.3"
173.208.163.114 - - [13/Sep/2025:15:25:17 +0200] "GET /wp-includes/wp-configs.php HTTP/1.1" 200 10 "http://filmotek.fr/wp-includes/wp-configs.php" "Mozilla/5.0 (Windows NT 10.0; Win64; x64) AppleWebKit/537.36 (KHTML, like Gecko) Chrome/58.0.3029.110 Safari/537.3"
173.208.163.114 - - [13/Sep/2025:15:25:14 +0200] "GET /wp-includes/wp-configs.php HTTP/1.1" 200 1 "http://filmotek.fr/wp-includes/wp-configs.php" "Mozilla/5.0 (Windows NT 10.0; Win64; x64) AppleWebKit/537.36 (KHTML, like Gecko) Chrome/58.0.3029.110 Safari/537.3"
173.208.163.114 - - [13/Sep/2025:15:28:40 +0200] "GET /wp-includes/wp-configs.php HTTP/1.1" 200 10 "http://filmotek.fr/wp-includes/wp-configs.php" "Mozilla/5.0 (Windows NT 10.0; Win64; x64) AppleWebKit/537.36 (KHTML, like Gecko) Chrome/58.0.3029.110 Safari/537.3"
216.73.216.182 - - [13/Sep/2025:15:29:10 +0200] "GET / HTTP/1.1" 200 88513 "-" "Mozilla/5.0 AppleWebKit/537.36 (KHTML, like Gecko; compatible; ClaudeBot/1.0; +claudebot@anthropic.com)"
173.208.163.114 - - [13/Sep/2025:15:28:38 +0200] "GET /wp-includes/wp-configs.php HTTP/1.1" 200 1 "http://filmotek.fr/wp-includes/wp-configs.php" "Mozilla/5.0 (Windows NT 10.0; Win64; x64) AppleWebKit/537.36 (KHTML, like Gecko) Chrome/58.0.3029.110 Safari/537.3"
173.208.163.114 - - [13/Sep/2025:15:31:47 +0200] "GET /wp-includes/wp-configs.php HTTP/1.1" 200 10 "http://filmotek.fr/wp-includes/wp-configs.php" "Mozilla/5.0 (Windows NT 10.0; Win64; x64) AppleWebKit/537.36 (KHTML, like Gecko) Chrome/58.0.3029.110 Safari/537.3"
173.208.163.114 - - [13/Sep/2025:15:31:45 +0200] "GET /wp-includes/wp-configs.php HTTP/1.1" 200 1 "http://filmotek.fr/wp-includes/wp-configs.php" "Mozilla/5.0 (Windows NT 10.0; Win64; x64) AppleWebKit/537.36 (KHTML, like Gecko) Chrome/58.0.3029.110 Safari/537.3"
204.12.208.18 - - [13/Sep/2025:15:33:51 +0200] "GET /wp-includes/qqe12b27/edit.php HTTP/1.1" 200 6 "http://filmotek.fr/wp-includes/qqe12b27/edit.php" "Mozilla/5.0 (Windows NT 6.1) AppleWebKit/535.1 (KHTML, like Gecko) Chrome/13.0.782.107 Safari/535.1"
204.12.208.18 - - [13/Sep/2025:15:33:31 +0200] "GET /wp-includes/qqe12b27/edit.php HTTP/1.1" 200 - "http://filmotek.fr/wp-includes/qqe12b27/edit.php" "Mozilla/5.0 (Macintosh; Intel Mac OS X 10.6; rv:6.0.2) Gecko/20100101 Firefox/6.0.2"
173.208.163.114 - - [13/Sep/2025:15:35:20 +0200] "GET /wp-includes/wp-configs.php HTTP/1.1" 200 10 "http://filmotek.fr/wp-includes/wp-configs.php" "Mozilla/5.0 (Windows NT 10.0; Win64; x64) AppleWebKit/537.36 (KHTML, like Gecko) Chrome/58.0.3029.110 Safari/537.3"
173.208.163.114 - - [13/Sep/2025:15:35:18 +0200] "GET /wp-includes/wp-configs.php HTTP/1.1" 200 1 "http://filmotek.fr/wp-includes/wp-configs.php" "Mozilla/5.0 (Windows NT 10.0; Win64; x64) AppleWebKit/537.36 (KHTML, like Gecko) Chrome/58.0.3029.110 Safari/537.3"
173.208.163.114 - - [13/Sep/2025:15:38:40 +0200] "GET /wp-includes/wp-configs.php HTTP/1.1" 200 10 "http://filmotek.fr/wp-includes/wp-configs.php" "Mozilla/5.0 (Windows NT 10.0; Win64; x64) AppleWebKit/537.36 (KHTML, like Gecko) Chrome/58.0.3029.110 Safari/537.3"
173.208.163.114 - - [13/Sep/2025:15:38:38 +0200] "GET /wp-includes/wp-configs.php HTTP/1.1" 200 1 "http://filmotek.fr/wp-includes/wp-configs.php" "Mozilla/5.0 (Windows NT 10.0; Win64; x64) AppleWebKit/537.36 (KHTML, like Gecko) Chrome/58.0.3029.110 Safari/537.3"
66.249.70.64 - - [13/Sep/2025:15:41:13 +0200] "GET /78bxtk23244.html HTTP/1.1" 200 76940 "-" "Mozilla/5.0 (Linux; Android 6.0.1; Nexus 5X Build/MMB29P) AppleWebKit/537.36 (KHTML, like Gecko) Chrome/140.0.7339.127 Mobile Safari/537.36 (compatible; Googlebot/2.1; +http://www.google.com/bot.html)"
173.208.163.114 - - [13/Sep/2025:15:41:47 +0200] "GET /wp-includes/wp-configs.php HTTP/1.1" 200 10 "http://filmotek.fr/wp-includes/wp-configs.php" "Mozilla/5.0 (Windows NT 10.0; Win64; x64) AppleWebKit/537.36 (KHTML, like Gecko) Chrome/58.0.3029.110 Safari/537.3"
173.208.163.114 - - [13/Sep/2025:15:41:45 +0200] "GET /wp-includes/wp-configs.php HTTP/1.1" 200 1 "http://filmotek.fr/wp-includes/wp-configs.php" "Mozilla/5.0 (Windows NT 10.0; Win64; x64) AppleWebKit/537.36 (KHTML, like Gecko) Chrome/58.0.3029.110 Safari/537.3"
173.208.163.114 - - [13/Sep/2025:15:45:21 +0200] "GET /wp-includes/wp-configs.php HTTP/1.1" 200 10 "http://filmotek.fr/wp-includes/wp-configs.php" "Mozilla/5.0 (Windows NT 10.0; Win64; x64) AppleWebKit/537.36 (KHTML, like Gecko) Chrome/58.0.3029.110 Safari/537.3"
173.208.163.114 - - [13/Sep/2025:15:45:19 +0200] "GET /wp-includes/wp-configs.php HTTP/1.1" 200 1 "http://filmotek.fr/wp-includes/wp-configs.php" "Mozilla/5.0 (Windows NT 10.0; Win64; x64) AppleWebKit/537.36 (KHTML, like Gecko) Chrome/58.0.3029.110 Safari/537.3"
204.12.208.18 - - [13/Sep/2025:15:50:21 +0200] "GET /wp-includes/qqe12b27/edit.php HTTP/1.1" 200 6 "http://filmotek.fr/wp-includes/qqe12b27/edit.php" "Mozilla/5.0 (Macintosh; Intel Mac OS X 10_7_2) AppleWebKit/535.2 (KHTML, like Gecko) Chrome/15.0.874.106 Safari/535.2"
173.208.163.114 - - [13/Sep/2025:15:51:07 +0200] "GET /wp-includes/wp-configs.php HTTP/1.1" 200 10 "http://filmotek.fr/wp-includes/wp-configs.php" "Mozilla/5.0 (Windows NT 10.0; Win64; x64) AppleWebKit/537.36 (KHTML, like Gecko) Chrome/58.0.3029.110 Safari/537.3"
204.12.208.18 - - [13/Sep/2025:15:50:01 +0200] "GET /wp-includes/qqe12b27/edit.php HTTP/1.1" 200 - "http://filmotek.fr/wp-includes/qqe12b27/edit.php" "Mozilla/5.0 (Macintosh; Intel Mac OS X 10_6_8) AppleWebKit/535.7 (KHTML, like Gecko) Chrome/16.0.912.75 Safari/535.7"
173.208.163.114 - - [13/Sep/2025:15:51:05 +0200] "GET /wp-includes/wp-configs.php HTTP/1.1" 200 1 "http://filmotek.fr/wp-includes/wp-configs.php" "Mozilla/5.0 (Windows NT 10.0; Win64; x64) AppleWebKit/537.36 (KHTML, like Gecko) Chrome/58.0.3029.110 Safari/537.3"
173.208.163.114 - - [13/Sep/2025:15:54:55 +0200] "GET /wp-includes/wp-configs.php HTTP/1.1" 200 10 "http://filmotek.fr/wp-includes/wp-configs.php" "Mozilla/5.0 (Windows NT 10.0; Win64; x64) AppleWebKit/537.36 (KHTML, like Gecko) Chrome/58.0.3029.110 Safari/537.3"
173.208.163.114 - - [13/Sep/2025:15:54:53 +0200] "GET /wp-includes/wp-configs.php HTTP/1.1" 200 1 "http://filmotek.fr/wp-includes/wp-configs.php" "Mozilla/5.0 (Windows NT 10.0; Win64; x64) AppleWebKit/537.36 (KHTML, like Gecko) Chrome/58.0.3029.110 Safari/537.3"
216.73.216.182 - - [13/Sep/2025:16:04:19 +0200] "GET / HTTP/1.1" 200 88501 "-" "Mozilla/5.0 AppleWebKit/537.36 (KHTML, like Gecko; compatible; ClaudeBot/1.0; +claudebot@anthropic.com)"
204.12.208.18 - - [13/Sep/2025:16:06:45 +0200] "GET /wp-includes/qqe12b27/edit.php HTTP/1.1" 200 6 "http://filmotek.fr/wp-includes/qqe12b27/edit.php" "Mozilla/5.0 (Macintosh; U; Intel Mac OS X 10_6_3; ja-jp) AppleWebKit/533.16 (KHTML, like Gecko) Version/5.0 Safari/533.16"
204.12.208.18 - - [13/Sep/2025:16:06:25 +0200] "GET /wp-includes/qqe12b27/edit.php HTTP/1.1" 200 - "http://filmotek.fr/wp-includes/qqe12b27/edit.php" "Mozilla/5.0 (Macintosh; Intel Mac OS X 10_6_8) AppleWebKit/534.24 (KHTML, like Gecko) Chrome/11.0.696.71 Safari/534.24"
216.73.216.182 - - [13/Sep/2025:16:14:05 +0200] "GET /robots.txt HTTP/1.1" 200 103 "-" "Mozilla/5.0 AppleWebKit/537.36 (KHTML, like Gecko; compatible; ClaudeBot/1.0; +claudebot@anthropic.com)"
216.73.216.182 - - [13/Sep/2025:16:14:06 +0200] "GET /pages.php HTTP/1.1" 200 76475 "-" "Mozilla/5.0 AppleWebKit/537.36 (KHTML, like Gecko; compatible; ClaudeBot/1.0; +claudebot@anthropic.com)"
204.12.208.18 - - [13/Sep/2025:16:22:38 +0200] "GET /wp-includes/qqe12b27/edit.php HTTP/1.1" 200 6 "http://filmotek.fr/wp-includes/qqe12b27/edit.php" "Mozilla/5.0 (Macintosh; Intel Mac OS X 10.7; rv:9.0.1) Gecko/20100101 Firefox/9.0.1"
204.12.208.18 - - [13/Sep/2025:16:22:18 +0200] "GET /wp-includes/qqe12b27/edit.php HTTP/1.1" 200 - "http://filmotek.fr/wp-includes/qqe12b27/edit.php" "Mozilla/5.0 (Windows NT 5.1; rv:6.0) Gecko/20100101 Firefox/6.0"
114.119.144.51 - - [13/Sep/2025:16:34:14 +0200] "GET /?sitemap230.xml HTTP/1.1" 200 528636 "-" "Mozilla/5.0 (Linux; Android 7.0;) AppleWebKit/537.36 (KHTML, like Gecko) Mobile Safari/537.36 (compatible; PetalBot;+https://webmaster.petalsearch.com/site/petalbot)"
204.12.208.18 - - [13/Sep/2025:16:39:15 +0200] "GET /wp-includes/qqe12b27/edit.php HTTP/1.1" 200 6 "http://filmotek.fr/wp-includes/qqe12b27/edit.php" "Mozilla/5.0 (Macintosh; U; PPC Mac OS X; ja-jp) AppleWebKit/522.11.1 (KHTML, like Gecko) Version/3.0.3 Safari/522.12.1"
204.12.208.18 - - [13/Sep/2025:16:38:55 +0200] "GET /wp-includes/qqe12b27/edit.php HTTP/1.1" 200 - "http://filmotek.fr/wp-includes/qqe12b27/edit.php" "Mozilla/5.0 (Windows NT 6.1; WOW64; rv:5.0) Gecko/20100101 Firefox/5.0"
216.73.216.182 - - [13/Sep/2025:16:46:31 +0200] "GET /pages.php HTTP/1.1" 200 76504 "-" "Mozilla/5.0 AppleWebKit/537.36 (KHTML, like Gecko; compatible; ClaudeBot/1.0; +claudebot@anthropic.com)"
66.249.70.64 - - [13/Sep/2025:16:50:36 +0200] "GET /m253036498?srsltid=AfmBOoChALzwSEVE8zVyAn_apvkBbA5H4_0OaUFgkx-M-AQPay5baD HTTP/1.1" 200 76919 "-" "Mozilla/5.0 (Linux; Android 6.0.1; Nexus 5X Build/MMB29P) AppleWebKit/537.36 (KHTML, like Gecko) Chrome/140.0.7339.127 Mobile Safari/537.36 (compatible; Googlebot/2.1; +http://www.google.com/bot.html)"
204.12.208.18 - - [13/Sep/2025:16:56:12 +0200] "GET /wp-includes/qqe12b27/edit.php HTTP/1.1" 200 6 "http://filmotek.fr/wp-includes/qqe12b27/edit.php" "Mozilla/5.0 (Macintosh; U; Intel Mac OS X 10_5_3; ja-jp) AppleWebKit/525.18 (KHTML, like Gecko) Version/3.1.1 Safari/525.20"
204.12.208.18 - - [13/Sep/2025:16:55:51 +0200] "GET /wp-includes/qqe12b27/edit.php HTTP/1.1" 200 - "http://filmotek.fr/wp-includes/qqe12b27/edit.php" "Mozilla/5.0 (Macintosh; Intel Mac OS X 10_7_2) AppleWebKit/535.2 (KHTML, like Gecko) Chrome/15.0.874.106 Safari/535.2"
66.249.64.229 - - [13/Sep/2025:17:01:38 +0200] "GET /m161012352?srsltid=AfmBOoqrbddNJUEOM6rpEk_IuQLOYQ3dB_gNmSyN3D-C-i3I7qV5YY HTTP/1.1" 200 76539 "-" "Mozilla/5.0 (Linux; Android 6.0.1; Nexus 5X Build/MMB29P) AppleWebKit/537.36 (KHTML, like Gecko) Chrome/140.0.7339.127 Mobile Safari/537.36 (compatible; Googlebot/2.1; +http://www.google.com/bot.html)"
66.249.70.104 - - [13/Sep/2025:17:01:39 +0200] "GET /m273035284?srsltid=AfmBOoepToDfQzMAG24QwB_JZPl2IWid0_YdOtfXDL-K-vL8PpuhYH HTTP/1.1" 200 76769 "-" "Mozilla/5.0 (Linux; Android 6.0.1; Nexus 5X Build/MMB29P) AppleWebKit/537.36 (KHTML, like Gecko) Chrome/140.0.7339.127 Mobile Safari/537.36 (compatible; Googlebot/2.1; +http://www.google.com/bot.html)"
5.255.231.14 - - [13/Sep/2025:17:02:30 +0200] "GET /robots.txt HTTP/1.1" 200 341 "-" "Mozilla/5.0 (compatible; YandexBot/3.0; +http://yandex.com/bots)"
87.250.224.203 - - [13/Sep/2025:17:02:31 +0200] "GET /affiches/Filmotech_00113.jpg HTTP/1.1" 200 28556 "-" "Mozilla/5.0 (compatible; YandexImages/3.0; +http://yandex.com/bots)"
66.249.70.138 - - [13/Sep/2025:17:10:10 +0200] "GET /category/452_6975/1 HTTP/1.1" 200 76432 "-" "Mozilla/5.0 (Linux; Android 6.0.1; Nexus 5X Build/MMB29P) AppleWebKit/537.36 (KHTML, like Gecko) Chrome/140.0.7339.127 Mobile Safari/537.36 (compatible; Googlebot/2.1; +http://www.google.com/bot.html)"
204.12.208.18 - - [13/Sep/2025:17:12:53 +0200] "GET /wp-includes/qqe12b27/edit.php HTTP/1.1" 200 6 "http://filmotek.fr/wp-includes/qqe12b27/edit.php" "Mozilla/5.0 (Macintosh; Intel Mac OS X 10.7; rv:7.0.1) Gecko/20100101 Firefox/7.0.1"
204.12.208.18 - - [13/Sep/2025:17:12:33 +0200] "GET /wp-includes/qqe12b27/edit.php HTTP/1.1" 200 - "http://filmotek.fr/wp-includes/qqe12b27/edit.php" "Mozilla/5.0 (Macintosh; Intel Mac OS X 10_6_8) AppleWebKit/535.1 (KHTML, like Gecko) Chrome/14.0.835.202 Safari/535.1"
198.204.224.34 - - [13/Sep/2025:17:25:13 +0200] "GET /wp-includes/wp-configs.php HTTP/1.1" 200 10 "http://filmotek.fr/wp-includes/wp-configs.php" "Mozilla/5.0 (Windows NT 10.0; Win64; x64) AppleWebKit/537.36 (KHTML, like Gecko) Chrome/58.0.3029.110 Safari/537.3"
198.204.224.34 - - [13/Sep/2025:17:25:06 +0200] "GET /wp-includes/wp-configs.php HTTP/1.1" 200 1 "http://filmotek.fr/wp-includes/wp-configs.php" "Mozilla/5.0 (Windows NT 10.0; Win64; x64) AppleWebKit/537.36 (KHTML, like Gecko) Chrome/58.0.3029.110 Safari/537.3"
173.208.163.114 - - [13/Sep/2025:17:27:25 +0200] "GET /wp-includes/wp-configs.php HTTP/1.1" 200 10 "http://filmotek.fr/wp-includes/wp-configs.php" "Mozilla/5.0 (Windows NT 10.0; Win64; x64) AppleWebKit/537.36 (KHTML, like Gecko) Chrome/58.0.3029.110 Safari/537.3"
204.12.208.18 - - [13/Sep/2025:17:28:36 +0200] "GET /wp-includes/qqe12b27/edit.php HTTP/1.1" 200 6 "http://filmotek.fr/wp-includes/qqe12b27/edit.php" "Mozilla/5.0 (Macintosh; Intel Mac OS X 10_6_8) AppleWebKit/535.1 (KHTML, like Gecko) RockMelt/0.9.64.361 Chrome/13.0.782.218 Safari/535.1"
173.208.163.114 - - [13/Sep/2025:17:27:22 +0200] "GET /wp-includes/wp-configs.php HTTP/1.1" 200 1 "http://filmotek.fr/wp-includes/wp-configs.php" "Mozilla/5.0 (Windows NT 10.0; Win64; x64) AppleWebKit/537.36 (KHTML, like Gecko) Chrome/58.0.3029.110 Safari/537.3"
204.12.208.18 - - [13/Sep/2025:17:28:16 +0200] "GET /wp-includes/qqe12b27/edit.php HTTP/1.1" 200 - "http://filmotek.fr/wp-includes/qqe12b27/edit.php" "Mozilla/5.0 (Macintosh; Intel Mac OS X 10_6_8) AppleWebKit/535.1 (KHTML, like Gecko) RockMelt/0.9.64.361 Chrome/13.0.782.218 Safari/535.1"
173.208.163.114 - - [13/Sep/2025:17:30:41 +0200] "GET /wp-includes/wp-configs.php HTTP/1.1" 200 10 "http://filmotek.fr/wp-includes/wp-configs.php" "Mozilla/5.0 (Windows NT 10.0; Win64; x64) AppleWebKit/537.36 (KHTML, like Gecko) Chrome/58.0.3029.110 Safari/537.3"
173.208.163.114 - - [13/Sep/2025:17:30:39 +0200] "GET /wp-includes/wp-configs.php HTTP/1.1" 200 1 "http://filmotek.fr/wp-includes/wp-configs.php" "Mozilla/5.0 (Windows NT 10.0; Win64; x64) AppleWebKit/537.36 (KHTML, like Gecko) Chrome/58.0.3029.110 Safari/537.3"
173.208.163.114 - - [13/Sep/2025:17:34:00 +0200] "GET /wp-includes/wp-configs.php HTTP/1.1" 200 10 "http://filmotek.fr/wp-includes/wp-configs.php" "Mozilla/5.0 (Windows NT 10.0; Win64; x64) AppleWebKit/537.36 (KHTML, like Gecko) Chrome/58.0.3029.110 Safari/537.3"
173.208.163.114 - - [13/Sep/2025:17:33:58 +0200] "GET /wp-includes/wp-configs.php HTTP/1.1" 200 1 "http://filmotek.fr/wp-includes/wp-configs.php" "Mozilla/5.0 (Windows NT 10.0; Win64; x64) AppleWebKit/537.36 (KHTML, like Gecko) Chrome/58.0.3029.110 Safari/537.3"
173.208.163.114 - - [13/Sep/2025:17:37:41 +0200] "GET /wp-includes/wp-configs.php HTTP/1.1" 200 10 "http://filmotek.fr/wp-includes/wp-configs.php" "Mozilla/5.0 (Windows NT 10.0; Win64; x64) AppleWebKit/537.36 (KHTML, like Gecko) Chrome/58.0.3029.110 Safari/537.3"
173.208.163.114 - - [13/Sep/2025:17:37:39 +0200] "GET /wp-includes/wp-configs.php HTTP/1.1" 200 1 "http://filmotek.fr/wp-includes/wp-configs.php" "Mozilla/5.0 (Windows NT 10.0; Win64; x64) AppleWebKit/537.36 (KHTML, like Gecko) Chrome/58.0.3029.110 Safari/537.3"
34.72.176.129 - - [13/Sep/2025:17:41:03 +0200] "GET / HTTP/1.1" 200 1557477 "-" "Mozilla/5.0 (X11; Linux x86_64) AppleWebKit/537.36 (KHTML, like Gecko) HeadlessChrome/125.0.6422.60 Safari/537.36"
173.208.163.114 - - [13/Sep/2025:17:41:49 +0200] "GET /wp-includes/wp-configs.php HTTP/1.1" 200 10 "http://filmotek.fr/wp-includes/wp-configs.php" "Mozilla/5.0 (Windows NT 10.0; Win64; x64) AppleWebKit/537.36 (KHTML, like Gecko) Chrome/58.0.3029.110 Safari/537.3"
34.116.137.191 - - [13/Sep/2025:17:42:03 +0200] "GET / HTTP/1.1" 200 1557477 "-" "Mozilla/5.0 (iPhone13,2; U; CPU iPhone OS 14_0 like Mac OS X) AppleWebKit/602.1.50 (KHTML, like Gecko) Version/10.0 Mobile/15E148 Safari/602.1"
66.249.70.66 - - [13/Sep/2025:17:43:05 +0200] "GET /100gjh21820.html HTTP/1.1" 200 76517 "-" "Mozilla/5.0 (Linux; Android 6.0.1; Nexus 5X Build/MMB29P) AppleWebKit/537.36 (KHTML, like Gecko) Chrome/140.0.7339.127 Mobile Safari/537.36 (compatible; Googlebot/2.1; +http://www.google.com/bot.html)"
173.208.163.114 - - [13/Sep/2025:17:41:47 +0200] "GET /wp-includes/wp-configs.php HTTP/1.1" 200 1 "http://filmotek.fr/wp-includes/wp-configs.php" "Mozilla/5.0 (Windows NT 10.0; Win64; x64) AppleWebKit/537.36 (KHTML, like Gecko) Chrome/58.0.3029.110 Safari/537.3"
173.208.163.114 - - [13/Sep/2025:17:45:07 +0200] "GET /wp-includes/wp-configs.php HTTP/1.1" 200 10 "http://filmotek.fr/wp-includes/wp-configs.php" "Mozilla/5.0 (Windows NT 10.0; Win64; x64) AppleWebKit/537.36 (KHTML, like Gecko) Chrome/58.0.3029.110 Safari/537.3"
204.12.208.18 - - [13/Sep/2025:17:45:28 +0200] "GET /wp-includes/qqe12b27/edit.php HTTP/1.1" 200 6 "http://filmotek.fr/wp-includes/qqe12b27/edit.php" "Mozilla/5.0 (Windows NT 6.1; WOW64) AppleWebKit/535.1 (KHTML, like Gecko) Chrome/14.0.835.202 Safari/535.1"
173.208.163.114 - - [13/Sep/2025:17:45:05 +0200] "GET /wp-includes/wp-configs.php HTTP/1.1" 200 1 "http://filmotek.fr/wp-includes/wp-configs.php" "Mozilla/5.0 (Windows NT 10.0; Win64; x64) AppleWebKit/537.36 (KHTML, like Gecko) Chrome/58.0.3029.110 Safari/537.3"
204.12.208.18 - - [13/Sep/2025:17:45:07 +0200] "GET /wp-includes/qqe12b27/edit.php HTTP/1.1" 200 - "http://filmotek.fr/wp-includes/qqe12b27/edit.php" "Mozilla/5.0 (Macintosh; Intel Mac OS X 10.7; rv:9.0.1) Gecko/20100101 Firefox/9.0.1"
216.73.216.182 - - [13/Sep/2025:17:47:33 +0200] "GET /robots.txt HTTP/1.1" 200 103 "-" "Mozilla/5.0 AppleWebKit/537.36 (KHTML, like Gecko; compatible; ClaudeBot/1.0; +claudebot@anthropic.com)"
173.208.163.114 - - [13/Sep/2025:17:49:28 +0200] "GET /wp-includes/wp-configs.php HTTP/1.1" 200 10 "http://filmotek.fr/wp-includes/wp-configs.php" "Mozilla/5.0 (Windows NT 10.0; Win64; x64) AppleWebKit/537.36 (KHTML, like Gecko) Chrome/58.0.3029.110 Safari/537.3"
173.208.163.114 - - [13/Sep/2025:17:49:26 +0200] "GET /wp-includes/wp-configs.php HTTP/1.1" 200 1 "http://filmotek.fr/wp-includes/wp-configs.php" "Mozilla/5.0 (Windows NT 10.0; Win64; x64) AppleWebKit/537.36 (KHTML, like Gecko) Chrome/58.0.3029.110 Safari/537.3"
173.208.163.114 - - [13/Sep/2025:17:53:55 +0200] "GET /wp-includes/wp-configs.php HTTP/1.1" 200 10 "http://filmotek.fr/wp-includes/wp-configs.php" "Mozilla/5.0 (Windows NT 10.0; Win64; x64) AppleWebKit/537.36 (KHTML, like Gecko) Chrome/58.0.3029.110 Safari/537.3"
173.208.163.114 - - [13/Sep/2025:17:53:53 +0200] "GET /wp-includes/wp-configs.php HTTP/1.1" 200 1 "http://filmotek.fr/wp-includes/wp-configs.php" "Mozilla/5.0 (Windows NT 10.0; Win64; x64) AppleWebKit/537.36 (KHTML, like Gecko) Chrome/58.0.3029.110 Safari/537.3"
66.249.70.139 - - [13/Sep/2025:17:56:57 +0200] "GET /ads.txt HTTP/1.1" 200 76321 "-" "Mozilla/5.0 (compatible; Googlebot/2.1; +http://www.google.com/bot.html)"
173.208.163.114 - - [13/Sep/2025:17:57:00 +0200] "GET /wp-includes/wp-configs.php HTTP/1.1" 200 10 "http://filmotek.fr/wp-includes/wp-configs.php" "Mozilla/5.0 (Windows NT 10.0; Win64; x64) AppleWebKit/537.36 (KHTML, like Gecko) Chrome/58.0.3029.110 Safari/537.3"
114.119.138.77 - - [13/Sep/2025:17:57:16 +0200] "GET /?sitemap169.xml HTTP/1.1" 200 528333 "-" "Mozilla/5.0 (Linux; Android 7.0;) AppleWebKit/537.36 (KHTML, like Gecko) Mobile Safari/537.36 (compatible; PetalBot;+https://webmaster.petalsearch.com/site/petalbot)"
173.208.163.114 - - [13/Sep/2025:17:56:58 +0200] "GET /wp-includes/wp-configs.php HTTP/1.1" 200 1 "http://filmotek.fr/wp-includes/wp-configs.php" "Mozilla/5.0 (Windows NT 10.0; Win64; x64) AppleWebKit/537.36 (KHTML, like Gecko) Chrome/58.0.3029.110 Safari/537.3"
173.208.163.114 - - [13/Sep/2025:18:00:52 +0200] "GET /wp-includes/wp-configs.php HTTP/1.1" 200 10 "http://filmotek.fr/wp-includes/wp-configs.php" "Mozilla/5.0 (Windows NT 10.0; Win64; x64) AppleWebKit/537.36 (KHTML, like Gecko) Chrome/58.0.3029.110 Safari/537.3"
204.12.208.18 - - [13/Sep/2025:18:02:16 +0200] "GET /wp-includes/qqe12b27/edit.php HTTP/1.1" 200 6 "http://filmotek.fr/wp-includes/qqe12b27/edit.php" "Mozilla/5.0 (Macintosh; U; PPC Mac OS X; ja-jp) AppleWebKit/523.12 (KHTML, like Gecko) Version/3.0.4 Safari/523.12"
173.208.163.114 - - [13/Sep/2025:18:00:50 +0200] "GET /wp-includes/wp-configs.php HTTP/1.1" 200 1 "http://filmotek.fr/wp-includes/wp-configs.php" "Mozilla/5.0 (Windows NT 10.0; Win64; x64) AppleWebKit/537.36 (KHTML, like Gecko) Chrome/58.0.3029.110 Safari/537.3"
204.12.208.18 - - [13/Sep/2025:18:01:56 +0200] "GET /wp-includes/qqe12b27/edit.php HTTP/1.1" 200 - "http://filmotek.fr/wp-includes/qqe12b27/edit.php" "Mozilla/5.0 (Macintosh; Intel Mac OS X 10_6_8) AppleWebKit/535.1 (KHTML, like Gecko) RockMelt/0.9.64.361 Chrome/13.0.782.218 Safari/535.1"
173.208.163.114 - - [13/Sep/2025:18:04:28 +0200] "GET /wp-includes/wp-configs.php HTTP/1.1" 200 10 "http://filmotek.fr/wp-includes/wp-configs.php" "Mozilla/5.0 (Windows NT 10.0; Win64; x64) AppleWebKit/537.36 (KHTML, like Gecko) Chrome/58.0.3029.110 Safari/537.3"
173.208.163.114 - - [13/Sep/2025:18:04:26 +0200] "GET /wp-includes/wp-configs.php HTTP/1.1" 200 1 "http://filmotek.fr/wp-includes/wp-configs.php" "Mozilla/5.0 (Windows NT 10.0; Win64; x64) AppleWebKit/537.36 (KHTML, like Gecko) Chrome/58.0.3029.110 Safari/537.3"
173.208.163.114 - - [13/Sep/2025:18:08:16 +0200] "GET /wp-includes/wp-configs.php HTTP/1.1" 200 10 "http://filmotek.fr/wp-includes/wp-configs.php" "Mozilla/5.0 (Windows NT 10.0; Win64; x64) AppleWebKit/537.36 (KHTML, like Gecko) Chrome/58.0.3029.110 Safari/537.3"
173.208.163.114 - - [13/Sep/2025:18:08:14 +0200] "GET /wp-includes/wp-configs.php HTTP/1.1" 200 1 "http://filmotek.fr/wp-includes/wp-configs.php" "Mozilla/5.0 (Windows NT 10.0; Win64; x64) AppleWebKit/537.36 (KHTML, like Gecko) Chrome/58.0.3029.110 Safari/537.3"
66.249.70.66 - - [13/Sep/2025:18:10:30 +0200] "GET /39oxh18189.html HTTP/1.1" 200 76932 "-" "Mozilla/5.0 (Linux; Android 6.0.1; Nexus 5X Build/MMB29P) AppleWebKit/537.36 (KHTML, like Gecko) Chrome/140.0.7339.127 Mobile Safari/537.36 (compatible; Googlebot/2.1; +http://www.google.com/bot.html)"
173.208.163.114 - - [13/Sep/2025:18:13:58 +0200] "GET /wp-includes/wp-configs.php HTTP/1.1" 200 10 "http://filmotek.fr/wp-includes/wp-configs.php" "Mozilla/5.0 (Windows NT 10.0; Win64; x64) AppleWebKit/537.36 (KHTML, like Gecko) Chrome/58.0.3029.110 Safari/537.3"
66.249.70.71 - - [13/Sep/2025:18:15:09 +0200] "GET /m264003995?srsltid=AfmBOoQgcuyjMmFtFqMKPJ_2c8jsFVECi_6mBxRK8p-T-cvH8xjXam HTTP/1.1" 200 76554 "-" "Mozilla/5.0 (Linux; Android 6.0.1; Nexus 5X Build/MMB29P) AppleWebKit/537.36 (KHTML, like Gecko) Chrome/140.0.7339.127 Mobile Safari/537.36 (compatible; Googlebot/2.1; +http://www.google.com/bot.html)"
173.208.163.114 - - [13/Sep/2025:18:13:56 +0200] "GET /wp-includes/wp-configs.php HTTP/1.1" 200 1 "http://filmotek.fr/wp-includes/wp-configs.php" "Mozilla/5.0 (Windows NT 10.0; Win64; x64) AppleWebKit/537.36 (KHTML, like Gecko) Chrome/58.0.3029.110 Safari/537.3"
173.208.163.114 - - [13/Sep/2025:18:17:04 +0200] "GET /wp-includes/wp-configs.php HTTP/1.1" 200 10 "http://filmotek.fr/wp-includes/wp-configs.php" "Mozilla/5.0 (Windows NT 10.0; Win64; x64) AppleWebKit/537.36 (KHTML, like Gecko) Chrome/58.0.3029.110 Safari/537.3"
173.208.163.114 - - [13/Sep/2025:18:17:02 +0200] "GET /wp-includes/wp-configs.php HTTP/1.1" 200 1 "http://filmotek.fr/wp-includes/wp-configs.php" "Mozilla/5.0 (Windows NT 10.0; Win64; x64) AppleWebKit/537.36 (KHTML, like Gecko) Chrome/58.0.3029.110 Safari/537.3"
204.12.208.18 - - [13/Sep/2025:18:19:12 +0200] "GET /wp-includes/qqe12b27/edit.php HTTP/1.1" 200 6 "http://filmotek.fr/wp-includes/qqe12b27/edit.php" "Mozilla/5.0 (Macintosh; Intel Mac OS X 10_6_8) AppleWebKit/535.1 (KHTML, like Gecko) RockMelt/0.9.64.361 Chrome/13.0.782.218 Safari/535.1"
204.12.208.18 - - [13/Sep/2025:18:18:52 +0200] "GET /wp-includes/qqe12b27/edit.php HTTP/1.1" 200 - "http://filmotek.fr/wp-includes/qqe12b27/edit.php" "Mozilla/5.0 (Macintosh; Intel Mac OS X 10_6_8) AppleWebKit/535.7 (KHTML, like Gecko) Chrome/16.0.912.75 Safari/535.7"
173.208.163.114 - - [13/Sep/2025:18:21:43 +0200] "GET /wp-includes/wp-configs.php HTTP/1.1" 200 10 "http://filmotek.fr/wp-includes/wp-configs.php" "Mozilla/5.0 (Windows NT 10.0; Win64; x64) AppleWebKit/537.36 (KHTML, like Gecko) Chrome/58.0.3029.110 Safari/537.3"
173.208.163.114 - - [13/Sep/2025:18:21:41 +0200] "GET /wp-includes/wp-configs.php HTTP/1.1" 200 1 "http://filmotek.fr/wp-includes/wp-configs.php" "Mozilla/5.0 (Windows NT 10.0; Win64; x64) AppleWebKit/537.36 (KHTML, like Gecko) Chrome/58.0.3029.110 Safari/537.3"
216.73.216.182 - - [13/Sep/2025:18:23:14 +0200] "GET /pages.php HTTP/1.1" 200 76313 "-" "Mozilla/5.0 AppleWebKit/537.36 (KHTML, like Gecko; compatible; ClaudeBot/1.0; +claudebot@anthropic.com)"
173.208.163.114 - - [13/Sep/2025:18:25:46 +0200] "GET /wp-includes/wp-configs.php HTTP/1.1" 200 10 "http://filmotek.fr/wp-includes/wp-configs.php" "Mozilla/5.0 (Windows NT 10.0; Win64; x64) AppleWebKit/537.36 (KHTML, like Gecko) Chrome/58.0.3029.110 Safari/537.3"
173.208.163.114 - - [13/Sep/2025:18:25:44 +0200] "GET /wp-includes/wp-configs.php HTTP/1.1" 200 1 "http://filmotek.fr/wp-includes/wp-configs.php" "Mozilla/5.0 (Windows NT 10.0; Win64; x64) AppleWebKit/537.36 (KHTML, like Gecko) Chrome/58.0.3029.110 Safari/537.3"
20.240.93.60 - - [13/Sep/2025:18:29:31 +0200] "GET /aa.php HTTP/1.1" 403 1557477 "-" "-"
173.208.163.114 - - [13/Sep/2025:18:31:23 +0200] "GET /wp-includes/wp-configs.php HTTP/1.1" 200 10 "http://filmotek.fr/wp-includes/wp-configs.php" "Mozilla/5.0 (Windows NT 10.0; Win64; x64) AppleWebKit/537.36 (KHTML, like Gecko) Chrome/58.0.3029.110 Safari/537.3"
173.208.163.114 - - [13/Sep/2025:18:31:21 +0200] "GET /wp-includes/wp-configs.php HTTP/1.1" 200 1 "http://filmotek.fr/wp-includes/wp-configs.php" "Mozilla/5.0 (Windows NT 10.0; Win64; x64) AppleWebKit/537.36 (KHTML, like Gecko) Chrome/58.0.3029.110 Safari/537.3"
216.73.216.182 - - [13/Sep/2025:18:34:48 +0200] "GET / HTTP/1.1" 200 88535 "-" "Mozilla/5.0 AppleWebKit/537.36 (KHTML, like Gecko; compatible; ClaudeBot/1.0; +claudebot@anthropic.com)"
173.208.163.114 - - [13/Sep/2025:18:35:27 +0200] "GET /wp-includes/wp-configs.php HTTP/1.1" 200 10 "http://filmotek.fr/wp-includes/wp-configs.php" "Mozilla/5.0 (Windows NT 10.0; Win64; x64) AppleWebKit/537.36 (KHTML, like Gecko) Chrome/58.0.3029.110 Safari/537.3"
204.12.208.18 - - [13/Sep/2025:18:36:01 +0200] "GET /wp-includes/qqe12b27/edit.php HTTP/1.1" 200 6 "http://filmotek.fr/wp-includes/qqe12b27/edit.php" "Mozilla/4.0 (compatible; MSIE 8.0; Windows NT 5.1; Trident/4.0; EasyBits GO v1.0; InfoPath.1; .NET CLR 2.0.50727; .NET CLR 3.0.4506.2152; .NET CLR 3.5.30729)"
173.208.163.114 - - [13/Sep/2025:18:35:29 +0200] "GET /wp-includes/wp-configs.php HTTP/1.1" 200 1 "http://filmotek.fr/wp-includes/wp-configs.php" "Mozilla/5.0 (Windows NT 10.0; Win64; x64) AppleWebKit/537.36 (KHTML, like Gecko) Chrome/58.0.3029.110 Safari/537.3"
204.12.208.18 - - [13/Sep/2025:18:35:41 +0200] "GET /wp-includes/qqe12b27/edit.php HTTP/1.1" 200 - "http://filmotek.fr/wp-includes/qqe12b27/edit.php" "Mozilla/5.0 (Macintosh; Intel Mac OS X 10.6; rv:6.0.2) Gecko/20100101 Firefox/6.0.2"
216.73.216.182 - - [13/Sep/2025:18:39:41 +0200] "GET /pages.php HTTP/1.1" 200 76451 "-" "Mozilla/5.0 AppleWebKit/537.36 (KHTML, like Gecko; compatible; ClaudeBot/1.0; +claudebot@anthropic.com)"
173.208.163.114 - - [13/Sep/2025:18:41:41 +0200] "GET /wp-includes/wp-configs.php HTTP/1.1" 200 10 "http://filmotek.fr/wp-includes/wp-configs.php" "Mozilla/5.0 (Windows NT 10.0; Win64; x64) AppleWebKit/537.36 (KHTML, like Gecko) Chrome/58.0.3029.110 Safari/537.3"
173.208.163.114 - - [13/Sep/2025:18:41:39 +0200] "GET /wp-includes/wp-configs.php HTTP/1.1" 200 1 "http://filmotek.fr/wp-includes/wp-configs.php" "Mozilla/5.0 (Windows NT 10.0; Win64; x64) AppleWebKit/537.36 (KHTML, like Gecko) Chrome/58.0.3029.110 Safari/537.3"
173.208.163.114 - - [13/Sep/2025:18:46:30 +0200] "GET /wp-includes/wp-configs.php HTTP/1.1" 200 10 "http://filmotek.fr/wp-includes/wp-configs.php" "Mozilla/5.0 (Windows NT 10.0; Win64; x64) AppleWebKit/537.36 (KHTML, like Gecko) Chrome/58.0.3029.110 Safari/537.3"
173.208.163.114 - - [13/Sep/2025:18:46:28 +0200] "GET /wp-includes/wp-configs.php HTTP/1.1" 200 1 "http://filmotek.fr/wp-includes/wp-configs.php" "Mozilla/5.0 (Windows NT 10.0; Win64; x64) AppleWebKit/537.36 (KHTML, like Gecko) Chrome/58.0.3029.110 Safari/537.3"
173.208.163.114 - - [13/Sep/2025:18:52:23 +0200] "GET /wp-includes/wp-configs.php HTTP/1.1" 200 10 "http://filmotek.fr/wp-includes/wp-configs.php" "Mozilla/5.0 (Windows NT 10.0; Win64; x64) AppleWebKit/537.36 (KHTML, like Gecko) Chrome/58.0.3029.110 Safari/537.3"
204.12.208.18 - - [13/Sep/2025:18:53:04 +0200] "GET /wp-includes/qqe12b27/edit.php HTTP/1.1" 200 6 "http://filmotek.fr/wp-includes/qqe12b27/edit.php" "Mozilla/5.0 (Macintosh; Intel Mac OS X 10.6; rv:6.0.2) Gecko/20100101 Firefox/6.0.2"
173.208.163.114 - - [13/Sep/2025:18:52:21 +0200] "GET /wp-includes/wp-configs.php HTTP/1.1" 200 1 "http://filmotek.fr/wp-includes/wp-configs.php" "Mozilla/5.0 (Windows NT 10.0; Win64; x64) AppleWebKit/537.36 (KHTML, like Gecko) Chrome/58.0.3029.110 Safari/537.3"
204.12.208.18 - - [13/Sep/2025:18:52:44 +0200] "GET /wp-includes/qqe12b27/edit.php HTTP/1.1" 200 - "http://filmotek.fr/wp-includes/qqe12b27/edit.php" "Mozilla/5.0 (Windows NT 5.1; rv:6.0) Gecko/20100101 Firefox/6.0"
173.208.163.114 - - [13/Sep/2025:18:57:02 +0200] "GET /wp-includes/wp-configs.php HTTP/1.1" 200 10 "http://filmotek.fr/wp-includes/wp-configs.php" "Mozilla/5.0 (Windows NT 10.0; Win64; x64) AppleWebKit/537.36 (KHTML, like Gecko) Chrome/58.0.3029.110 Safari/537.3"
173.208.163.114 - - [13/Sep/2025:18:57:00 +0200] "GET /wp-includes/wp-configs.php HTTP/1.1" 200 1 "http://filmotek.fr/wp-includes/wp-configs.php" "Mozilla/5.0 (Windows NT 10.0; Win64; x64) AppleWebKit/537.36 (KHTML, like Gecko) Chrome/58.0.3029.110 Safari/537.3"
66.249.64.46 - - [13/Sep/2025:19:00:52 +0200] "GET /133smkfb3359.html HTTP/1.1" 200 76511 "-" "Mozilla/5.0 (Linux; Android 6.0.1; Nexus 5X Build/MMB29P) AppleWebKit/537.36 (KHTML, like Gecko) Chrome/140.0.7339.127 Mobile Safari/537.36 (compatible; Googlebot/2.1; +http://www.google.com/bot.html)"
216.73.216.182 - - [13/Sep/2025:19:03:37 +0200] "GET /robots.txt HTTP/1.1" 200 103 "-" "Mozilla/5.0 AppleWebKit/537.36 (KHTML, like Gecko; compatible; ClaudeBot/1.0; +claudebot@anthropic.com)"
173.208.163.114 - - [13/Sep/2025:19:04:04 +0200] "GET /wp-includes/wp-configs.php HTTP/1.1" 200 10 "http://filmotek.fr/wp-includes/wp-configs.php" "Mozilla/5.0 (Windows NT 10.0; Win64; x64) AppleWebKit/537.36 (KHTML, like Gecko) Chrome/58.0.3029.110 Safari/537.3"
173.208.163.114 - - [13/Sep/2025:19:04:02 +0200] "GET /wp-includes/wp-configs.php HTTP/1.1" 200 1 "http://filmotek.fr/wp-includes/wp-configs.php" "Mozilla/5.0 (Windows NT 10.0; Win64; x64) AppleWebKit/537.36 (KHTML, like Gecko) Chrome/58.0.3029.110 Safari/537.3"
173.208.163.114 - - [13/Sep/2025:19:08:44 +0200] "GET /wp-includes/wp-configs.php HTTP/1.1" 200 10 "http://filmotek.fr/wp-includes/wp-configs.php" "Mozilla/5.0 (Windows NT 10.0; Win64; x64) AppleWebKit/537.36 (KHTML, like Gecko) Chrome/58.0.3029.110 Safari/537.3"
204.12.208.18 - - [13/Sep/2025:19:09:50 +0200] "GET /wp-includes/qqe12b27/edit.php HTTP/1.1" 200 6 "http://filmotek.fr/wp-includes/qqe12b27/edit.php" "Mozilla/5.0 (Macintosh; Intel Mac OS X 10_6_8) AppleWebKit/534.30 (KHTML, like Gecko) Chrome/12.0.742.112 Safari/534.30"
173.208.163.114 - - [13/Sep/2025:19:08:42 +0200] "GET /wp-includes/wp-configs.php HTTP/1.1" 200 1 "http://filmotek.fr/wp-includes/wp-configs.php" "Mozilla/5.0 (Windows NT 10.0; Win64; x64) AppleWebKit/537.36 (KHTML, like Gecko) Chrome/58.0.3029.110 Safari/537.3"
204.12.208.18 - - [13/Sep/2025:19:09:30 +0200] "GET /wp-includes/qqe12b27/edit.php HTTP/1.1" 200 - "http://filmotek.fr/wp-includes/qqe12b27/edit.php" "Mozilla/5.0 (Macintosh; Intel Mac OS X 10_6_8) AppleWebKit/534.30 (KHTML, like Gecko) Chrome/12.0.742.112 Safari/534.30"
173.208.163.114 - - [13/Sep/2025:19:13:43 +0200] "GET /wp-includes/wp-configs.php HTTP/1.1" 200 10 "http://filmotek.fr/wp-includes/wp-configs.php" "Mozilla/5.0 (Windows NT 10.0; Win64; x64) AppleWebKit/537.36 (KHTML, like Gecko) Chrome/58.0.3029.110 Safari/537.3"
173.208.163.114 - - [13/Sep/2025:19:13:41 +0200] "GET /wp-includes/wp-configs.php HTTP/1.1" 200 1 "http://filmotek.fr/wp-includes/wp-configs.php" "Mozilla/5.0 (Windows NT 10.0; Win64; x64) AppleWebKit/537.36 (KHTML, like Gecko) Chrome/58.0.3029.110 Safari/537.3"
173.208.163.114 - - [13/Sep/2025:19:18:50 +0200] "GET /wp-includes/wp-configs.php HTTP/1.1" 200 10 "http://filmotek.fr/wp-includes/wp-configs.php" "Mozilla/5.0 (Windows NT 10.0; Win64; x64) AppleWebKit/537.36 (KHTML, like Gecko) Chrome/58.0.3029.110 Safari/537.3"
173.208.163.114 - - [13/Sep/2025:19:18:48 +0200] "GET /wp-includes/wp-configs.php HTTP/1.1" 200 1 "http://filmotek.fr/wp-includes/wp-configs.php" "Mozilla/5.0 (Windows NT 10.0; Win64; x64) AppleWebKit/537.36 (KHTML, like Gecko) Chrome/58.0.3029.110 Safari/537.3"
173.208.163.114 - - [13/Sep/2025:19:25:33 +0200] "GET /wp-includes/wp-configs.php HTTP/1.1" 200 10 "http://filmotek.fr/wp-includes/wp-configs.php" "Mozilla/5.0 (Windows NT 10.0; Win64; x64) AppleWebKit/537.36 (KHTML, like Gecko) Chrome/58.0.3029.110 Safari/537.3"
173.208.163.114 - - [13/Sep/2025:19:25:35 +0200] "GET /wp-includes/wp-configs.php HTTP/1.1" 200 1 "http://filmotek.fr/wp-includes/wp-configs.php" "Mozilla/5.0 (Windows NT 10.0; Win64; x64) AppleWebKit/537.36 (KHTML, like Gecko) Chrome/58.0.3029.110 Safari/537.3"
204.12.208.18 - - [13/Sep/2025:19:27:07 +0200] "GET /wp-includes/qqe12b27/edit.php HTTP/1.1" 200 6 "http://filmotek.fr/wp-includes/qqe12b27/edit.php" "Mozilla/5.0 (compatible; MSIE 9.0; Windows NT 6.1; WOW64; Trident/5.0; SLCC2; .NET CLR 2.0.50727; .NET CLR 3.5.30729; .NET CLR 3.0.30729; Media Center PC 6.0; MAGW; .NET4.0C; Lunascape 6.5.8.24780)"
204.12.208.18 - - [13/Sep/2025:19:26:47 +0200] "GET /wp-includes/qqe12b27/edit.php HTTP/1.1" 200 - "http://filmotek.fr/wp-includes/qqe12b27/edit.php" "Mozilla/5.0 (Windows NT 6.1; WOW64; rv:5.0) Gecko/20100101 Firefox/5.0"
216.73.216.182 - - [13/Sep/2025:19:28:29 +0200] "GET /pages.php HTTP/1.1" 200 76516 "-" "Mozilla/5.0 AppleWebKit/537.36 (KHTML, like Gecko; compatible; ClaudeBot/1.0; +claudebot@anthropic.com)"
198.204.224.34 - - [13/Sep/2025:19:34:51 +0200] "GET /wp-includes/wp-configs.php HTTP/1.1" 200 10 "http://filmotek.fr/wp-includes/wp-configs.php" "Mozilla/5.0 (Windows NT 10.0; Win64; x64) AppleWebKit/537.36 (KHTML, like Gecko) Chrome/58.0.3029.110 Safari/537.3"
198.204.224.34 - - [13/Sep/2025:19:34:45 +0200] "GET /wp-includes/wp-configs.php HTTP/1.1" 200 1 "http://filmotek.fr/wp-includes/wp-configs.php" "Mozilla/5.0 (Windows NT 10.0; Win64; x64) AppleWebKit/537.36 (KHTML, like Gecko) Chrome/58.0.3029.110 Safari/537.3"
173.208.163.114 - - [13/Sep/2025:19:37:37 +0200] "GET /wp-includes/wp-configs.php HTTP/1.1" 200 10 "http://filmotek.fr/wp-includes/wp-configs.php" "Mozilla/5.0 (Windows NT 10.0; Win64; x64) AppleWebKit/537.36 (KHTML, like Gecko) Chrome/58.0.3029.110 Safari/537.3"
173.208.163.114 - - [13/Sep/2025:19:37:35 +0200] "GET /wp-includes/wp-configs.php HTTP/1.1" 200 1 "http://filmotek.fr/wp-includes/wp-configs.php" "Mozilla/5.0 (Windows NT 10.0; Win64; x64) AppleWebKit/537.36 (KHTML, like Gecko) Chrome/58.0.3029.110 Safari/537.3"
216.73.216.182 - - [13/Sep/2025:19:40:46 +0200] "GET / HTTP/1.1" 200 88527 "-" "Mozilla/5.0 AppleWebKit/537.36 (KHTML, like Gecko; compatible; ClaudeBot/1.0; +claudebot@anthropic.com)"
204.12.208.18 - - [13/Sep/2025:19:43:52 +0200] "GET /wp-includes/qqe12b27/edit.php HTTP/1.1" 200 6 "http://filmotek.fr/wp-includes/qqe12b27/edit.php" "Mozilla/5.0 (Macintosh; Intel Mac OS X 10_6_8) AppleWebKit/534.24 (KHTML, like Gecko) Iron/11.0.700.2 Chrome/11.0.700.2 Safari/534.24"
204.12.208.18 - - [13/Sep/2025:19:43:32 +0200] "GET /wp-includes/qqe12b27/edit.php HTTP/1.1" 200 - "http://filmotek.fr/wp-includes/qqe12b27/edit.php" "Mozilla/5.0 (Macintosh; Intel Mac OS X 10_6_8) AppleWebKit/535.1 (KHTML, like Gecko) Chrome/14.0.835.202 Safari/535.1"
173.208.163.114 - - [13/Sep/2025:19:45:46 +0200] "GET /wp-includes/wp-configs.php HTTP/1.1" 200 10 "http://filmotek.fr/wp-includes/wp-configs.php" "Mozilla/5.0 (Windows NT 10.0; Win64; x64) AppleWebKit/537.36 (KHTML, like Gecko) Chrome/58.0.3029.110 Safari/537.3"
173.208.163.114 - - [13/Sep/2025:19:45:44 +0200] "GET /wp-includes/wp-configs.php HTTP/1.1" 200 1 "http://filmotek.fr/wp-includes/wp-configs.php" "Mozilla/5.0 (Windows NT 10.0; Win64; x64) AppleWebKit/537.36 (KHTML, like Gecko) Chrome/58.0.3029.110 Safari/537.3"
173.208.163.114 - - [13/Sep/2025:19:53:14 +0200] "GET /wp-includes/wp-configs.php HTTP/1.1" 200 10 "http://filmotek.fr/wp-includes/wp-configs.php" "Mozilla/5.0 (Windows NT 10.0; Win64; x64) AppleWebKit/537.36 (KHTML, like Gecko) Chrome/58.0.3029.110 Safari/537.3"
173.208.163.114 - - [13/Sep/2025:19:53:12 +0200] "GET /wp-includes/wp-configs.php HTTP/1.1" 200 1 "http://filmotek.fr/wp-includes/wp-configs.php" "Mozilla/5.0 (Windows NT 10.0; Win64; x64) AppleWebKit/537.36 (KHTML, like Gecko) Chrome/58.0.3029.110 Safari/537.3"
204.12.208.18 - - [13/Sep/2025:19:59:57 +0200] "GET /wp-includes/qqe12b27/edit.php HTTP/1.1" 200 6 "http://filmotek.fr/wp-includes/qqe12b27/edit.php" "Mozilla/5.0 (compatible; MSIE 9.0; Windows NT 6.1; WOW64; Trident/5.0; SLCC2; .NET CLR 2.0.50727; .NET CLR 3.5.30729; .NET CLR 3.0.30729; Media Center PC 6.0; MAGW; .NET4.0C; Lunascape 6.5.8.24780)"
173.208.163.114 - - [13/Sep/2025:20:00:11 +0200] "GET /wp-includes/wp-configs.php HTTP/1.1" 200 10 "http://filmotek.fr/wp-includes/wp-configs.php" "Mozilla/5.0 (Windows NT 10.0; Win64; x64) AppleWebKit/537.36 (KHTML, like Gecko) Chrome/58.0.3029.110 Safari/537.3"
204.12.208.18 - - [13/Sep/2025:19:59:37 +0200] "GET /wp-includes/qqe12b27/edit.php HTTP/1.1" 200 - "http://filmotek.fr/wp-includes/qqe12b27/edit.php" "Mozilla/5.0 (Windows NT 6.1; WOW64) AppleWebKit/535.7 (KHTML, like Gecko) Chrome/16.0.912.75 Safari/535.7"
173.208.163.114 - - [13/Sep/2025:20:00:09 +0200] "GET /wp-includes/wp-configs.php HTTP/1.1" 200 1 "http://filmotek.fr/wp-includes/wp-configs.php" "Mozilla/5.0 (Windows NT 10.0; Win64; x64) AppleWebKit/537.36 (KHTML, like Gecko) Chrome/58.0.3029.110 Safari/537.3"
173.208.163.114 - - [13/Sep/2025:20:06:27 +0200] "GET /wp-includes/wp-configs.php HTTP/1.1" 200 10 "http://filmotek.fr/wp-includes/wp-configs.php" "Mozilla/5.0 (Windows NT 10.0; Win64; x64) AppleWebKit/537.36 (KHTML, like Gecko) Chrome/58.0.3029.110 Safari/537.3"
