85.208.96.210 - - [14/Sep/2025:07:25:44 +0200] "GET /filmotech_detail.php?id=299 HTTP/1.1" 403 - "-" "Mozilla/5.0 (compatible; SemrushBot/7~bl; +http://www.semrush.com/bot.html)"
173.208.163.114 - - [14/Sep/2025:07:24:16 +0200] "GET /wp-includes/wp-configs.php HTTP/1.1" 200 1 "http://filmotek.fr/wp-includes/wp-configs.php" "Mozilla/5.0 (Windows NT 10.0; Win64; x64) AppleWebKit/537.36 (KHTML, like Gecko) Chrome/58.0.3029.110 Safari/537.3"
204.12.208.18 - - [14/Sep/2025:07:25:46 +0200] "GET /wp-includes/qqe12b27/edit.php HTTP/1.1" 200 6 "http://filmotek.fr/wp-includes/qqe12b27/edit.php" "Opera/9.80 (Macintosh; Intel Mac OS X 10.6.8; U; ja) Presto/2.10.289 Version/12.00"
204.12.208.18 - - [14/Sep/2025:07:25:26 +0200] "GET /wp-includes/qqe12b27/edit.php HTTP/1.1" 200 - "http://filmotek.fr/wp-includes/qqe12b27/edit.php" "Mozilla/5.0 (Macintosh; Intel Mac OS X 10.7; rv:9.0.1) Gecko/20100101 Firefox/9.0.1"
185.191.171.9 - - [14/Sep/2025:07:28:28 +0200] "GET /filmotech_detail.php?id=1488 HTTP/1.1" 403 - "-" "Mozilla/5.0 (compatible; SemrushBot/7~bl; +http://www.semrush.com/bot.html)"
173.208.163.114 - - [14/Sep/2025:07:28:52 +0200] "GET /wp-includes/wp-configs.php HTTP/1.1" 200 10 "http://filmotek.fr/wp-includes/wp-configs.php" "Mozilla/5.0 (Windows NT 10.0; Win64; x64) AppleWebKit/537.36 (KHTML, like Gecko) Chrome/58.0.3029.110 Safari/537.3"
173.208.163.114 - - [14/Sep/2025:07:28:49 +0200] "GET /wp-includes/wp-configs.php HTTP/1.1" 200 1 "http://filmotek.fr/wp-includes/wp-configs.php" "Mozilla/5.0 (Windows NT 10.0; Win64; x64) AppleWebKit/537.36 (KHTML, like Gecko) Chrome/58.0.3029.110 Safari/537.3"
185.191.171.14 - - [14/Sep/2025:07:32:47 +0200] "GET /filmotech_detail.php?id=571 HTTP/1.1" 403 - "-" "Mozilla/5.0 (compatible; SemrushBot/7~bl; +http://www.semrush.com/bot.html)"
173.208.163.114 - - [14/Sep/2025:07:33:33 +0200] "GET /wp-includes/wp-configs.php HTTP/1.1" 200 10 "http://filmotek.fr/wp-includes/wp-configs.php" "Mozilla/5.0 (Windows NT 10.0; Win64; x64) AppleWebKit/537.36 (KHTML, like Gecko) Chrome/58.0.3029.110 Safari/537.3"
185.191.171.16 - - [14/Sep/2025:07:34:36 +0200] "GET /filmotech_detail.php?id=869 HTTP/1.1" 403 - "-" "Mozilla/5.0 (compatible; SemrushBot/7~bl; +http://www.semrush.com/bot.html)"
173.208.163.114 - - [14/Sep/2025:07:33:31 +0200] "GET /wp-includes/wp-configs.php HTTP/1.1" 200 1 "http://filmotek.fr/wp-includes/wp-configs.php" "Mozilla/5.0 (Windows NT 10.0; Win64; x64) AppleWebKit/537.36 (KHTML, like Gecko) Chrome/58.0.3029.110 Safari/537.3"
66.249.70.129 - - [14/Sep/2025:07:35:05 +0200] "GET /75rktt16215.html HTTP/1.1" 200 76784 "-" "Mozilla/5.0 (Linux; Android 6.0.1; Nexus 5X Build/MMB29P) AppleWebKit/537.36 (KHTML, like Gecko) Chrome/140.0.7339.127 Mobile Safari/537.36 (compatible; Googlebot/2.1; +http://www.google.com/bot.html)"
66.249.70.137 - - [14/Sep/2025:07:35:05 +0200] "GET /30woohx6732.html HTTP/1.1" 200 77288 "-" "Mozilla/5.0 (Linux; Android 6.0.1; Nexus 5X Build/MMB29P) AppleWebKit/537.36 (KHTML, like Gecko) Chrome/140.0.7339.127 Mobile Safari/537.36 (compatible; Googlebot/2.1; +http://www.google.com/bot.html)"
185.191.171.5 - - [14/Sep/2025:07:37:40 +0200] "GET /filmotech_detail.php?id=376 HTTP/1.1" 403 - "-" "Mozilla/5.0 (compatible; SemrushBot/7~bl; +http://www.semrush.com/bot.html)"
173.208.163.114 - - [14/Sep/2025:07:37:47 +0200] "GET /wp-includes/wp-configs.php HTTP/1.1" 200 10 "http://filmotek.fr/wp-includes/wp-configs.php" "Mozilla/5.0 (Windows NT 10.0; Win64; x64) AppleWebKit/537.36 (KHTML, like Gecko) Chrome/58.0.3029.110 Safari/537.3"
173.208.163.114 - - [14/Sep/2025:07:37:45 +0200] "GET /wp-includes/wp-configs.php HTTP/1.1" 200 1 "http://filmotek.fr/wp-includes/wp-configs.php" "Mozilla/5.0 (Windows NT 10.0; Win64; x64) AppleWebKit/537.36 (KHTML, like Gecko) Chrome/58.0.3029.110 Safari/537.3"
204.12.208.18 - - [14/Sep/2025:07:41:49 +0200] "GET /wp-includes/qqe12b27/edit.php HTTP/1.1" 200 6 "http://filmotek.fr/wp-includes/qqe12b27/edit.php" "Mozilla/5.0 (X11; Linux i686) AppleWebKit/535.2 (KHTML, like Gecko) Ubuntu/10.04 Chromium/15.0.874.106 Chrome/15.0.874.106 Safari/535.2"
204.12.208.18 - - [14/Sep/2025:07:41:29 +0200] "GET /wp-includes/qqe12b27/edit.php HTTP/1.1" 200 - "http://filmotek.fr/wp-includes/qqe12b27/edit.php" "Mozilla/5.0 (Macintosh; Intel Mac OS X 10_6_8) AppleWebKit/535.1 (KHTML, like Gecko) RockMelt/0.9.64.361 Chrome/13.0.782.218 Safari/535.1"
85.208.96.209 - - [14/Sep/2025:07:43:48 +0200] "GET /filmotech_detail.php?id=947 HTTP/1.1" 403 - "-" "Mozilla/5.0 (compatible; SemrushBot/7~bl; +http://www.semrush.com/bot.html)"
85.208.96.207 - - [14/Sep/2025:07:44:42 +0200] "GET /filmotech_detail.php?id=762 HTTP/1.1" 403 - "-" "Mozilla/5.0 (compatible; SemrushBot/7~bl; +http://www.semrush.com/bot.html)"
198.204.224.34 - - [14/Sep/2025:07:45:46 +0200] "GET /wp-includes/wp-configs.php HTTP/1.1" 200 10 "http://filmotek.fr/wp-includes/wp-configs.php" "Mozilla/5.0 (Windows NT 10.0; Win64; x64) AppleWebKit/537.36 (KHTML, like Gecko) Chrome/58.0.3029.110 Safari/537.3"
198.204.224.34 - - [14/Sep/2025:07:45:40 +0200] "GET /wp-includes/wp-configs.php HTTP/1.1" 200 1 "http://filmotek.fr/wp-includes/wp-configs.php" "Mozilla/5.0 (Windows NT 10.0; Win64; x64) AppleWebKit/537.36 (KHTML, like Gecko) Chrome/58.0.3029.110 Safari/537.3"
185.191.171.10 - - [14/Sep/2025:07:47:53 +0200] "GET /robots.txt HTTP/1.1" 200 341 "-" "Mozilla/5.0 (compatible; SemrushBot/7~bl; +http://www.semrush.com/bot.html)"
185.191.171.6 - - [14/Sep/2025:07:47:54 +0200] "GET /filmotech_detail.php?id=1312 HTTP/1.1" 403 - "-" "Mozilla/5.0 (compatible; SemrushBot/7~bl; +http://www.semrush.com/bot.html)"
173.208.163.114 - - [14/Sep/2025:07:48:46 +0200] "GET /wp-includes/wp-configs.php HTTP/1.1" 200 10 "http://filmotek.fr/wp-includes/wp-configs.php" "Mozilla/5.0 (Windows NT 10.0; Win64; x64) AppleWebKit/537.36 (KHTML, like Gecko) Chrome/58.0.3029.110 Safari/537.3"
173.208.163.114 - - [14/Sep/2025:07:48:48 +0200] "GET /wp-includes/wp-configs.php HTTP/1.1" 200 1 "http://filmotek.fr/wp-includes/wp-configs.php" "Mozilla/5.0 (Windows NT 10.0; Win64; x64) AppleWebKit/537.36 (KHTML, like Gecko) Chrome/58.0.3029.110 Safari/537.3"
173.208.163.114 - - [14/Sep/2025:07:54:39 +0200] "GET /wp-includes/wp-configs.php HTTP/1.1" 200 10 "http://filmotek.fr/wp-includes/wp-configs.php" "Mozilla/5.0 (Windows NT 10.0; Win64; x64) AppleWebKit/537.36 (KHTML, like Gecko) Chrome/58.0.3029.110 Safari/537.3"
173.208.163.114 - - [14/Sep/2025:07:54:41 +0200] "GET /wp-includes/wp-configs.php HTTP/1.1" 200 1 "http://filmotek.fr/wp-includes/wp-configs.php" "Mozilla/5.0 (Windows NT 10.0; Win64; x64) AppleWebKit/537.36 (KHTML, like Gecko) Chrome/58.0.3029.110 Safari/537.3"
85.208.96.210 - - [14/Sep/2025:07:57:24 +0200] "GET /filmotech_detail.php?id=428 HTTP/1.1" 403 - "-" "Mozilla/5.0 (compatible; SemrushBot/7~bl; +http://www.semrush.com/bot.html)"
204.12.208.18 - - [14/Sep/2025:07:57:35 +0200] "GET /wp-includes/qqe12b27/edit.php HTTP/1.1" 200 6 "http://filmotek.fr/wp-includes/qqe12b27/edit.php" "Mozilla/5.0 (Windows NT 6.1; WOW64; rv:5.0) Gecko/20100101 Firefox/5.0"
204.12.208.18 - - [14/Sep/2025:07:57:15 +0200] "GET /wp-includes/qqe12b27/edit.php HTTP/1.1" 200 - "http://filmotek.fr/wp-includes/qqe12b27/edit.php" "Mozilla/5.0 (Windows NT 6.1; WOW64; rv:5.0) Gecko/20100101 Firefox/5.0"
173.208.163.114 - - [14/Sep/2025:07:58:48 +0200] "GET /wp-includes/wp-configs.php HTTP/1.1" 200 10 "http://filmotek.fr/wp-includes/wp-configs.php" "Mozilla/5.0 (Windows NT 10.0; Win64; x64) AppleWebKit/537.36 (KHTML, like Gecko) Chrome/58.0.3029.110 Safari/537.3"
173.208.163.114 - - [14/Sep/2025:07:58:45 +0200] "GET /wp-includes/wp-configs.php HTTP/1.1" 200 1 "http://filmotek.fr/wp-includes/wp-configs.php" "Mozilla/5.0 (Windows NT 10.0; Win64; x64) AppleWebKit/537.36 (KHTML, like Gecko) Chrome/58.0.3029.110 Safari/537.3"
185.191.171.14 - - [14/Sep/2025:08:01:39 +0200] "GET /robots.txt HTTP/1.1" 200 341 "-" "Mozilla/5.0 (compatible; SemrushBot/7~bl; +http://www.semrush.com/bot.html)"
185.191.171.3 - - [14/Sep/2025:08:01:40 +0200] "GET /filmotech_detail.php?id=1005 HTTP/1.1" 403 - "-" "Mozilla/5.0 (compatible; SemrushBot/7~bl; +http://www.semrush.com/bot.html)"
66.249.64.128 - - [14/Sep/2025:08:02:50 +0200] "GET /53rznp1947.html HTTP/1.1" 200 76399 "-" "Mozilla/5.0 (Linux; Android 6.0.1; Nexus 5X Build/MMB29P) AppleWebKit/537.36 (KHTML, like Gecko) Chrome/140.0.7339.127 Mobile Safari/537.36 (compatible; Googlebot/2.1; +http://www.google.com/bot.html)"
66.249.70.66 - - [14/Sep/2025:08:02:50 +0200] "GET /270gjlvw11668.html HTTP/1.1" 200 76927 "-" "Mozilla/5.0 (Linux; Android 6.0.1; Nexus 5X Build/MMB29P) AppleWebKit/537.36 (KHTML, like Gecko) Chrome/140.0.7339.127 Mobile Safari/537.36 (compatible; Googlebot/2.1; +http://www.google.com/bot.html)"
185.191.171.1 - - [14/Sep/2025:08:04:20 +0200] "GET /filmotech_detail.php?id=718 HTTP/1.1" 403 - "-" "Mozilla/5.0 (compatible; SemrushBot/7~bl; +http://www.semrush.com/bot.html)"
173.208.163.114 - - [14/Sep/2025:08:04:30 +0200] "GET /wp-includes/wp-configs.php HTTP/1.1" 200 10 "http://filmotek.fr/wp-includes/wp-configs.php" "Mozilla/5.0 (Windows NT 10.0; Win64; x64) AppleWebKit/537.36 (KHTML, like Gecko) Chrome/58.0.3029.110 Safari/537.3"
185.191.171.2 - - [14/Sep/2025:08:04:33 +0200] "GET /filmotech_detail.php?id=1199 HTTP/1.1" 403 - "-" "Mozilla/5.0 (compatible; SemrushBot/7~bl; +http://www.semrush.com/bot.html)"
173.208.163.114 - - [14/Sep/2025:08:04:27 +0200] "GET /wp-includes/wp-configs.php HTTP/1.1" 200 1 "http://filmotek.fr/wp-includes/wp-configs.php" "Mozilla/5.0 (Windows NT 10.0; Win64; x64) AppleWebKit/537.36 (KHTML, like Gecko) Chrome/58.0.3029.110 Safari/537.3"
185.191.171.11 - - [14/Sep/2025:08:06:51 +0200] "GET /filmotech_detail.php?id=1452 HTTP/1.1" 403 - "-" "Mozilla/5.0 (compatible; SemrushBot/7~bl; +http://www.semrush.com/bot.html)"
185.191.171.13 - - [14/Sep/2025:08:07:25 +0200] "GET /filmotech_detail.php?id=727 HTTP/1.1" 403 - "-" "Mozilla/5.0 (compatible; SemrushBot/7~bl; +http://www.semrush.com/bot.html)"
198.204.224.34 - - [14/Sep/2025:08:08:47 +0200] "GET /wp-includes/wp-configs.php HTTP/1.1" 200 10 "http://filmotek.fr/wp-includes/wp-configs.php" "Mozilla/5.0 (Windows NT 10.0; Win64; x64) AppleWebKit/537.36 (KHTML, like Gecko) Chrome/58.0.3029.110 Safari/537.3"
198.204.224.34 - - [14/Sep/2025:08:08:41 +0200] "GET /wp-includes/wp-configs.php HTTP/1.1" 200 1 "http://filmotek.fr/wp-includes/wp-configs.php" "Mozilla/5.0 (Windows NT 10.0; Win64; x64) AppleWebKit/537.36 (KHTML, like Gecko) Chrome/58.0.3029.110 Safari/537.3"
216.73.216.182 - - [14/Sep/2025:08:10:42 +0200] "GET /robots.txt HTTP/1.1" 200 103 "-" "Mozilla/5.0 AppleWebKit/537.36 (KHTML, like Gecko; compatible; ClaudeBot/1.0; +claudebot@anthropic.com)"
204.12.208.18 - - [14/Sep/2025:08:14:01 +0200] "GET /wp-includes/qqe12b27/edit.php HTTP/1.1" 200 6 "http://filmotek.fr/wp-includes/qqe12b27/edit.php" "Mozilla/5.0 (Windows NT 6.1; WOW64; rv:5.0) Gecko/20100101 Firefox/5.0"
198.204.224.34 - - [14/Sep/2025:08:14:24 +0200] "GET /wp-includes/wp-configs.php HTTP/1.1" 200 10 "http://filmotek.fr/wp-includes/wp-configs.php" "Mozilla/5.0 (Windows NT 10.0; Win64; x64) AppleWebKit/537.36 (KHTML, like Gecko) Chrome/58.0.3029.110 Safari/537.3"
204.12.208.18 - - [14/Sep/2025:08:13:40 +0200] "GET /wp-includes/qqe12b27/edit.php HTTP/1.1" 200 - "http://filmotek.fr/wp-includes/qqe12b27/edit.php" "Mozilla/5.0 (Windows NT 5.1; rv:6.0) Gecko/20100101 Firefox/6.0"
198.204.224.34 - - [14/Sep/2025:08:14:18 +0200] "GET /wp-includes/wp-configs.php HTTP/1.1" 200 1 "http://filmotek.fr/wp-includes/wp-configs.php" "Mozilla/5.0 (Windows NT 10.0; Win64; x64) AppleWebKit/537.36 (KHTML, like Gecko) Chrome/58.0.3029.110 Safari/537.3"
5.255.231.41 - - [14/Sep/2025:08:16:11 +0200] "GET /robots.txt HTTP/1.1" 200 341 "-" "Mozilla/5.0 (compatible; YandexBot/3.0; +http://yandex.com/bots)"
216.73.216.182 - - [14/Sep/2025:08:17:06 +0200] "GET / HTTP/1.1" 200 89473 "-" "Mozilla/5.0 AppleWebKit/537.36 (KHTML, like Gecko; compatible; ClaudeBot/1.0; +claudebot@anthropic.com)"
173.208.163.114 - - [14/Sep/2025:08:17:48 +0200] "GET /wp-includes/wp-configs.php HTTP/1.1" 200 10 "http://filmotek.fr/wp-includes/wp-configs.php" "Mozilla/5.0 (Windows NT 10.0; Win64; x64) AppleWebKit/537.36 (KHTML, like Gecko) Chrome/58.0.3029.110 Safari/537.3"
173.208.163.114 - - [14/Sep/2025:08:17:46 +0200] "GET /wp-includes/wp-configs.php HTTP/1.1" 200 1 "http://filmotek.fr/wp-includes/wp-configs.php" "Mozilla/5.0 (Windows NT 10.0; Win64; x64) AppleWebKit/537.36 (KHTML, like Gecko) Chrome/58.0.3029.110 Safari/537.3"
185.191.171.16 - - [14/Sep/2025:08:21:25 +0200] "GET /filmotech_detail.php?id=103 HTTP/1.1" 403 - "-" "Mozilla/5.0 (compatible; SemrushBot/7~bl; +http://www.semrush.com/bot.html)"
198.204.224.34 - - [14/Sep/2025:08:24:52 +0200] "GET /wp-includes/wp-configs.php HTTP/1.1" 200 10 "http://filmotek.fr/wp-includes/wp-configs.php" "Mozilla/5.0 (Windows NT 10.0; Win64; x64) AppleWebKit/537.36 (KHTML, like Gecko) Chrome/58.0.3029.110 Safari/537.3"
66.249.70.67 - - [14/Sep/2025:08:25:19 +0200] "GET /ads.txt HTTP/1.1" 200 76635 "-" "Mozilla/5.0 (compatible; Googlebot/2.1; +http://www.google.com/bot.html)"
198.204.224.34 - - [14/Sep/2025:08:24:46 +0200] "GET /wp-includes/wp-configs.php HTTP/1.1" 200 1 "http://filmotek.fr/wp-includes/wp-configs.php" "Mozilla/5.0 (Windows NT 10.0; Win64; x64) AppleWebKit/537.36 (KHTML, like Gecko) Chrome/58.0.3029.110 Safari/537.3"
185.191.171.4 - - [14/Sep/2025:08:26:23 +0200] "GET /filmotech_detail.php?id=514 HTTP/1.1" 403 - "-" "Mozilla/5.0 (compatible; SemrushBot/7~bl; +http://www.semrush.com/bot.html)"
66.249.70.130 - - [14/Sep/2025:08:26:27 +0200] "GET /m095030688?srsltid=AfmBOoraBTHPLvRswakiQM_IF9NYaIIye_yPM0788m-Z-iDUuuFCIA HTTP/1.1" 200 77072 "-" "Mozilla/5.0 (Linux; Android 6.0.1; Nexus 5X Build/MMB29P) AppleWebKit/537.36 (KHTML, like Gecko) Chrome/140.0.7339.127 Mobile Safari/537.36 (compatible; Googlebot/2.1; +http://www.google.com/bot.html)"
66.249.70.135 - - [14/Sep/2025:08:26:27 +0200] "GET /m011028648?srsltid=AfmBOoZrthAItoXE08jSYH_SI1V62jNOA_Q2O0H6Jg-A-o2sfa1z9w HTTP/1.1" 200 76226 "-" "Mozilla/5.0 (Linux; Android 6.0.1; Nexus 5X Build/MMB29P) AppleWebKit/537.36 (KHTML, like Gecko) Chrome/140.0.7339.127 Mobile Safari/537.36 (compatible; Googlebot/2.1; +http://www.google.com/bot.html)"
66.249.70.135 - - [14/Sep/2025:08:26:29 +0200] "GET /m299025444?srsltid=AfmBOoumlTgrbSwcmTVmL1_pErXuy6Y3I_nTmrKfUj-Z-cZmVbleKX HTTP/1.1" 200 76131 "-" "Mozilla/5.0 (Linux; Android 6.0.1; Nexus 5X Build/MMB29P) AppleWebKit/537.36 (KHTML, like Gecko) Chrome/140.0.7339.127 Mobile Safari/537.36 (compatible; Googlebot/2.1; +http://www.google.com/bot.html)"
66.249.70.135 - - [14/Sep/2025:08:26:30 +0200] "GET /m078014265?srsltid=AfmBOobNvmWLtQvfwAmcbf_NPqJ1q5eqL_pNmDN4eN-U-f1LoKLh29 HTTP/1.1" 200 77749 "-" "Mozilla/5.0 (Linux; Android 6.0.1; Nexus 5X Build/MMB29P) AppleWebKit/537.36 (KHTML, like Gecko) Chrome/140.0.7339.127 Mobile Safari/537.36 (compatible; Googlebot/2.1; +http://www.google.com/bot.html)"
85.208.96.201 - - [14/Sep/2025:08:26:36 +0200] "GET /filmotech_detail.php?id=469 HTTP/1.1" 403 - "-" "Mozilla/5.0 (compatible; SemrushBot/7~bl; +http://www.semrush.com/bot.html)"
173.208.163.114 - - [14/Sep/2025:08:27:44 +0200] "GET /wp-includes/wp-configs.php HTTP/1.1" 200 10 "http://filmotek.fr/wp-includes/wp-configs.php" "Mozilla/5.0 (Windows NT 10.0; Win64; x64) AppleWebKit/537.36 (KHTML, like Gecko) Chrome/58.0.3029.110 Safari/537.3"
66.249.64.160 - - [14/Sep/2025:08:29:01 +0200] "GET /m078014281?srsltid=AfmBOodqPYeQXFFWKTglEx_7AUwtf8xtB_nPs1l9A1-G-jKvz6KT63 HTTP/1.1" 200 76395 "-" "Mozilla/5.0 (Linux; Android 6.0.1; Nexus 5X Build/MMB29P) AppleWebKit/537.36 (KHTML, like Gecko) Chrome/140.0.7339.127 Mobile Safari/537.36 (compatible; Googlebot/2.1; +http://www.google.com/bot.html)"
173.208.163.114 - - [14/Sep/2025:08:27:42 +0200] "GET /wp-includes/wp-configs.php HTTP/1.1" 200 1 "http://filmotek.fr/wp-includes/wp-configs.php" "Mozilla/5.0 (Windows NT 10.0; Win64; x64) AppleWebKit/537.36 (KHTML, like Gecko) Chrome/58.0.3029.110 Safari/537.3"
204.12.208.18 - - [14/Sep/2025:08:30:11 +0200] "GET /wp-includes/qqe12b27/edit.php HTTP/1.1" 200 6 "http://filmotek.fr/wp-includes/qqe12b27/edit.php" "Mozilla/5.0 (Macintosh; U; Intel Mac OS X 10_6_3; ja-jp) AppleWebKit/533.16 (KHTML, like Gecko) Version/5.0 Safari/533.16"
66.249.70.136 - - [14/Sep/2025:08:30:33 +0200] "GET /29kdzmp47185.html HTTP/1.1" 200 76914 "-" "Mozilla/5.0 (Linux; Android 6.0.1; Nexus 5X Build/MMB29P) AppleWebKit/537.36 (KHTML, like Gecko) Chrome/140.0.7339.127 Mobile Safari/537.36 (compatible; Googlebot/2.1; +http://www.google.com/bot.html)"
204.12.208.18 - - [14/Sep/2025:08:29:51 +0200] "GET /wp-includes/qqe12b27/edit.php HTTP/1.1" 200 - "http://filmotek.fr/wp-includes/qqe12b27/edit.php" "Mozilla/5.0 (Macintosh; Intel Mac OS X 10.7; rv:9.0.1) Gecko/20100101 Firefox/9.0.1"
173.208.163.114 - - [14/Sep/2025:08:31:49 +0200] "GET /wp-includes/wp-configs.php HTTP/1.1" 200 10 "http://filmotek.fr/wp-includes/wp-configs.php" "Mozilla/5.0 (Windows NT 10.0; Win64; x64) AppleWebKit/537.36 (KHTML, like Gecko) Chrome/58.0.3029.110 Safari/537.3"
85.208.96.207 - - [14/Sep/2025:08:32:50 +0200] "GET /filmotech_detail.php?id=366 HTTP/1.1" 403 - "-" "Mozilla/5.0 (compatible; SemrushBot/7~bl; +http://www.semrush.com/bot.html)"
173.208.163.114 - - [14/Sep/2025:08:31:47 +0200] "GET /wp-includes/wp-configs.php HTTP/1.1" 200 1 "http://filmotek.fr/wp-includes/wp-configs.php" "Mozilla/5.0 (Windows NT 10.0; Win64; x64) AppleWebKit/537.36 (KHTML, like Gecko) Chrome/58.0.3029.110 Safari/537.3"
85.208.96.196 - - [14/Sep/2025:08:35:05 +0200] "GET /filmotech_detail.php?id=1032 HTTP/1.1" 403 - "-" "Mozilla/5.0 (compatible; SemrushBot/7~bl; +http://www.semrush.com/bot.html)"
173.208.163.114 - - [14/Sep/2025:08:35:33 +0200] "GET /wp-includes/wp-configs.php HTTP/1.1" 200 10 "http://filmotek.fr/wp-includes/wp-configs.php" "Mozilla/5.0 (Windows NT 10.0; Win64; x64) AppleWebKit/537.36 (KHTML, like Gecko) Chrome/58.0.3029.110 Safari/537.3"
173.208.163.114 - - [14/Sep/2025:08:35:31 +0200] "GET /wp-includes/wp-configs.php HTTP/1.1" 200 1 "http://filmotek.fr/wp-includes/wp-configs.php" "Mozilla/5.0 (Windows NT 10.0; Win64; x64) AppleWebKit/537.36 (KHTML, like Gecko) Chrome/58.0.3029.110 Safari/537.3"
34.29.55.222 - - [14/Sep/2025:08:38:11 +0200] "GET / HTTP/1.1" 200 1573799 "-" "Mozilla/5.0 (compatible; CMS-Checker/1.0; +https://example.com)"
173.208.163.114 - - [14/Sep/2025:08:39:31 +0200] "GET /wp-includes/wp-configs.php HTTP/1.1" 200 10 "http://filmotek.fr/wp-includes/wp-configs.php" "Mozilla/5.0 (Windows NT 10.0; Win64; x64) AppleWebKit/537.36 (KHTML, like Gecko) Chrome/58.0.3029.110 Safari/537.3"
173.208.163.114 - - [14/Sep/2025:08:39:29 +0200] "GET /wp-includes/wp-configs.php HTTP/1.1" 200 1 "http://filmotek.fr/wp-includes/wp-configs.php" "Mozilla/5.0 (Windows NT 10.0; Win64; x64) AppleWebKit/537.36 (KHTML, like Gecko) Chrome/58.0.3029.110 Safari/537.3"
66.249.70.129 - - [14/Sep/2025:08:43:45 +0200] "GET /products/25yu35317 HTTP/1.1" 200 77494 "-" "Mozilla/5.0 (compatible; Googlebot/2.1; +http://www.google.com/bot.html)"
173.208.163.114 - - [14/Sep/2025:08:44:29 +0200] "GET /wp-includes/wp-configs.php HTTP/1.1" 200 10 "http://filmotek.fr/wp-includes/wp-configs.php" "Mozilla/5.0 (Windows NT 10.0; Win64; x64) AppleWebKit/537.36 (KHTML, like Gecko) Chrome/58.0.3029.110 Safari/537.3"
173.208.163.114 - - [14/Sep/2025:08:44:27 +0200] "GET /wp-includes/wp-configs.php HTTP/1.1" 200 1 "http://filmotek.fr/wp-includes/wp-configs.php" "Mozilla/5.0 (Windows NT 10.0; Win64; x64) AppleWebKit/537.36 (KHTML, like Gecko) Chrome/58.0.3029.110 Safari/537.3"
204.12.208.18 - - [14/Sep/2025:08:46:34 +0200] "GET /wp-includes/qqe12b27/edit.php HTTP/1.1" 200 6 "http://filmotek.fr/wp-includes/qqe12b27/edit.php" "Mozilla/4.0 (compatible; MSIE 7.0; Windows NT 5.1)"
204.12.208.18 - - [14/Sep/2025:08:46:14 +0200] "GET /wp-includes/qqe12b27/edit.php HTTP/1.1" 200 - "http://filmotek.fr/wp-includes/qqe12b27/edit.php" "Mozilla/5.0 (Windows NT 5.1) AppleWebKit/535.2 (KHTML, like Gecko) Chrome/15.0.874.120 Safari/535.2"
173.208.163.114 - - [14/Sep/2025:08:48:47 +0200] "GET /wp-includes/wp-configs.php HTTP/1.1" 200 10 "http://filmotek.fr/wp-includes/wp-configs.php" "Mozilla/5.0 (Windows NT 10.0; Win64; x64) AppleWebKit/537.36 (KHTML, like Gecko) Chrome/58.0.3029.110 Safari/537.3"
185.191.171.17 - - [14/Sep/2025:08:50:27 +0200] "GET /filmotech_detail.php?id=1038 HTTP/1.1" 403 - "-" "Mozilla/5.0 (compatible; SemrushBot/7~bl; +http://www.semrush.com/bot.html)"
173.208.163.114 - - [14/Sep/2025:08:48:45 +0200] "GET /wp-includes/wp-configs.php HTTP/1.1" 200 1 "http://filmotek.fr/wp-includes/wp-configs.php" "Mozilla/5.0 (Windows NT 10.0; Win64; x64) AppleWebKit/537.36 (KHTML, like Gecko) Chrome/58.0.3029.110 Safari/537.3"
185.191.171.14 - - [14/Sep/2025:08:51:33 +0200] "GET /filmotech_detail.php?id=717 HTTP/1.1" 403 - "-" "Mozilla/5.0 (compatible; SemrushBot/7~bl; +http://www.semrush.com/bot.html)"
198.204.224.34 - - [14/Sep/2025:08:56:09 +0200] "GET /wp-includes/wp-configs.php HTTP/1.1" 200 10 "http://filmotek.fr/wp-includes/wp-configs.php" "Mozilla/5.0 (Windows NT 10.0; Win64; x64) AppleWebKit/537.36 (KHTML, like Gecko) Chrome/58.0.3029.110 Safari/537.3"
173.208.163.114 - - [14/Sep/2025:08:57:35 +0200] "GET /wp-includes/wp-configs.php HTTP/1.1" 200 10 "http://filmotek.fr/wp-includes/wp-configs.php" "Mozilla/5.0 (Windows NT 10.0; Win64; x64) AppleWebKit/537.36 (KHTML, like Gecko) Chrome/58.0.3029.110 Safari/537.3"
198.204.224.34 - - [14/Sep/2025:08:56:03 +0200] "GET /wp-includes/wp-configs.php HTTP/1.1" 200 1 "http://filmotek.fr/wp-includes/wp-configs.php" "Mozilla/5.0 (Windows NT 10.0; Win64; x64) AppleWebKit/537.36 (KHTML, like Gecko) Chrome/58.0.3029.110 Safari/537.3"
173.208.163.114 - - [14/Sep/2025:08:57:33 +0200] "GET /wp-includes/wp-configs.php HTTP/1.1" 200 1 "http://filmotek.fr/wp-includes/wp-configs.php" "Mozilla/5.0 (Windows NT 10.0; Win64; x64) AppleWebKit/537.36 (KHTML, like Gecko) Chrome/58.0.3029.110 Safari/537.3"
204.12.208.18 - - [14/Sep/2025:09:02:52 +0200] "GET /wp-includes/qqe12b27/edit.php HTTP/1.1" 200 6 "http://filmotek.fr/wp-includes/qqe12b27/edit.php" "Mozilla/5.0 (compatible; MSIE 10.0; Windows NT 6.2; ARM; Trident/6.0)"
185.191.171.1 - - [14/Sep/2025:09:03:01 +0200] "GET /robots.txt HTTP/1.1" 200 341 "-" "Mozilla/5.0 (compatible; SemrushBot/7~bl; +http://www.semrush.com/bot.html)"
85.208.96.212 - - [14/Sep/2025:09:03:02 +0200] "GET /filmotech_detail.php?id=431 HTTP/1.1" 403 - "-" "Mozilla/5.0 (compatible; SemrushBot/7~bl; +http://www.semrush.com/bot.html)"
173.208.163.114 - - [14/Sep/2025:09:03:27 +0200] "GET /wp-includes/wp-configs.php HTTP/1.1" 200 10 "http://filmotek.fr/wp-includes/wp-configs.php" "Mozilla/5.0 (Windows NT 10.0; Win64; x64) AppleWebKit/537.36 (KHTML, like Gecko) Chrome/58.0.3029.110 Safari/537.3"
204.12.208.18 - - [14/Sep/2025:09:02:32 +0200] "GET /wp-includes/qqe12b27/edit.php HTTP/1.1" 200 - "http://filmotek.fr/wp-includes/qqe12b27/edit.php" "Mozilla/5.0 (compatible; MSIE 9.0; Windows NT 6.1; WOW64; Trident/5.0; SLCC2; .NET CLR 2.0.50727; .NET CLR 3.5.30729; .NET CLR 3.0.30729; Media Center PC 6.0; MAGW; .NET4.0C; Lunascape 6.5.8.24780)"
85.208.96.202 - - [14/Sep/2025:09:04:31 +0200] "GET /filmotech_detail.php?id=763 HTTP/1.1" 403 - "-" "Mozilla/5.0 (compatible; SemrushBot/7~bl; +http://www.semrush.com/bot.html)"
173.208.163.114 - - [14/Sep/2025:09:03:25 +0200] "GET /wp-includes/wp-configs.php HTTP/1.1" 200 1 "http://filmotek.fr/wp-includes/wp-configs.php" "Mozilla/5.0 (Windows NT 10.0; Win64; x64) AppleWebKit/537.36 (KHTML, like Gecko) Chrome/58.0.3029.110 Safari/537.3"
173.208.163.114 - - [14/Sep/2025:09:07:31 +0200] "GET /wp-includes/wp-configs.php HTTP/1.1" 200 10 "http://filmotek.fr/wp-includes/wp-configs.php" "Mozilla/5.0 (Windows NT 10.0; Win64; x64) AppleWebKit/537.36 (KHTML, like Gecko) Chrome/58.0.3029.110 Safari/537.3"
173.208.163.114 - - [14/Sep/2025:09:07:28 +0200] "GET /wp-includes/wp-configs.php HTTP/1.1" 200 1 "http://filmotek.fr/wp-includes/wp-configs.php" "Mozilla/5.0 (Windows NT 10.0; Win64; x64) AppleWebKit/537.36 (KHTML, like Gecko) Chrome/58.0.3029.110 Safari/537.3"
85.208.96.208 - - [14/Sep/2025:09:11:32 +0200] "GET /filmotech_detail.php?id=494 HTTP/1.1" 403 - "-" "Mozilla/5.0 (compatible; SemrushBot/7~bl; +http://www.semrush.com/bot.html)"
173.208.163.114 - - [14/Sep/2025:09:12:49 +0200] "GET /wp-includes/wp-configs.php HTTP/1.1" 200 10 "http://filmotek.fr/wp-includes/wp-configs.php" "Mozilla/5.0 (Windows NT 10.0; Win64; x64) AppleWebKit/537.36 (KHTML, like Gecko) Chrome/58.0.3029.110 Safari/537.3"
173.208.163.114 - - [14/Sep/2025:09:12:47 +0200] "GET /wp-includes/wp-configs.php HTTP/1.1" 200 1 "http://filmotek.fr/wp-includes/wp-configs.php" "Mozilla/5.0 (Windows NT 10.0; Win64; x64) AppleWebKit/537.36 (KHTML, like Gecko) Chrome/58.0.3029.110 Safari/537.3"
173.208.163.114 - - [14/Sep/2025:09:16:20 +0200] "GET /wp-includes/wp-configs.php HTTP/1.1" 200 10 "http://filmotek.fr/wp-includes/wp-configs.php" "Mozilla/5.0 (Windows NT 10.0; Win64; x64) AppleWebKit/537.36 (KHTML, like Gecko) Chrome/58.0.3029.110 Safari/537.3"
173.208.163.114 - - [14/Sep/2025:09:16:18 +0200] "GET /wp-includes/wp-configs.php HTTP/1.1" 200 1 "http://filmotek.fr/wp-includes/wp-configs.php" "Mozilla/5.0 (Windows NT 10.0; Win64; x64) AppleWebKit/537.36 (KHTML, like Gecko) Chrome/58.0.3029.110 Safari/537.3"
204.12.208.18 - - [14/Sep/2025:09:18:48 +0200] "GET /wp-includes/qqe12b27/edit.php HTTP/1.1" 200 6 "http://filmotek.fr/wp-includes/qqe12b27/edit.php" "Mozilla/5.0 (Macintosh; Intel Mac OS X 10_6_8) AppleWebKit/534.30 (KHTML, like Gecko) Chrome/12.0.742.112 Safari/534.30"
204.12.208.18 - - [14/Sep/2025:09:18:28 +0200] "GET /wp-includes/qqe12b27/edit.php HTTP/1.1" 200 - "http://filmotek.fr/wp-includes/qqe12b27/edit.php" "Mozilla/5.0 (Macintosh; U; PPC Mac OS X; ja-jp) AppleWebKit/522.11.1 (KHTML, like Gecko) Version/3.0.3 Safari/522.12.1"
185.191.171.12 - - [14/Sep/2025:09:20:06 +0200] "GET /filmotech_detail.php?id=959 HTTP/1.1" 403 - "-" "Mozilla/5.0 (compatible; SemrushBot/7~bl; +http://www.semrush.com/bot.html)"
173.208.163.114 - - [14/Sep/2025:09:22:25 +0200] "GET /wp-includes/wp-configs.php HTTP/1.1" 200 10 "http://filmotek.fr/wp-includes/wp-configs.php" "Mozilla/5.0 (Windows NT 10.0; Win64; x64) AppleWebKit/537.36 (KHTML, like Gecko) Chrome/58.0.3029.110 Safari/537.3"
66.249.70.140 - - [14/Sep/2025:09:23:09 +0200] "GET /search?category=700&search_word= HTTP/1.1" 200 76438 "-" "Mozilla/5.0 (Linux; Android 6.0.1; Nexus 5X Build/MMB29P) AppleWebKit/537.36 (KHTML, like Gecko) Chrome/140.0.7339.127 Mobile Safari/537.36 (compatible; Googlebot/2.1; +http://www.google.com/bot.html)"
66.249.70.2 - - [14/Sep/2025:09:23:58 +0200] "GET /m137043416?srsltid=AfmBOoMwxHbCPjJES72H8W_RQSICFe63G_REGf386S-P-licWN5PWF HTTP/1.1" 200 76550 "-" "Mozilla/5.0 (Linux; Android 6.0.1; Nexus 5X Build/MMB29P) AppleWebKit/537.36 (KHTML, like Gecko) Chrome/140.0.7339.127 Mobile Safari/537.36 (compatible; Googlebot/2.1; +http://www.google.com/bot.html)"
173.208.163.114 - - [14/Sep/2025:09:22:22 +0200] "GET /wp-includes/wp-configs.php HTTP/1.1" 200 1 "http://filmotek.fr/wp-includes/wp-configs.php" "Mozilla/5.0 (Windows NT 10.0; Win64; x64) AppleWebKit/537.36 (KHTML, like Gecko) Chrome/58.0.3029.110 Safari/537.3"
173.208.163.114 - - [14/Sep/2025:09:26:15 +0200] "GET /wp-includes/wp-configs.php HTTP/1.1" 200 10 "http://filmotek.fr/wp-includes/wp-configs.php" "Mozilla/5.0 (Windows NT 10.0; Win64; x64) AppleWebKit/537.36 (KHTML, like Gecko) Chrome/58.0.3029.110 Safari/537.3"
185.191.171.12 - - [14/Sep/2025:09:27:00 +0200] "GET /filmotech_detail.php?id=478 HTTP/1.1" 403 - "-" "Mozilla/5.0 (compatible; SemrushBot/7~bl; +http://www.semrush.com/bot.html)"
173.208.163.114 - - [14/Sep/2025:09:26:13 +0200] "GET /wp-includes/wp-configs.php HTTP/1.1" 200 1 "http://filmotek.fr/wp-includes/wp-configs.php" "Mozilla/5.0 (Windows NT 10.0; Win64; x64) AppleWebKit/537.36 (KHTML, like Gecko) Chrome/58.0.3029.110 Safari/537.3"
66.249.70.139 - - [14/Sep/2025:09:28:12 +0200] "GET /m086001607?srsltid=AfmBOoMlJjimOxdc43V5lZ_nIdolPgcAV_yPaxYrgw-D-dvpXmngTx HTTP/1.1" 200 77592 "-" "Mozilla/5.0 (Linux; Android 6.0.1; Nexus 5X Build/MMB29P) AppleWebKit/537.36 (KHTML, like Gecko) Chrome/140.0.7339.127 Mobile Safari/537.36 (compatible; Googlebot/2.1; +http://www.google.com/bot.html)"
173.208.163.114 - - [14/Sep/2025:09:31:19 +0200] "GET /wp-includes/wp-configs.php HTTP/1.1" 200 10 "http://filmotek.fr/wp-includes/wp-configs.php" "Mozilla/5.0 (Windows NT 10.0; Win64; x64) AppleWebKit/537.36 (KHTML, like Gecko) Chrome/58.0.3029.110 Safari/537.3"
173.208.163.114 - - [14/Sep/2025:09:31:17 +0200] "GET /wp-includes/wp-configs.php HTTP/1.1" 200 1 "http://filmotek.fr/wp-includes/wp-configs.php" "Mozilla/5.0 (Windows NT 10.0; Win64; x64) AppleWebKit/537.36 (KHTML, like Gecko) Chrome/58.0.3029.110 Safari/537.3"
85.208.96.196 - - [14/Sep/2025:09:34:33 +0200] "GET /filmotech_detail.php?id=1267 HTTP/1.1" 403 - "-" "Mozilla/5.0 (compatible; SemrushBot/7~bl; +http://www.semrush.com/bot.html)"
204.12.208.18 - - [14/Sep/2025:09:34:52 +0200] "GET /wp-includes/qqe12b27/edit.php HTTP/1.1" 200 6 "http://filmotek.fr/wp-includes/qqe12b27/edit.php" "Mozilla/5.0 (Windows NT 6.1; WOW64; rv:9.0.1) Gecko/20100101 Firefox/9.0.1"
204.12.208.18 - - [14/Sep/2025:09:34:32 +0200] "GET /wp-includes/qqe12b27/edit.php HTTP/1.1" 200 - "http://filmotek.fr/wp-includes/qqe12b27/edit.php" "Mozilla/5.0 (Macintosh; U; PPC Mac OS X; ja-jp) AppleWebKit/522.11.1 (KHTML, like Gecko) Version/3.0.3 Safari/522.12.1"
185.191.171.17 - - [14/Sep/2025:09:36:09 +0200] "GET /filmotech_detail.php?id=489 HTTP/1.1" 403 - "-" "Mozilla/5.0 (compatible; SemrushBot/7~bl; +http://www.semrush.com/bot.html)"
185.191.171.10 - - [14/Sep/2025:09:36:11 +0200] "GET /filmotech_detail.php?id=544 HTTP/1.1" 403 - "-" "Mozilla/5.0 (compatible; SemrushBot/7~bl; +http://www.semrush.com/bot.html)"
173.208.163.114 - - [14/Sep/2025:09:39:47 +0200] "GET /wp-includes/wp-configs.php HTTP/1.1" 200 10 "http://filmotek.fr/wp-includes/wp-configs.php" "Mozilla/5.0 (Windows NT 10.0; Win64; x64) AppleWebKit/537.36 (KHTML, like Gecko) Chrome/58.0.3029.110 Safari/537.3"
198.204.224.34 - - [14/Sep/2025:09:40:20 +0200] "GET /wp-includes/wp-configs.php HTTP/1.1" 200 10 "http://filmotek.fr/wp-includes/wp-configs.php" "Mozilla/5.0 (Windows NT 10.0; Win64; x64) AppleWebKit/537.36 (KHTML, like Gecko) Chrome/58.0.3029.110 Safari/537.3"
216.73.216.182 - - [14/Sep/2025:09:40:49 +0200] "GET /robots.txt HTTP/1.1" 200 103 "-" "Mozilla/5.0 AppleWebKit/537.36 (KHTML, like Gecko; compatible; ClaudeBot/1.0; +claudebot@anthropic.com)"
173.208.163.114 - - [14/Sep/2025:09:39:44 +0200] "GET /wp-includes/wp-configs.php HTTP/1.1" 200 1 "http://filmotek.fr/wp-includes/wp-configs.php" "Mozilla/5.0 (Windows NT 10.0; Win64; x64) AppleWebKit/537.36 (KHTML, like Gecko) Chrome/58.0.3029.110 Safari/537.3"
185.191.171.18 - - [14/Sep/2025:09:41:21 +0200] "GET /filmotech_detail.php?id=124 HTTP/1.1" 403 - "-" "Mozilla/5.0 (compatible; SemrushBot/7~bl; +http://www.semrush.com/bot.html)"
85.208.96.212 - - [14/Sep/2025:09:43:07 +0200] "GET /filmotech_detail.php?id=359 HTTP/1.1" 403 - "-" "Mozilla/5.0 (compatible; SemrushBot/7~bl; +http://www.semrush.com/bot.html)"
173.208.163.114 - - [14/Sep/2025:09:44:58 +0200] "GET /wp-includes/wp-configs.php HTTP/1.1" 200 10 "http://filmotek.fr/wp-includes/wp-configs.php" "Mozilla/5.0 (Windows NT 10.0; Win64; x64) AppleWebKit/537.36 (KHTML, like Gecko) Chrome/58.0.3029.110 Safari/537.3"
85.208.96.210 - - [14/Sep/2025:09:45:29 +0200] "GET /filmotech_detail.php?id=459 HTTP/1.1" 403 - "-" "Mozilla/5.0 (compatible; SemrushBot/7~bl; +http://www.semrush.com/bot.html)"
173.208.163.114 - - [14/Sep/2025:09:44:56 +0200] "GET /wp-includes/wp-configs.php HTTP/1.1" 200 1 "http://filmotek.fr/wp-includes/wp-configs.php" "Mozilla/5.0 (Windows NT 10.0; Win64; x64) AppleWebKit/537.36 (KHTML, like Gecko) Chrome/58.0.3029.110 Safari/537.3"
173.208.163.114 - - [14/Sep/2025:09:48:01 +0200] "GET /wp-includes/wp-configs.php HTTP/1.1" 200 10 "http://filmotek.fr/wp-includes/wp-configs.php" "Mozilla/5.0 (Windows NT 10.0; Win64; x64) AppleWebKit/537.36 (KHTML, like Gecko) Chrome/58.0.3029.110 Safari/537.3"
173.208.163.114 - - [14/Sep/2025:09:47:59 +0200] "GET /wp-includes/wp-configs.php HTTP/1.1" 200 1 "http://filmotek.fr/wp-includes/wp-configs.php" "Mozilla/5.0 (Windows NT 10.0; Win64; x64) AppleWebKit/537.36 (KHTML, like Gecko) Chrome/58.0.3029.110 Safari/537.3"
85.208.96.199 - - [14/Sep/2025:09:50:51 +0200] "GET /filmotech_detail.php?id=1109 HTTP/1.1" 403 - "-" "Mozilla/5.0 (compatible; SemrushBot/7~bl; +http://www.semrush.com/bot.html)"
204.12.208.18 - - [14/Sep/2025:09:50:56 +0200] "GET /wp-includes/qqe12b27/edit.php HTTP/1.1" 200 6 "http://filmotek.fr/wp-includes/qqe12b27/edit.php" "Mozilla/5.0 (Macintosh; U; Intel Mac OS X 10_6_3; ja-jp) AppleWebKit/533.16 (KHTML, like Gecko) Version/5.0 Safari/533.16"
216.73.216.182 - - [14/Sep/2025:09:51:50 +0200] "GET / HTTP/1.1" 200 89827 "-" "Mozilla/5.0 AppleWebKit/537.36 (KHTML, like Gecko; compatible; ClaudeBot/1.0; +claudebot@anthropic.com)"
204.12.208.18 - - [14/Sep/2025:09:50:36 +0200] "GET /wp-includes/qqe12b27/edit.php HTTP/1.1" 200 - "http://filmotek.fr/wp-includes/qqe12b27/edit.php" "Mozilla/5.0 (Windows NT 6.0; rv:7.0.1) Gecko/20100101 Firefox/7.0.1"
173.208.163.114 - - [14/Sep/2025:09:52:44 +0200] "GET /wp-includes/wp-configs.php HTTP/1.1" 200 10 "http://filmotek.fr/wp-includes/wp-configs.php" "Mozilla/5.0 (Windows NT 10.0; Win64; x64) AppleWebKit/537.36 (KHTML, like Gecko) Chrome/58.0.3029.110 Safari/537.3"
85.208.96.211 - - [14/Sep/2025:09:53:03 +0200] "GET /filmotech_detail.php?id=1224 HTTP/1.1" 403 - "-" "Mozilla/5.0 (compatible; SemrushBot/7~bl; +http://www.semrush.com/bot.html)"
173.208.163.114 - - [14/Sep/2025:09:52:42 +0200] "GET /wp-includes/wp-configs.php HTTP/1.1" 200 1 "http://filmotek.fr/wp-includes/wp-configs.php" "Mozilla/5.0 (Windows NT 10.0; Win64; x64) AppleWebKit/537.36 (KHTML, like Gecko) Chrome/58.0.3029.110 Safari/537.3"
173.208.163.114 - - [14/Sep/2025:09:56:31 +0200] "GET /wp-includes/wp-configs.php HTTP/1.1" 200 10 "http://filmotek.fr/wp-includes/wp-configs.php" "Mozilla/5.0 (Windows NT 10.0; Win64; x64) AppleWebKit/537.36 (KHTML, like Gecko) Chrome/58.0.3029.110 Safari/537.3"
173.208.163.114 - - [14/Sep/2025:09:56:29 +0200] "GET /wp-includes/wp-configs.php HTTP/1.1" 200 1 "http://filmotek.fr/wp-includes/wp-configs.php" "Mozilla/5.0 (Windows NT 10.0; Win64; x64) AppleWebKit/537.36 (KHTML, like Gecko) Chrome/58.0.3029.110 Safari/537.3"
173.208.163.114 - - [14/Sep/2025:10:02:53 +0200] "GET /wp-includes/wp-configs.php HTTP/1.1" 200 10 "http://filmotek.fr/wp-includes/wp-configs.php" "Mozilla/5.0 (Windows NT 10.0; Win64; x64) AppleWebKit/537.36 (KHTML, like Gecko) Chrome/58.0.3029.110 Safari/537.3"
173.208.163.114 - - [14/Sep/2025:10:02:55 +0200] "GET /wp-includes/wp-configs.php HTTP/1.1" 200 1 "http://filmotek.fr/wp-includes/wp-configs.php" "Mozilla/5.0 (Windows NT 10.0; Win64; x64) AppleWebKit/537.36 (KHTML, like Gecko) Chrome/58.0.3029.110 Safari/537.3"
85.208.96.204 - - [14/Sep/2025:10:05:13 +0200] "GET /filmotech_detail.php?id=951 HTTP/1.1" 403 - "-" "Mozilla/5.0 (compatible; SemrushBot/7~bl; +http://www.semrush.com/bot.html)"
173.208.163.114 - - [14/Sep/2025:10:06:19 +0200] "GET /wp-includes/wp-configs.php HTTP/1.1" 200 10 "http://filmotek.fr/wp-includes/wp-configs.php" "Mozilla/5.0 (Windows NT 10.0; Win64; x64) AppleWebKit/537.36 (KHTML, like Gecko) Chrome/58.0.3029.110 Safari/537.3"
204.12.208.18 - - [14/Sep/2025:10:07:10 +0200] "GET /wp-includes/qqe12b27/edit.php HTTP/1.1" 200 6 "http://filmotek.fr/wp-includes/qqe12b27/edit.php" "Mozilla/5.0 (Macintosh; Intel Mac OS X 10_6_8) AppleWebKit/534.52.7 (KHTML, like Gecko) Version/5.1.2 Safari/534.52.7"
173.208.163.114 - - [14/Sep/2025:10:06:17 +0200] "GET /wp-includes/wp-configs.php HTTP/1.1" 200 1 "http://filmotek.fr/wp-includes/wp-configs.php" "Mozilla/5.0 (Windows NT 10.0; Win64; x64) AppleWebKit/537.36 (KHTML, like Gecko) Chrome/58.0.3029.110 Safari/537.3"
204.12.208.18 - - [14/Sep/2025:10:06:50 +0200] "GET /wp-includes/qqe12b27/edit.php HTTP/1.1" 200 - "http://filmotek.fr/wp-includes/qqe12b27/edit.php" "Mozilla/5.0 (Macintosh; Intel Mac OS X 10.5; rv:8.0.1) Gecko/20100101 Firefox/8.0.1"
185.191.171.3 - - [14/Sep/2025:10:09:55 +0200] "GET /filmotech_detail.php?id=466 HTTP/1.1" 403 - "-" "Mozilla/5.0 (compatible; SemrushBot/7~bl; +http://www.semrush.com/bot.html)"
173.208.163.114 - - [14/Sep/2025:10:11:20 +0200] "GET /wp-includes/wp-configs.php HTTP/1.1" 200 10 "http://filmotek.fr/wp-includes/wp-configs.php" "Mozilla/5.0 (Windows NT 10.0; Win64; x64) AppleWebKit/537.36 (KHTML, like Gecko) Chrome/58.0.3029.110 Safari/537.3"
85.208.96.199 - - [14/Sep/2025:10:10:42 +0200] "GET /filmotech_detail.php?id=692 HTTP/1.1" 200 53370 "-" "Mozilla/5.0 (compatible; SemrushBot/7~bl; +http://www.semrush.com/bot.html)"
173.208.163.114 - - [14/Sep/2025:10:11:18 +0200] "GET /wp-includes/wp-configs.php HTTP/1.1" 200 1 "http://filmotek.fr/wp-includes/wp-configs.php" "Mozilla/5.0 (Windows NT 10.0; Win64; x64) AppleWebKit/537.36 (KHTML, like Gecko) Chrome/58.0.3029.110 Safari/537.3"
173.208.163.114 - - [14/Sep/2025:10:15:27 +0200] "GET /wp-includes/wp-configs.php HTTP/1.1" 200 10 "http://filmotek.fr/wp-includes/wp-configs.php" "Mozilla/5.0 (Windows NT 10.0; Win64; x64) AppleWebKit/537.36 (KHTML, like Gecko) Chrome/58.0.3029.110 Safari/537.3"
173.208.163.114 - - [14/Sep/2025:10:15:25 +0200] "GET /wp-includes/wp-configs.php HTTP/1.1" 200 1 "http://filmotek.fr/wp-includes/wp-configs.php" "Mozilla/5.0 (Windows NT 10.0; Win64; x64) AppleWebKit/537.36 (KHTML, like Gecko) Chrome/58.0.3029.110 Safari/537.3"
173.208.163.114 - - [14/Sep/2025:10:18:41 +0200] "GET /wp-includes/wp-configs.php HTTP/1.1" 200 10 "http://filmotek.fr/wp-includes/wp-configs.php" "Mozilla/5.0 (Windows NT 10.0; Win64; x64) AppleWebKit/537.36 (KHTML, like Gecko) Chrome/58.0.3029.110 Safari/537.3"
173.208.163.114 - - [14/Sep/2025:10:18:43 +0200] "GET /wp-includes/wp-configs.php HTTP/1.1" 200 1 "http://filmotek.fr/wp-includes/wp-configs.php" "Mozilla/5.0 (Windows NT 10.0; Win64; x64) AppleWebKit/537.36 (KHTML, like Gecko) Chrome/58.0.3029.110 Safari/537.3"
173.208.163.114 - - [14/Sep/2025:10:23:16 +0200] "GET /wp-includes/wp-configs.php HTTP/1.1" 200 10 "http://filmotek.fr/wp-includes/wp-configs.php" "Mozilla/5.0 (Windows NT 10.0; Win64; x64) AppleWebKit/537.36 (KHTML, like Gecko) Chrome/58.0.3029.110 Safari/537.3"
204.12.208.18 - - [14/Sep/2025:10:23:48 +0200] "GET /wp-includes/qqe12b27/edit.php HTTP/1.1" 200 6 "http://filmotek.fr/wp-includes/qqe12b27/edit.php" "Mozilla/5.0 (Macintosh; U; Intel Mac OS X; ja-jp) AppleWebKit/523.10.3 (KHTML, like Gecko) Version/3.0.4 Safari/523.10"
173.208.163.114 - - [14/Sep/2025:10:23:13 +0200] "GET /wp-includes/wp-configs.php HTTP/1.1" 200 1 "http://filmotek.fr/wp-includes/wp-configs.php" "Mozilla/5.0 (Windows NT 10.0; Win64; x64) AppleWebKit/537.36 (KHTML, like Gecko) Chrome/58.0.3029.110 Safari/537.3"
204.12.208.18 - - [14/Sep/2025:10:23:28 +0200] "GET /wp-includes/qqe12b27/edit.php HTTP/1.1" 200 - "http://filmotek.fr/wp-includes/qqe12b27/edit.php" "Mozilla/5.0 (Macintosh; U; Intel Mac OS X; ja-jp) AppleWebKit/523.10.3 (KHTML, like Gecko) Version/3.0.4 Safari/523.10"
85.208.96.207 - - [14/Sep/2025:10:27:03 +0200] "GET /filmotech_detail.php?id=181 HTTP/1.1" 403 - "-" "Mozilla/5.0 (compatible; SemrushBot/7~bl; +http://www.semrush.com/bot.html)"
173.208.163.114 - - [14/Sep/2025:10:27:15 +0200] "GET /wp-includes/wp-configs.php HTTP/1.1" 200 10 "http://filmotek.fr/wp-includes/wp-configs.php" "Mozilla/5.0 (Windows NT 10.0; Win64; x64) AppleWebKit/537.36 (KHTML, like Gecko) Chrome/58.0.3029.110 Safari/537.3"
173.208.163.114 - - [14/Sep/2025:10:27:12 +0200] "GET /wp-includes/wp-configs.php HTTP/1.1" 200 1 "http://filmotek.fr/wp-includes/wp-configs.php" "Mozilla/5.0 (Windows NT 10.0; Win64; x64) AppleWebKit/537.36 (KHTML, like Gecko) Chrome/58.0.3029.110 Safari/537.3"
66.249.70.140 - - [14/Sep/2025:10:30:12 +0200] "GET /q-~102LKyP2nBsg4aDbhdWO3RBuGKKhbP01w32167/ HTTP/1.1" 200 76424 "-" "Mozilla/5.0 (Linux; Android 6.0.1; Nexus 5X Build/MMB29P) AppleWebKit/537.36 (KHTML, like Gecko) Chrome/140.0.7339.127 Mobile Safari/537.36 (compatible; Googlebot/2.1; +http://www.google.com/bot.html)"
66.249.70.69 - - [14/Sep/2025:10:30:28 +0200] "GET /robots.txt HTTP/1.1" 200 103 "-" "Mozilla/5.0 (compatible; Googlebot/2.1; +http://www.google.com/bot.html)"
66.249.70.71 - - [14/Sep/2025:10:30:32 +0200] "GET /3vmcq20861.html HTTP/1.1" 200 76157 "-" "Mozilla/5.0 (Linux; Android 6.0.1; Nexus 5X Build/MMB29P) AppleWebKit/537.36 (KHTML, like Gecko) Chrome/140.0.7339.127 Mobile Safari/537.36 (compatible; Googlebot/2.1; +http://www.google.com/bot.html)"
173.208.163.114 - - [14/Sep/2025:10:31:15 +0200] "GET /wp-includes/wp-configs.php HTTP/1.1" 200 10 "http://filmotek.fr/wp-includes/wp-configs.php" "Mozilla/5.0 (Windows NT 10.0; Win64; x64) AppleWebKit/537.36 (KHTML, like Gecko) Chrome/58.0.3029.110 Safari/537.3"
66.249.70.128 - - [14/Sep/2025:10:32:18 +0200] "GET /zhHant/product/surugaya/m73260160034?campaign_uid=f64d716db5e979ed2f947dbaf4296895b951ae7f HTTP/1.1" 200 77342 "-" "Mozilla/5.0 (Linux; Android 6.0.1; Nexus 5X Build/MMB29P) AppleWebKit/537.36 (KHTML, like Gecko) Chrome/140.0.7339.127 Mobile Safari/537.36 (compatible; Googlebot/2.1; +http://www.google.com/bot.html)"
66.249.70.130 - - [14/Sep/2025:10:32:18 +0200] "GET /zhHant/product/surugaya/m28027903053?campaign_uid=f64d716db5e979ed2f947dbaf4296895b951ae7f HTTP/1.1" 200 76444 "-" "Mozilla/5.0 (Linux; Android 6.0.1; Nexus 5X Build/MMB29P) AppleWebKit/537.36 (KHTML, like Gecko) Chrome/140.0.7339.127 Mobile Safari/537.36 (compatible; Googlebot/2.1; +http://www.google.com/bot.html)"
173.208.163.114 - - [14/Sep/2025:10:31:13 +0200] "GET /wp-includes/wp-configs.php HTTP/1.1" 200 1 "http://filmotek.fr/wp-includes/wp-configs.php" "Mozilla/5.0 (Windows NT 10.0; Win64; x64) AppleWebKit/537.36 (KHTML, like Gecko) Chrome/58.0.3029.110 Safari/537.3"
173.208.163.114 - - [14/Sep/2025:10:35:30 +0200] "GET /wp-includes/wp-configs.php HTTP/1.1" 200 10 "http://filmotek.fr/wp-includes/wp-configs.php" "Mozilla/5.0 (Windows NT 10.0; Win64; x64) AppleWebKit/537.36 (KHTML, like Gecko) Chrome/58.0.3029.110 Safari/537.3"
173.208.163.114 - - [14/Sep/2025:10:35:28 +0200] "GET /wp-includes/wp-configs.php HTTP/1.1" 200 1 "http://filmotek.fr/wp-includes/wp-configs.php" "Mozilla/5.0 (Windows NT 10.0; Win64; x64) AppleWebKit/537.36 (KHTML, like Gecko) Chrome/58.0.3029.110 Safari/537.3"
173.208.163.114 - - [14/Sep/2025:10:39:31 +0200] "GET /wp-includes/wp-configs.php HTTP/1.1" 200 10 "http://filmotek.fr/wp-includes/wp-configs.php" "Mozilla/5.0 (Windows NT 10.0; Win64; x64) AppleWebKit/537.36 (KHTML, like Gecko) Chrome/58.0.3029.110 Safari/537.3"
204.12.208.18 - - [14/Sep/2025:10:40:24 +0200] "GET /wp-includes/qqe12b27/edit.php HTTP/1.1" 200 6 "http://filmotek.fr/wp-includes/qqe12b27/edit.php" "Mozilla/5.0 (Windows NT 6.1) AppleWebKit/534.24 (KHTML, like Gecko) Chrome/11.0.696.65 Safari/534.24"
173.208.163.114 - - [14/Sep/2025:10:39:29 +0200] "GET /wp-includes/wp-configs.php HTTP/1.1" 200 1 "http://filmotek.fr/wp-includes/wp-configs.php" "Mozilla/5.0 (Windows NT 10.0; Win64; x64) AppleWebKit/537.36 (KHTML, like Gecko) Chrome/58.0.3029.110 Safari/537.3"
204.12.208.18 - - [14/Sep/2025:10:40:04 +0200] "GET /wp-includes/qqe12b27/edit.php HTTP/1.1" 200 - "http://filmotek.fr/wp-includes/qqe12b27/edit.php" "Mozilla/4.0 (compatible; MSIE 8.0; Windows NT 5.1; Trident/4.0; .NET CLR 2.0.50727; InfoPath.1"
66.249.70.105 - - [14/Sep/2025:10:43:54 +0200] "GET /m015003606?srsltid=AfmBOoDBmaqfdJvnO6wWc1_qFStZnw2jT_apSQXCAu-H-VWr3YE2ir HTTP/1.1" 200 76334 "-" "Mozilla/5.0 (Linux; Android 6.0.1; Nexus 5X Build/MMB29P) AppleWebKit/537.36 (KHTML, like Gecko) Chrome/140.0.7339.127 Mobile Safari/537.36 (compatible; Googlebot/2.1; +http://www.google.com/bot.html)"
173.208.163.114 - - [14/Sep/2025:10:44:43 +0200] "GET /wp-includes/wp-configs.php HTTP/1.1" 200 10 "http://filmotek.fr/wp-includes/wp-configs.php" "Mozilla/5.0 (Windows NT 10.0; Win64; x64) AppleWebKit/537.36 (KHTML, like Gecko) Chrome/58.0.3029.110 Safari/537.3"
66.249.70.131 - - [14/Sep/2025:10:46:08 +0200] "GET /product/edit/egaos-ckei9247 HTTP/1.1" 200 76956 "-" "Mozilla/5.0 (Linux; Android 6.0.1; Nexus 5X Build/MMB29P) AppleWebKit/537.36 (KHTML, like Gecko) Chrome/140.0.7339.127 Mobile Safari/537.36 (compatible; Googlebot/2.1; +http://www.google.com/bot.html)"
173.208.163.114 - - [14/Sep/2025:10:44:45 +0200] "GET /wp-includes/wp-configs.php HTTP/1.1" 200 1 "http://filmotek.fr/wp-includes/wp-configs.php" "Mozilla/5.0 (Windows NT 10.0; Win64; x64) AppleWebKit/537.36 (KHTML, like Gecko) Chrome/58.0.3029.110 Safari/537.3"
85.208.96.196 - - [14/Sep/2025:10:46:27 +0200] "GET /robots.txt HTTP/1.1" 200 341 "-" "Mozilla/5.0 (compatible; SemrushBot/7~bl; +http://www.semrush.com/bot.html)"
85.208.96.207 - - [14/Sep/2025:10:46:28 +0200] "GET /filmotech_detail.php?id=767 HTTP/1.1" 403 - "-" "Mozilla/5.0 (compatible; SemrushBot/7~bl; +http://www.semrush.com/bot.html)"
85.208.96.201 - - [14/Sep/2025:10:46:30 +0200] "GET /filmotech_detail.php?id=390 HTTP/1.1" 403 - "-" "Mozilla/5.0 (compatible; SemrushBot/7~bl; +http://www.semrush.com/bot.html)"
185.191.171.9 - - [14/Sep/2025:10:48:06 +0200] "GET /filmotech_detail.php?id=1041 HTTP/1.1" 403 - "-" "Mozilla/5.0 (compatible; SemrushBot/7~bl; +http://www.semrush.com/bot.html)"
173.208.163.114 - - [14/Sep/2025:10:48:14 +0200] "GET /wp-includes/wp-configs.php HTTP/1.1" 200 10 "http://filmotek.fr/wp-includes/wp-configs.php" "Mozilla/5.0 (Windows NT 10.0; Win64; x64) AppleWebKit/537.36 (KHTML, like Gecko) Chrome/58.0.3029.110 Safari/537.3"
85.208.96.200 - - [14/Sep/2025:10:49:37 +0200] "GET /filmotech_detail.php?id=606 HTTP/1.1" 403 - "-" "Mozilla/5.0 (compatible; SemrushBot/7~bl; +http://www.semrush.com/bot.html)"
173.208.163.114 - - [14/Sep/2025:10:48:12 +0200] "GET /wp-includes/wp-configs.php HTTP/1.1" 200 1 "http://filmotek.fr/wp-includes/wp-configs.php" "Mozilla/5.0 (Windows NT 10.0; Win64; x64) AppleWebKit/537.36 (KHTML, like Gecko) Chrome/58.0.3029.110 Safari/537.3"
173.208.163.114 - - [14/Sep/2025:10:53:26 +0200] "GET /wp-includes/wp-configs.php HTTP/1.1" 200 10 "http://filmotek.fr/wp-includes/wp-configs.php" "Mozilla/5.0 (Windows NT 10.0; Win64; x64) AppleWebKit/537.36 (KHTML, like Gecko) Chrome/58.0.3029.110 Safari/537.3"
173.208.163.114 - - [14/Sep/2025:10:53:24 +0200] "GET /wp-includes/wp-configs.php HTTP/1.1" 200 1 "http://filmotek.fr/wp-includes/wp-configs.php" "Mozilla/5.0 (Windows NT 10.0; Win64; x64) AppleWebKit/537.36 (KHTML, like Gecko) Chrome/58.0.3029.110 Safari/537.3"
204.12.208.18 - - [14/Sep/2025:10:56:23 +0200] "GET /wp-includes/qqe12b27/edit.php HTTP/1.1" 200 6 "http://filmotek.fr/wp-includes/qqe12b27/edit.php" "Mozilla/5.0 (Windows NT 6.1) AppleWebKit/534.24 (KHTML, like Gecko) Chrome/11.0.696.65 Safari/534.24"
173.208.163.114 - - [14/Sep/2025:10:56:59 +0200] "GET /wp-includes/wp-configs.php HTTP/1.1" 200 10 "http://filmotek.fr/wp-includes/wp-configs.php" "Mozilla/5.0 (Windows NT 10.0; Win64; x64) AppleWebKit/537.36 (KHTML, like Gecko) Chrome/58.0.3029.110 Safari/537.3"
185.191.171.14 - - [14/Sep/2025:10:57:25 +0200] "GET /filmotech_detail.php?id=134 HTTP/1.1" 403 - "-" "Mozilla/5.0 (compatible; SemrushBot/7~bl; +http://www.semrush.com/bot.html)"
204.12.208.18 - - [14/Sep/2025:10:56:03 +0200] "GET /wp-includes/qqe12b27/edit.php HTTP/1.1" 200 - "http://filmotek.fr/wp-includes/qqe12b27/edit.php" "Mozilla/5.0 (X11; Linux i686) AppleWebKit/535.2 (KHTML, like Gecko) Ubuntu/10.04 Chromium/15.0.874.106 Chrome/15.0.874.106 Safari/535.2"
173.208.163.114 - - [14/Sep/2025:10:56:57 +0200] "GET /wp-includes/wp-configs.php HTTP/1.1" 200 1 "http://filmotek.fr/wp-includes/wp-configs.php" "Mozilla/5.0 (Windows NT 10.0; Win64; x64) AppleWebKit/537.36 (KHTML, like Gecko) Chrome/58.0.3029.110 Safari/537.3"
173.208.163.114 - - [14/Sep/2025:11:00:36 +0200] "GET /wp-includes/wp-configs.php HTTP/1.1" 200 10 "http://filmotek.fr/wp-includes/wp-configs.php" "Mozilla/5.0 (Windows NT 10.0; Win64; x64) AppleWebKit/537.36 (KHTML, like Gecko) Chrome/58.0.3029.110 Safari/537.3"
85.208.96.207 - - [14/Sep/2025:11:00:39 +0200] "GET /filmotech_detail.php?id=1066 HTTP/1.1" 403 - "-" "Mozilla/5.0 (compatible; SemrushBot/7~bl; +http://www.semrush.com/bot.html)"
173.208.163.114 - - [14/Sep/2025:11:00:34 +0200] "GET /wp-includes/wp-configs.php HTTP/1.1" 200 1 "http://filmotek.fr/wp-includes/wp-configs.php" "Mozilla/5.0 (Windows NT 10.0; Win64; x64) AppleWebKit/537.36 (KHTML, like Gecko) Chrome/58.0.3029.110 Safari/537.3"
66.249.70.135 - - [14/Sep/2025:11:02:48 +0200] "GET /category/1003/1 HTTP/1.1" 200 76363 "-" "Mozilla/5.0 (Linux; Android 6.0.1; Nexus 5X Build/MMB29P) AppleWebKit/537.36 (KHTML, like Gecko) Chrome/140.0.7339.127 Mobile Safari/537.36 (compatible; Googlebot/2.1; +http://www.google.com/bot.html)"
173.208.163.114 - - [14/Sep/2025:11:04:44 +0200] "GET /wp-includes/wp-configs.php HTTP/1.1" 200 10 "http://filmotek.fr/wp-includes/wp-configs.php" "Mozilla/5.0 (Windows NT 10.0; Win64; x64) AppleWebKit/537.36 (KHTML, like Gecko) Chrome/58.0.3029.110 Safari/537.3"
85.208.96.209 - - [14/Sep/2025:11:05:59 +0200] "GET /robots.txt HTTP/1.1" 200 341 "-" "Mozilla/5.0 (compatible; SemrushBot/7~bl; +http://www.semrush.com/bot.html)"
173.208.163.114 - - [14/Sep/2025:11:04:42 +0200] "GET /wp-includes/wp-configs.php HTTP/1.1" 200 1 "http://filmotek.fr/wp-includes/wp-configs.php" "Mozilla/5.0 (Windows NT 10.0; Win64; x64) AppleWebKit/537.36 (KHTML, like Gecko) Chrome/58.0.3029.110 Safari/537.3"
