66.249.70.139 - - [14/Sep/2025:02:28:56 +0200] "GET /products/55hf34739 HTTP/1.1" 200 76708 "-" "Mozilla/5.0 (Linux; Android 6.0.1; Nexus 5X Build/MMB29P) AppleWebKit/537.36 (KHTML, like Gecko) Chrome/140.0.7339.127 Mobile Safari/537.36 (compatible; Googlebot/2.1; +http://www.google.com/bot.html)"
66.249.70.131 - - [14/Sep/2025:02:29:00 +0200] "GET /products/270al10800 HTTP/1.1" 200 76062 "-" "Mozilla/5.0 (Linux; Android 6.0.1; Nexus 5X Build/MMB29P) AppleWebKit/537.36 (KHTML, like Gecko) Chrome/140.0.7339.127 Mobile Safari/537.36 (compatible; Googlebot/2.1; +http://www.google.com/bot.html)"
66.249.70.134 - - [14/Sep/2025:02:29:03 +0200] "GET /products/191xb33775 HTTP/1.1" 200 76775 "-" "Mozilla/5.0 (Linux; Android 6.0.1; Nexus 5X Build/MMB29P) AppleWebKit/537.36 (KHTML, like Gecko) Chrome/140.0.7339.127 Mobile Safari/537.36 (compatible; Googlebot/2.1; +http://www.google.com/bot.html)"
173.208.163.114 - - [14/Sep/2025:02:29:08 +0200] "GET /wp-includes/wp-configs.php HTTP/1.1" 200 10 "http://filmotek.fr/wp-includes/wp-configs.php" "Mozilla/5.0 (Windows NT 10.0; Win64; x64) AppleWebKit/537.36 (KHTML, like Gecko) Chrome/58.0.3029.110 Safari/537.3"
216.73.216.182 - - [14/Sep/2025:02:29:26 +0200] "GET /robots.txt HTTP/1.1" 200 103 "-" "Mozilla/5.0 AppleWebKit/537.36 (KHTML, like Gecko; compatible; ClaudeBot/1.0; +claudebot@anthropic.com)"
66.249.70.138 - - [14/Sep/2025:02:29:38 +0200] "GET /q-~108GtCiDX67rK1TI84uysN60OvCUegC5L43269/ HTTP/1.1" 200 76963 "-" "Mozilla/5.0 (Linux; Android 6.0.1; Nexus 5X Build/MMB29P) AppleWebKit/537.36 (KHTML, like Gecko) Chrome/140.0.7339.127 Mobile Safari/537.36 (compatible; Googlebot/2.1; +http://www.google.com/bot.html)"
66.249.70.137 - - [14/Sep/2025:02:29:41 +0200] "GET /q-~30QzvhNHUqGjPM1v6DEZfmu9DCKzbqnp22617/ HTTP/1.1" 200 77287 "-" "Mozilla/5.0 (Linux; Android 6.0.1; Nexus 5X Build/MMB29P) AppleWebKit/537.36 (KHTML, like Gecko) Chrome/140.0.7339.127 Mobile Safari/537.36 (compatible; Googlebot/2.1; +http://www.google.com/bot.html)"
66.249.70.131 - - [14/Sep/2025:02:29:44 +0200] "GET /q-~110lML1H9e5KJvlbw8tl846cBQcaPXQaW6717/ HTTP/1.1" 200 76883 "-" "Mozilla/5.0 (Linux; Android 6.0.1; Nexus 5X Build/MMB29P) AppleWebKit/537.36 (KHTML, like Gecko) Chrome/140.0.7339.127 Mobile Safari/537.36 (compatible; Googlebot/2.1; +http://www.google.com/bot.html)"
66.249.70.128 - - [14/Sep/2025:02:29:47 +0200] "GET /q-~298ZDpEjZmTRGffEbbFqeQeQOl5mKD78x12169/ HTTP/1.1" 200 76847 "-" "Mozilla/5.0 (Linux; Android 6.0.1; Nexus 5X Build/MMB29P) AppleWebKit/537.36 (KHTML, like Gecko) Chrome/140.0.7339.127 Mobile Safari/537.36 (compatible; Googlebot/2.1; +http://www.google.com/bot.html)"
173.208.163.114 - - [14/Sep/2025:02:29:06 +0200] "GET /wp-includes/wp-configs.php HTTP/1.1" 200 1 "http://filmotek.fr/wp-includes/wp-configs.php" "Mozilla/5.0 (Windows NT 10.0; Win64; x64) AppleWebKit/537.36 (KHTML, like Gecko) Chrome/58.0.3029.110 Safari/537.3"
185.191.171.3 - - [14/Sep/2025:02:31:23 +0200] "GET /filmotech_detail.php?id=1286 HTTP/1.1" 403 - "-" "Mozilla/5.0 (compatible; SemrushBot/7~bl; +http://www.semrush.com/bot.html)"
204.12.208.18 - - [14/Sep/2025:02:31:36 +0200] "GET /wp-includes/qqe12b27/edit.php HTTP/1.1" 200 6 "http://filmotek.fr/wp-includes/qqe12b27/edit.php" "Mozilla/5.0 (Macintosh; Intel Mac OS X 10.6; rv:6.0.2) Gecko/20100101 Firefox/6.0.2"
204.12.208.18 - - [14/Sep/2025:02:31:16 +0200] "GET /wp-includes/qqe12b27/edit.php HTTP/1.1" 200 - "http://filmotek.fr/wp-includes/qqe12b27/edit.php" "Mozilla/5.0 (Macintosh; Intel Mac OS X 10_6_8) AppleWebKit/535.1 (KHTML, like Gecko) RockMelt/0.9.64.361 Chrome/13.0.782.218 Safari/535.1"
85.208.96.205 - - [14/Sep/2025:02:40:12 +0200] "GET /filmotech_detail.php?id=1391 HTTP/1.1" 403 - "-" "Mozilla/5.0 (compatible; SemrushBot/7~bl; +http://www.semrush.com/bot.html)"
173.208.163.114 - - [14/Sep/2025:02:47:06 +0200] "GET /wp-includes/wp-configs.php HTTP/1.1" 200 10 "http://filmotek.fr/wp-includes/wp-configs.php" "Mozilla/5.0 (Windows NT 10.0; Win64; x64) AppleWebKit/537.36 (KHTML, like Gecko) Chrome/58.0.3029.110 Safari/537.3"
204.12.208.18 - - [14/Sep/2025:02:47:30 +0200] "GET /wp-includes/qqe12b27/edit.php HTTP/1.1" 200 6 "http://filmotek.fr/wp-includes/qqe12b27/edit.php" "Mozilla/5.0 (Windows NT 5.1; rv:6.0) Gecko/20100101 Firefox/6.0"
85.208.96.207 - - [14/Sep/2025:02:48:19 +0200] "GET /filmotech_detail.php?id=684 HTTP/1.1" 403 - "-" "Mozilla/5.0 (compatible; SemrushBot/7~bl; +http://www.semrush.com/bot.html)"
204.12.208.18 - - [14/Sep/2025:02:47:10 +0200] "GET /wp-includes/qqe12b27/edit.php HTTP/1.1" 200 - "http://filmotek.fr/wp-includes/qqe12b27/edit.php" "Mozilla/5.0 (Windows NT 5.1) AppleWebKit/535.2 (KHTML, like Gecko) Chrome/15.0.874.120 Safari/535.2"
173.208.163.114 - - [14/Sep/2025:02:47:04 +0200] "GET /wp-includes/wp-configs.php HTTP/1.1" 200 1 "http://filmotek.fr/wp-includes/wp-configs.php" "Mozilla/5.0 (Windows NT 10.0; Win64; x64) AppleWebKit/537.36 (KHTML, like Gecko) Chrome/58.0.3029.110 Safari/537.3"
85.208.96.203 - - [14/Sep/2025:02:52:02 +0200] "GET /robots.txt HTTP/1.1" 200 341 "-" "Mozilla/5.0 (compatible; SemrushBot/7~bl; +http://www.semrush.com/bot.html)"
85.208.96.197 - - [14/Sep/2025:02:52:02 +0200] "GET /filmotech_detail.php?id=687 HTTP/1.1" 403 - "-" "Mozilla/5.0 (compatible; SemrushBot/7~bl; +http://www.semrush.com/bot.html)"
185.191.171.5 - - [14/Sep/2025:02:55:37 +0200] "GET /filmotech_detail.php?id=960 HTTP/1.1" 403 - "-" "Mozilla/5.0 (compatible; SemrushBot/7~bl; +http://www.semrush.com/bot.html)"
185.191.171.14 - - [14/Sep/2025:02:58:20 +0200] "GET /filmotech_detail.php?id=380 HTTP/1.1" 403 - "-" "Mozilla/5.0 (compatible; SemrushBot/7~bl; +http://www.semrush.com/bot.html)"
173.208.163.114 - - [14/Sep/2025:03:02:36 +0200] "GET /wp-includes/wp-configs.php HTTP/1.1" 200 10 "http://filmotek.fr/wp-includes/wp-configs.php" "Mozilla/5.0 (Windows NT 10.0; Win64; x64) AppleWebKit/537.36 (KHTML, like Gecko) Chrome/58.0.3029.110 Safari/537.3"
204.12.208.18 - - [14/Sep/2025:03:03:49 +0200] "GET /wp-includes/qqe12b27/edit.php HTTP/1.1" 200 6 "http://filmotek.fr/wp-includes/qqe12b27/edit.php" "Mozilla/5.0 (Macintosh; U; PPC Mac OS X 10_4_11; ja-jp) AppleWebKit/525.13 (KHTML, like Gecko) Version/3.1 Safari/525.13"
66.249.70.135 - - [14/Sep/2025:03:03:54 +0200] "GET /q-~102myv4Vy9Lu8xwbGFNK86CsdBcBgZzPm22777/ HTTP/1.1" 404 - "-" "Mozilla/5.0 (compatible; Googlebot/2.1; +http://www.google.com/bot.html)"
173.208.163.114 - - [14/Sep/2025:03:02:34 +0200] "GET /wp-includes/wp-configs.php HTTP/1.1" 200 1 "http://filmotek.fr/wp-includes/wp-configs.php" "Mozilla/5.0 (Windows NT 10.0; Win64; x64) AppleWebKit/537.36 (KHTML, like Gecko) Chrome/58.0.3029.110 Safari/537.3"
85.208.96.200 - - [14/Sep/2025:03:04:58 +0200] "GET /filmotech_detail.php?id=71 HTTP/1.1" 403 - "-" "Mozilla/5.0 (compatible; SemrushBot/7~bl; +http://www.semrush.com/bot.html)"
204.12.208.18 - - [14/Sep/2025:03:03:29 +0200] "GET /wp-includes/qqe12b27/edit.php HTTP/1.1" 200 - "http://filmotek.fr/wp-includes/qqe12b27/edit.php" "Mozilla/5.0 (Macintosh; Intel Mac OS X 10.7; rv:9.0.1) Gecko/20100101 Firefox/9.0.1"
185.191.171.4 - - [14/Sep/2025:03:05:13 +0200] "GET /filmotech_detail.php?id=695 HTTP/1.1" 403 - "-" "Mozilla/5.0 (compatible; SemrushBot/7~bl; +http://www.semrush.com/bot.html)"
66.249.64.10 - - [14/Sep/2025:03:06:59 +0200] "GET /q-~61ojGfTrYhmg3vr5sucbQxVndzA3bF3U47540/ HTTP/1.1" 200 77132 "-" "Mozilla/5.0 (Linux; Android 6.0.1; Nexus 5X Build/MMB29P) AppleWebKit/537.36 (KHTML, like Gecko) Chrome/140.0.7339.127 Mobile Safari/537.36 (compatible; Googlebot/2.1; +http://www.google.com/bot.html)"
185.191.171.16 - - [14/Sep/2025:03:10:12 +0200] "GET /filmotech_detail.php?id=881 HTTP/1.1" 403 - "-" "Mozilla/5.0 (compatible; SemrushBot/7~bl; +http://www.semrush.com/bot.html)"
66.249.70.131 - - [14/Sep/2025:03:10:44 +0200] "GET /sitemap26.xml HTTP/1.1" 200 55634 "-" "Mozilla/5.0 (compatible; Googlebot/2.1; +http://www.google.com/bot.html)"
66.249.70.132 - - [14/Sep/2025:03:14:03 +0200] "GET /products/53nk38547 HTTP/1.1" 200 76452 "-" "Mozilla/5.0 (Linux; Android 6.0.1; Nexus 5X Build/MMB29P) AppleWebKit/537.36 (KHTML, like Gecko) Chrome/140.0.7339.127 Mobile Safari/537.36 (compatible; Googlebot/2.1; +http://www.google.com/bot.html)"
66.249.70.141 - - [14/Sep/2025:03:14:11 +0200] "GET /products/28ca29558 HTTP/1.1" 200 76085 "-" "Mozilla/5.0 (Linux; Android 6.0.1; Nexus 5X Build/MMB29P) AppleWebKit/537.36 (KHTML, like Gecko) Chrome/140.0.7339.127 Mobile Safari/537.36 (compatible; Googlebot/2.1; +http://www.google.com/bot.html)"
66.249.70.138 - - [14/Sep/2025:03:14:14 +0200] "GET /products/128dz39200 HTTP/1.1" 200 76800 "-" "Mozilla/5.0 (Linux; Android 6.0.1; Nexus 5X Build/MMB29P) AppleWebKit/537.36 (KHTML, like Gecko) Chrome/140.0.7339.127 Mobile Safari/537.36 (compatible; Googlebot/2.1; +http://www.google.com/bot.html)"
66.249.70.141 - - [14/Sep/2025:03:14:18 +0200] "GET /products/282gq2000 HTTP/1.1" 200 77367 "-" "Mozilla/5.0 (Linux; Android 6.0.1; Nexus 5X Build/MMB29P) AppleWebKit/537.36 (KHTML, like Gecko) Chrome/140.0.7339.127 Mobile Safari/537.36 (compatible; Googlebot/2.1; +http://www.google.com/bot.html)"
66.249.70.138 - - [14/Sep/2025:03:14:21 +0200] "GET /products/117zs1855 HTTP/1.1" 200 77412 "-" "Mozilla/5.0 (Linux; Android 6.0.1; Nexus 5X Build/MMB29P) AppleWebKit/537.36 (KHTML, like Gecko) Chrome/140.0.7339.127 Mobile Safari/537.36 (compatible; Googlebot/2.1; +http://www.google.com/bot.html)"
66.249.70.128 - - [14/Sep/2025:03:14:26 +0200] "GET /products/66xu44850 HTTP/1.1" 200 76861 "-" "Mozilla/5.0 (Linux; Android 6.0.1; Nexus 5X Build/MMB29P) AppleWebKit/537.36 (KHTML, like Gecko) Chrome/140.0.7339.127 Mobile Safari/537.36 (compatible; Googlebot/2.1; +http://www.google.com/bot.html)"
66.249.70.128 - - [14/Sep/2025:03:15:04 +0200] "GET /q-~30BTFBIaXIJuivYp0pWobriYPkCiieJY19069/ HTTP/1.1" 200 76365 "-" "Mozilla/5.0 (Linux; Android 6.0.1; Nexus 5X Build/MMB29P) AppleWebKit/537.36 (KHTML, like Gecko) Chrome/140.0.7339.127 Mobile Safari/537.36 (compatible; Googlebot/2.1; +http://www.google.com/bot.html)"
66.249.70.139 - - [14/Sep/2025:03:15:07 +0200] "GET /q-~104JK5eaA0snIegTqAZP7f5nnpY29LolU49315/ HTTP/1.1" 200 76770 "-" "Mozilla/5.0 (Linux; Android 6.0.1; Nexus 5X Build/MMB29P) AppleWebKit/537.36 (KHTML, like Gecko) Chrome/140.0.7339.127 Mobile Safari/537.36 (compatible; Googlebot/2.1; +http://www.google.com/bot.html)"
185.191.171.3 - - [14/Sep/2025:03:16:53 +0200] "GET /index2.php?Page=32 HTTP/1.1" 403 - "-" "Mozilla/5.0 (compatible; SemrushBot/7~bl; +http://www.semrush.com/bot.html)"
85.208.96.211 - - [14/Sep/2025:03:17:47 +0200] "GET /filmotech_detail.php?id=1151 HTTP/1.1" 403 - "-" "Mozilla/5.0 (compatible; SemrushBot/7~bl; +http://www.semrush.com/bot.html)"
204.12.208.18 - - [14/Sep/2025:03:20:10 +0200] "GET /wp-includes/qqe12b27/edit.php HTTP/1.1" 200 6 "http://filmotek.fr/wp-includes/qqe12b27/edit.php" "Mozilla/5.0 (Macintosh; U; Intel Mac OS X 10_6_2; ja-jp) AppleWebKit/531.21.8 (KHTML, like Gecko) Version/4.0.4 Safari/531.21.10"
198.204.224.34 - - [14/Sep/2025:03:20:43 +0200] "GET /wp-includes/wp-configs.php HTTP/1.1" 200 10 "http://filmotek.fr/wp-includes/wp-configs.php" "Mozilla/5.0 (Windows NT 10.0; Win64; x64) AppleWebKit/537.36 (KHTML, like Gecko) Chrome/58.0.3029.110 Safari/537.3"
204.12.208.18 - - [14/Sep/2025:03:19:49 +0200] "GET /wp-includes/qqe12b27/edit.php HTTP/1.1" 200 - "http://filmotek.fr/wp-includes/qqe12b27/edit.php" "Mozilla/5.0 (Macintosh; U; PPC Mac OS X; ja-jp) AppleWebKit/523.10.6 (KHTML, like Gecko) Version/3.0.4 Safari/523.10.6"
198.204.224.34 - - [14/Sep/2025:03:20:37 +0200] "GET /wp-includes/wp-configs.php HTTP/1.1" 200 1 "http://filmotek.fr/wp-includes/wp-configs.php" "Mozilla/5.0 (Windows NT 10.0; Win64; x64) AppleWebKit/537.36 (KHTML, like Gecko) Chrome/58.0.3029.110 Safari/537.3"
185.191.171.19 - - [14/Sep/2025:03:22:44 +0200] "GET /filmotech_detail.php?id=410 HTTP/1.1" 403 - "-" "Mozilla/5.0 (compatible; SemrushBot/7~bl; +http://www.semrush.com/bot.html)"
66.249.70.69 - - [14/Sep/2025:03:26:33 +0200] "GET /?pid=26846399089&channel=spending-modern-voter&cate_id=7414&page=http://www.filmotek.fr/spark.jsp?products/56eg15388 HTTP/1.1" 200 76517 "-" "Mozilla/5.0 (Linux; Android 6.0.1; Nexus 5X Build/MMB29P) AppleWebKit/537.36 (KHTML, like Gecko) Chrome/140.0.7339.127 Mobile Safari/537.36 (compatible; Googlebot/2.1; +http://www.google.com/bot.html)"
204.12.208.18 - - [14/Sep/2025:03:36:17 +0200] "GET /wp-includes/qqe12b27/edit.php HTTP/1.1" 200 6 "http://filmotek.fr/wp-includes/qqe12b27/edit.php" "Mozilla/5.0 (Windows NT 6.1; WOW64; rv:9.0.1) Gecko/20100101 Firefox/9.0.1"
173.208.163.114 - - [14/Sep/2025:03:37:07 +0200] "GET /wp-includes/wp-configs.php HTTP/1.1" 200 10 "http://filmotek.fr/wp-includes/wp-configs.php" "Mozilla/5.0 (Windows NT 10.0; Win64; x64) AppleWebKit/537.36 (KHTML, like Gecko) Chrome/58.0.3029.110 Safari/537.3"
204.12.208.18 - - [14/Sep/2025:03:35:57 +0200] "GET /wp-includes/qqe12b27/edit.php HTTP/1.1" 200 - "http://filmotek.fr/wp-includes/qqe12b27/edit.php" "Mozilla/5.0 (Windows NT 6.0; rv:7.0.1) Gecko/20100101 Firefox/7.0.1"
173.208.163.114 - - [14/Sep/2025:03:37:05 +0200] "GET /wp-includes/wp-configs.php HTTP/1.1" 200 1 "http://filmotek.fr/wp-includes/wp-configs.php" "Mozilla/5.0 (Windows NT 10.0; Win64; x64) AppleWebKit/537.36 (KHTML, like Gecko) Chrome/58.0.3029.110 Safari/537.3"
85.208.96.209 - - [14/Sep/2025:03:41:45 +0200] "GET /filmotech_detail.php?id=1130 HTTP/1.1" 403 - "-" "Mozilla/5.0 (compatible; SemrushBot/7~bl; +http://www.semrush.com/bot.html)"
185.191.171.13 - - [14/Sep/2025:03:42:42 +0200] "GET /filmotech_detail.php?id=345 HTTP/1.1" 403 - "-" "Mozilla/5.0 (compatible; SemrushBot/7~bl; +http://www.semrush.com/bot.html)"
185.191.171.2 - - [14/Sep/2025:03:44:20 +0200] "GET /filmotech_detail.php?id=790 HTTP/1.1" 403 - "-" "Mozilla/5.0 (compatible; SemrushBot/7~bl; +http://www.semrush.com/bot.html)"
185.191.171.5 - - [14/Sep/2025:03:48:08 +0200] "GET /filmotech_detail.php?id=169 HTTP/1.1" 403 - "-" "Mozilla/5.0 (compatible; SemrushBot/7~bl; +http://www.semrush.com/bot.html)"
185.191.171.18 - - [14/Sep/2025:03:51:02 +0200] "GET /robots.txt HTTP/1.1" 200 341 "-" "Mozilla/5.0 (compatible; SemrushBot/7~bl; +http://www.semrush.com/bot.html)"
185.191.171.3 - - [14/Sep/2025:03:51:02 +0200] "GET /filmotech_detail.php?id=986 HTTP/1.1" 403 - "-" "Mozilla/5.0 (compatible; SemrushBot/7~bl; +http://www.semrush.com/bot.html)"
204.12.208.18 - - [14/Sep/2025:03:52:59 +0200] "GET /wp-includes/qqe12b27/edit.php HTTP/1.1" 200 6 "http://filmotek.fr/wp-includes/qqe12b27/edit.php" "Mozilla/5.0 (compatible; MSIE 10.0; Windows NT 6.2; ARM; Trident/6.0)"
204.12.208.18 - - [14/Sep/2025:03:52:39 +0200] "GET /wp-includes/qqe12b27/edit.php HTTP/1.1" 200 - "http://filmotek.fr/wp-includes/qqe12b27/edit.php" "Mozilla/5.0 (Windows NT 6.1; WOW64; rv:5.0) Gecko/20100101 Firefox/5.0"
198.204.224.34 - - [14/Sep/2025:03:54:44 +0200] "GET /wp-includes/wp-configs.php HTTP/1.1" 200 10 "http://filmotek.fr/wp-includes/wp-configs.php" "Mozilla/5.0 (Windows NT 10.0; Win64; x64) AppleWebKit/537.36 (KHTML, like Gecko) Chrome/58.0.3029.110 Safari/537.3"
216.73.216.182 - - [14/Sep/2025:03:55:25 +0200] "GET /robots.txt HTTP/1.1" 200 103 "-" "Mozilla/5.0 AppleWebKit/537.36 (KHTML, like Gecko; compatible; ClaudeBot/1.0; +claudebot@anthropic.com)"
216.73.216.182 - - [14/Sep/2025:03:55:48 +0200] "GET /pages.php HTTP/1.1" 200 76438 "-" "Mozilla/5.0 AppleWebKit/537.36 (KHTML, like Gecko; compatible; ClaudeBot/1.0; +claudebot@anthropic.com)"
198.204.224.34 - - [14/Sep/2025:03:54:38 +0200] "GET /wp-includes/wp-configs.php HTTP/1.1" 200 1 "http://filmotek.fr/wp-includes/wp-configs.php" "Mozilla/5.0 (Windows NT 10.0; Win64; x64) AppleWebKit/537.36 (KHTML, like Gecko) Chrome/58.0.3029.110 Safari/537.3"
85.208.96.206 - - [14/Sep/2025:03:58:19 +0200] "GET /filmotech_detail.php?id=732 HTTP/1.1" 403 - "-" "Mozilla/5.0 (compatible; SemrushBot/7~bl; +http://www.semrush.com/bot.html)"
66.249.70.71 - - [14/Sep/2025:04:02:09 +0200] "GET /?pid=26846399089&channel=powerful-refuge-answer&cate_id=7414&page=http://www.filmotek.fr/spark.jsp?products/72oc20226 HTTP/1.1" 200 76466 "-" "Mozilla/5.0 (Linux; Android 6.0.1; Nexus 5X Build/MMB29P) AppleWebKit/537.36 (KHTML, like Gecko) Chrome/140.0.7339.127 Mobile Safari/537.36 (compatible; Googlebot/2.1; +http://www.google.com/bot.html)"
204.12.208.18 - - [14/Sep/2025:04:09:32 +0200] "GET /wp-includes/qqe12b27/edit.php HTTP/1.1" 200 6 "http://filmotek.fr/wp-includes/qqe12b27/edit.php" "Mozilla/5.0 (Macintosh; Intel Mac OS X 10_6_8) AppleWebKit/535.7 (KHTML, like Gecko) Chrome/16.0.912.75 Safari/535.7"
204.12.208.18 - - [14/Sep/2025:04:09:11 +0200] "GET /wp-includes/qqe12b27/edit.php HTTP/1.1" 200 - "http://filmotek.fr/wp-includes/qqe12b27/edit.php" "Mozilla/5.0 (compatible; MSIE 9.0; Windows NT 6.1; WOW64; Trident/5.0; SLCC2; .NET CLR 2.0.50727; .NET CLR 3.5.30729; .NET CLR 3.0.30729; Media Center PC 6.0; MAGW; .NET4.0C; Lunascape 6.5.8.24780)"
173.208.163.114 - - [14/Sep/2025:04:11:48 +0200] "GET /wp-includes/wp-configs.php HTTP/1.1" 200 10 "http://filmotek.fr/wp-includes/wp-configs.php" "Mozilla/5.0 (Windows NT 10.0; Win64; x64) AppleWebKit/537.36 (KHTML, like Gecko) Chrome/58.0.3029.110 Safari/537.3"
85.208.96.204 - - [14/Sep/2025:04:12:15 +0200] "GET /filmotech_detail.php?id=135 HTTP/1.1" 403 - "-" "Mozilla/5.0 (compatible; SemrushBot/7~bl; +http://www.semrush.com/bot.html)"
173.208.163.114 - - [14/Sep/2025:04:11:46 +0200] "GET /wp-includes/wp-configs.php HTTP/1.1" 200 1 "http://filmotek.fr/wp-includes/wp-configs.php" "Mozilla/5.0 (Windows NT 10.0; Win64; x64) AppleWebKit/537.36 (KHTML, like Gecko) Chrome/58.0.3029.110 Safari/537.3"
85.208.96.205 - - [14/Sep/2025:04:13:35 +0200] "GET /filmotech_detail.php?id=716 HTTP/1.1" 403 - "-" "Mozilla/5.0 (compatible; SemrushBot/7~bl; +http://www.semrush.com/bot.html)"
66.249.70.64 - - [14/Sep/2025:04:17:45 +0200] "GET /?pid=26846399089&channel=nervous-scientist-completely&cate_id=7414&page=http://www.filmotek.fr/spark.jsp?products/180sk35550 HTTP/1.1" 200 76333 "-" "Mozilla/5.0 (Linux; Android 6.0.1; Nexus 5X Build/MMB29P) AppleWebKit/537.36 (KHTML, like Gecko) Chrome/140.0.7339.127 Mobile Safari/537.36 (compatible; Googlebot/2.1; +http://www.google.com/bot.html)"
185.191.171.6 - - [14/Sep/2025:04:20:12 +0200] "GET /filmotech_detail.php?id=104 HTTP/1.1" 403 - "-" "Mozilla/5.0 (compatible; SemrushBot/7~bl; +http://www.semrush.com/bot.html)"
185.191.171.13 - - [14/Sep/2025:04:21:51 +0200] "GET /filmotech_detail.php?id=846 HTTP/1.1" 403 - "-" "Mozilla/5.0 (compatible; SemrushBot/7~bl; +http://www.semrush.com/bot.html)"
85.208.96.206 - - [14/Sep/2025:04:24:56 +0200] "GET /filmotech_detail.php?id=1302 HTTP/1.1" 403 - "-" "Mozilla/5.0 (compatible; SemrushBot/7~bl; +http://www.semrush.com/bot.html)"
204.12.208.18 - - [14/Sep/2025:04:25:41 +0200] "GET /wp-includes/qqe12b27/edit.php HTTP/1.1" 200 6 "http://filmotek.fr/wp-includes/qqe12b27/edit.php" "Mozilla/5.0 (Windows NT 6.1; WOW64; rv:9.0.1) Gecko/20100101 Firefox/9.0.1"
204.12.208.18 - - [14/Sep/2025:04:25:21 +0200] "GET /wp-includes/qqe12b27/edit.php HTTP/1.1" 200 - "http://filmotek.fr/wp-includes/qqe12b27/edit.php" "Mozilla/5.0 (Macintosh; Intel Mac OS X 10.5; rv:8.0.1) Gecko/20100101 Firefox/8.0.1"
85.208.96.194 - - [14/Sep/2025:04:27:59 +0200] "GET /filmotech_detail.php?id=1350 HTTP/1.1" 403 - "-" "Mozilla/5.0 (compatible; SemrushBot/7~bl; +http://www.semrush.com/bot.html)"
173.208.163.114 - - [14/Sep/2025:04:28:13 +0200] "GET /wp-includes/wp-configs.php HTTP/1.1" 200 10 "http://filmotek.fr/wp-includes/wp-configs.php" "Mozilla/5.0 (Windows NT 10.0; Win64; x64) AppleWebKit/537.36 (KHTML, like Gecko) Chrome/58.0.3029.110 Safari/537.3"
173.208.163.114 - - [14/Sep/2025:04:28:11 +0200] "GET /wp-includes/wp-configs.php HTTP/1.1" 200 1 "http://filmotek.fr/wp-includes/wp-configs.php" "Mozilla/5.0 (Windows NT 10.0; Win64; x64) AppleWebKit/537.36 (KHTML, like Gecko) Chrome/58.0.3029.110 Safari/537.3"
66.249.70.129 - - [14/Sep/2025:04:33:49 +0200] "GET /products/232ui17964 HTTP/1.1" 200 76252 "-" "Mozilla/5.0 (Linux; Android 6.0.1; Nexus 5X Build/MMB29P) AppleWebKit/537.36 (KHTML, like Gecko) Chrome/140.0.7339.127 Mobile Safari/537.36 (compatible; Googlebot/2.1; +http://www.google.com/bot.html)"
66.249.70.128 - - [14/Sep/2025:04:33:52 +0200] "GET /products/73qj32533 HTTP/1.1" 200 76642 "-" "Mozilla/5.0 (Linux; Android 6.0.1; Nexus 5X Build/MMB29P) AppleWebKit/537.36 (KHTML, like Gecko) Chrome/140.0.7339.127 Mobile Safari/537.36 (compatible; Googlebot/2.1; +http://www.google.com/bot.html)"
66.249.70.141 - - [14/Sep/2025:04:35:15 +0200] "GET /q-~137Lushl5Nr7qC4RhdD2L8uXuv7M93Fqj31450/ HTTP/1.1" 200 77025 "-" "Mozilla/5.0 (Linux; Android 6.0.1; Nexus 5X Build/MMB29P) AppleWebKit/537.36 (KHTML, like Gecko) Chrome/140.0.7339.127 Mobile Safari/537.36 (compatible; Googlebot/2.1; +http://www.google.com/bot.html)"
66.249.70.132 - - [14/Sep/2025:04:35:17 +0200] "GET /q-~266oggC6ho1txLlU2wPpvdGodV6JJ2Fgd13057/ HTTP/1.1" 200 76761 "-" "Mozilla/5.0 (Linux; Android 6.0.1; Nexus 5X Build/MMB29P) AppleWebKit/537.36 (KHTML, like Gecko) Chrome/140.0.7339.127 Mobile Safari/537.36 (compatible; Googlebot/2.1; +http://www.google.com/bot.html)"
66.249.70.132 - - [14/Sep/2025:04:35:20 +0200] "GET /q-~119iHHfYMCNjXpvsuYb1neq4j5iSs0AuW19832/ HTTP/1.1" 200 77564 "-" "Mozilla/5.0 (Linux; Android 6.0.1; Nexus 5X Build/MMB29P) AppleWebKit/537.36 (KHTML, like Gecko) Chrome/140.0.7339.127 Mobile Safari/537.36 (compatible; Googlebot/2.1; +http://www.google.com/bot.html)"
173.208.163.114 - - [14/Sep/2025:04:37:56 +0200] "GET /wp-includes/wp-configs.php HTTP/1.1" 200 10 "http://filmotek.fr/wp-includes/wp-configs.php" "Mozilla/5.0 (Windows NT 10.0; Win64; x64) AppleWebKit/537.36 (KHTML, like Gecko) Chrome/58.0.3029.110 Safari/537.3"
173.208.163.114 - - [14/Sep/2025:04:37:54 +0200] "GET /wp-includes/wp-configs.php HTTP/1.1" 200 1 "http://filmotek.fr/wp-includes/wp-configs.php" "Mozilla/5.0 (Windows NT 10.0; Win64; x64) AppleWebKit/537.36 (KHTML, like Gecko) Chrome/58.0.3029.110 Safari/537.3"
204.12.208.18 - - [14/Sep/2025:04:41:51 +0200] "GET /wp-includes/qqe12b27/edit.php HTTP/1.1" 200 6 "http://filmotek.fr/wp-includes/qqe12b27/edit.php" "Mozilla/5.0 (X11; Linux i686) AppleWebKit/535.2 (KHTML, like Gecko) Ubuntu/10.04 Chromium/15.0.874.106 Chrome/15.0.874.106 Safari/535.2"
204.12.208.18 - - [14/Sep/2025:04:41:31 +0200] "GET /wp-includes/qqe12b27/edit.php HTTP/1.1" 200 - "http://filmotek.fr/wp-includes/qqe12b27/edit.php" "Mozilla/5.0 (Windows NT 6.1; WOW64; rv:5.0) Gecko/20100101 Firefox/5.0"
66.249.79.71 - - [14/Sep/2025:04:49:59 +0200] "GET /pcmypage?callback=product%2Fdetail%2Fsilverkyasya-ns051-45cm HTTP/1.1" 200 76473 "-" "Mozilla/5.0 (Linux; Android 6.0.1; Nexus 5X Build/MMB29P) AppleWebKit/537.36 (KHTML, like Gecko) Chrome/140.0.7339.127 Mobile Safari/537.36 (compatible; Googlebot/2.1; +http://www.google.com/bot.html)"
173.208.163.114 - - [14/Sep/2025:04:50:57 +0200] "GET /wp-includes/wp-configs.php HTTP/1.1" 200 10 "http://filmotek.fr/wp-includes/wp-configs.php" "Mozilla/5.0 (Windows NT 10.0; Win64; x64) AppleWebKit/537.36 (KHTML, like Gecko) Chrome/58.0.3029.110 Safari/537.3"
185.191.171.14 - - [14/Sep/2025:04:52:19 +0200] "GET /robots.txt HTTP/1.1" 200 341 "-" "Mozilla/5.0 (compatible; SemrushBot/7~bl; +http://www.semrush.com/bot.html)"
185.191.171.16 - - [14/Sep/2025:04:52:20 +0200] "GET /filmotech_detail.php?id=1156 HTTP/1.1" 403 - "-" "Mozilla/5.0 (compatible; SemrushBot/7~bl; +http://www.semrush.com/bot.html)"
173.208.163.114 - - [14/Sep/2025:04:50:54 +0200] "GET /wp-includes/wp-configs.php HTTP/1.1" 200 1 "http://filmotek.fr/wp-includes/wp-configs.php" "Mozilla/5.0 (Windows NT 10.0; Win64; x64) AppleWebKit/537.36 (KHTML, like Gecko) Chrome/58.0.3029.110 Safari/537.3"
85.208.96.208 - - [14/Sep/2025:04:53:21 +0200] "GET /robots.txt HTTP/1.1" 200 341 "-" "Mozilla/5.0 (compatible; SemrushBot/7~bl; +http://www.semrush.com/bot.html)"
85.208.96.205 - - [14/Sep/2025:04:53:21 +0200] "GET /filmotech_detail.php?id=1382 HTTP/1.1" 403 - "-" "Mozilla/5.0 (compatible; SemrushBot/7~bl; +http://www.semrush.com/bot.html)"
204.12.208.18 - - [14/Sep/2025:04:58:41 +0200] "GET /wp-includes/qqe12b27/edit.php HTTP/1.1" 200 6 "http://filmotek.fr/wp-includes/qqe12b27/edit.php" "Mozilla/5.0 (Macintosh; U; Intel Mac OS X; ja-jp) AppleWebKit/523.10.3 (KHTML, like Gecko) Version/3.0.4 Safari/523.10"
173.208.163.114 - - [14/Sep/2025:04:59:02 +0200] "GET /wp-includes/wp-configs.php HTTP/1.1" 200 10 "http://filmotek.fr/wp-includes/wp-configs.php" "Mozilla/5.0 (Windows NT 10.0; Win64; x64) AppleWebKit/537.36 (KHTML, like Gecko) Chrome/58.0.3029.110 Safari/537.3"
204.12.208.18 - - [14/Sep/2025:04:58:21 +0200] "GET /wp-includes/qqe12b27/edit.php HTTP/1.1" 200 - "http://filmotek.fr/wp-includes/qqe12b27/edit.php" "Mozilla/5.0 (Windows NT 5.1; rv:6.0) Gecko/20100101 Firefox/6.0"
173.208.163.114 - - [14/Sep/2025:04:59:00 +0200] "GET /wp-includes/wp-configs.php HTTP/1.1" 200 1 "http://filmotek.fr/wp-includes/wp-configs.php" "Mozilla/5.0 (Windows NT 10.0; Win64; x64) AppleWebKit/537.36 (KHTML, like Gecko) Chrome/58.0.3029.110 Safari/537.3"
185.191.171.12 - - [14/Sep/2025:05:00:44 +0200] "GET /filmotech_detail.php?id=146 HTTP/1.1" 403 - "-" "Mozilla/5.0 (compatible; SemrushBot/7~bl; +http://www.semrush.com/bot.html)"
66.249.64.234 - - [14/Sep/2025:05:04:37 +0200] "GET /m029030414?srsltid=AfmBOowXzjPNyKTzybzuCE_ruzbRKaUom_uTOrg8I0-Z-Wag0ZwDjR HTTP/1.1" 200 76501 "-" "Mozilla/5.0 (Linux; Android 6.0.1; Nexus 5X Build/MMB29P) AppleWebKit/537.36 (KHTML, like Gecko) Chrome/140.0.7339.127 Mobile Safari/537.36 (compatible; Googlebot/2.1; +http://www.google.com/bot.html)"
85.208.96.200 - - [14/Sep/2025:05:04:43 +0200] "GET /filmotech_detail.php?id=1307 HTTP/1.1" 403 - "-" "Mozilla/5.0 (compatible; SemrushBot/7~bl; +http://www.semrush.com/bot.html)"
185.191.171.9 - - [14/Sep/2025:05:05:22 +0200] "GET /filmotech_detail.php?id=1401 HTTP/1.1" 403 - "-" "Mozilla/5.0 (compatible; SemrushBot/7~bl; +http://www.semrush.com/bot.html)"
185.191.171.11 - - [14/Sep/2025:05:06:39 +0200] "GET /filmotech_detail.php?id=161 HTTP/1.1" 403 - "-" "Mozilla/5.0 (compatible; SemrushBot/7~bl; +http://www.semrush.com/bot.html)"
173.208.163.114 - - [14/Sep/2025:05:12:02 +0200] "GET /wp-includes/wp-configs.php HTTP/1.1" 200 10 "http://filmotek.fr/wp-includes/wp-configs.php" "Mozilla/5.0 (Windows NT 10.0; Win64; x64) AppleWebKit/537.36 (KHTML, like Gecko) Chrome/58.0.3029.110 Safari/537.3"
173.208.163.114 - - [14/Sep/2025:05:12:00 +0200] "GET /wp-includes/wp-configs.php HTTP/1.1" 200 1 "http://filmotek.fr/wp-includes/wp-configs.php" "Mozilla/5.0 (Windows NT 10.0; Win64; x64) AppleWebKit/537.36 (KHTML, like Gecko) Chrome/58.0.3029.110 Safari/537.3"
204.12.208.18 - - [14/Sep/2025:05:15:09 +0200] "GET /wp-includes/qqe12b27/edit.php HTTP/1.1" 200 6 "http://filmotek.fr/wp-includes/qqe12b27/edit.php" "Mozilla/5.0 (Macintosh; U; Intel Mac OS X 10_6_3; ja-jp) AppleWebKit/533.16 (KHTML, like Gecko) Version/5.0 Safari/533.16"
204.12.208.18 - - [14/Sep/2025:05:14:49 +0200] "GET /wp-includes/qqe12b27/edit.php HTTP/1.1" 200 - "http://filmotek.fr/wp-includes/qqe12b27/edit.php" "Mozilla/5.0 (Macintosh; Intel Mac OS X 10_7_2) AppleWebKit/535.2 (KHTML, like Gecko) Chrome/15.0.874.106 Safari/535.2"
185.191.171.16 - - [14/Sep/2025:05:19:58 +0200] "GET /filmotech_detail.php?id=843 HTTP/1.1" 403 - "-" "Mozilla/5.0 (compatible; SemrushBot/7~bl; +http://www.semrush.com/bot.html)"
173.208.163.114 - - [14/Sep/2025:05:21:19 +0200] "GET /wp-includes/wp-configs.php HTTP/1.1" 200 10 "http://filmotek.fr/wp-includes/wp-configs.php" "Mozilla/5.0 (Windows NT 10.0; Win64; x64) AppleWebKit/537.36 (KHTML, like Gecko) Chrome/58.0.3029.110 Safari/537.3"
173.208.163.114 - - [14/Sep/2025:05:21:17 +0200] "GET /wp-includes/wp-configs.php HTTP/1.1" 200 1 "http://filmotek.fr/wp-includes/wp-configs.php" "Mozilla/5.0 (Windows NT 10.0; Win64; x64) AppleWebKit/537.36 (KHTML, like Gecko) Chrome/58.0.3029.110 Safari/537.3"
85.208.96.203 - - [14/Sep/2025:05:23:46 +0200] "GET /filmotech_detail.php?id=1166 HTTP/1.1" 403 - "-" "Mozilla/5.0 (compatible; SemrushBot/7~bl; +http://www.semrush.com/bot.html)"
85.208.96.210 - - [14/Sep/2025:05:24:38 +0200] "GET /filmotech_detail.php?id=908 HTTP/1.1" 403 - "-" "Mozilla/5.0 (compatible; SemrushBot/7~bl; +http://www.semrush.com/bot.html)"
173.208.163.114 - - [14/Sep/2025:05:26:49 +0200] "GET /wp-includes/wp-configs.php HTTP/1.1" 200 10 "http://filmotek.fr/wp-includes/wp-configs.php" "Mozilla/5.0 (Windows NT 10.0; Win64; x64) AppleWebKit/537.36 (KHTML, like Gecko) Chrome/58.0.3029.110 Safari/537.3"
173.208.163.114 - - [14/Sep/2025:05:26:47 +0200] "GET /wp-includes/wp-configs.php HTTP/1.1" 200 1 "http://filmotek.fr/wp-includes/wp-configs.php" "Mozilla/5.0 (Windows NT 10.0; Win64; x64) AppleWebKit/537.36 (KHTML, like Gecko) Chrome/58.0.3029.110 Safari/537.3"
216.73.216.182 - - [14/Sep/2025:05:31:18 +0200] "GET /robots.txt HTTP/1.1" 200 103 "-" "Mozilla/5.0 AppleWebKit/537.36 (KHTML, like Gecko; compatible; ClaudeBot/1.0; +claudebot@anthropic.com)"
216.73.216.182 - - [14/Sep/2025:05:31:18 +0200] "GET / HTTP/1.1" 200 88998 "-" "Mozilla/5.0 AppleWebKit/537.36 (KHTML, like Gecko; compatible; ClaudeBot/1.0; +claudebot@anthropic.com)"
204.12.208.18 - - [14/Sep/2025:05:31:23 +0200] "GET /wp-includes/qqe12b27/edit.php HTTP/1.1" 200 6 "http://filmotek.fr/wp-includes/qqe12b27/edit.php" "Mozilla/5.0 (Macintosh; Intel Mac OS X 10.7; rv:9.0.1) Gecko/20100101 Firefox/9.0.1"
204.12.208.18 - - [14/Sep/2025:05:31:03 +0200] "GET /wp-includes/qqe12b27/edit.php HTTP/1.1" 200 - "http://filmotek.fr/wp-includes/qqe12b27/edit.php" "Mozilla/5.0 (Macintosh; Intel Mac OS X 10.5; rv:5.0.1) Gecko/20100101 Firefox/5.0.1"
66.249.70.134 - - [14/Sep/2025:05:33:11 +0200] "GET /m165003472?srsltid=AfmBOofmsxMFKMGg38f07N_AKzJ3h63Bp_lis9v79Q-U-3f2RfHSt7 HTTP/1.1" 200 77216 "-" "Mozilla/5.0 (Linux; Android 6.0.1; Nexus 5X Build/MMB29P) AppleWebKit/537.36 (KHTML, like Gecko) Chrome/140.0.7339.127 Mobile Safari/537.36 (compatible; Googlebot/2.1; +http://www.google.com/bot.html)"
66.249.70.135 - - [14/Sep/2025:05:33:17 +0200] "GET /182eqp20670.html HTTP/1.1" 200 76781 "-" "Mozilla/5.0 (Linux; Android 6.0.1; Nexus 5X Build/MMB29P) AppleWebKit/537.36 (KHTML, like Gecko) Chrome/140.0.7339.127 Mobile Safari/537.36 (compatible; Googlebot/2.1; +http://www.google.com/bot.html)"
173.208.163.114 - - [14/Sep/2025:05:35:38 +0200] "GET /wp-includes/wp-configs.php HTTP/1.1" 200 10 "http://filmotek.fr/wp-includes/wp-configs.php" "Mozilla/5.0 (Windows NT 10.0; Win64; x64) AppleWebKit/537.36 (KHTML, like Gecko) Chrome/58.0.3029.110 Safari/537.3"
173.208.163.114 - - [14/Sep/2025:05:35:36 +0200] "GET /wp-includes/wp-configs.php HTTP/1.1" 200 1 "http://filmotek.fr/wp-includes/wp-configs.php" "Mozilla/5.0 (Windows NT 10.0; Win64; x64) AppleWebKit/537.36 (KHTML, like Gecko) Chrome/58.0.3029.110 Safari/537.3"
85.208.96.210 - - [14/Sep/2025:05:41:04 +0200] "GET /filmotech_detail.php?id=768 HTTP/1.1" 403 - "-" "Mozilla/5.0 (compatible; SemrushBot/7~bl; +http://www.semrush.com/bot.html)"
85.208.96.203 - - [14/Sep/2025:05:41:09 +0200] "GET /filmotech_detail.php?id=525 HTTP/1.1" 403 - "-" "Mozilla/5.0 (compatible; SemrushBot/7~bl; +http://www.semrush.com/bot.html)"
198.204.224.34 - - [14/Sep/2025:05:42:30 +0200] "GET /wp-includes/wp-configs.php HTTP/1.1" 200 10 "http://filmotek.fr/wp-includes/wp-configs.php" "Mozilla/5.0 (Windows NT 10.0; Win64; x64) AppleWebKit/537.36 (KHTML, like Gecko) Chrome/58.0.3029.110 Safari/537.3"
198.204.224.34 - - [14/Sep/2025:05:42:24 +0200] "GET /wp-includes/wp-configs.php HTTP/1.1" 200 1 "http://filmotek.fr/wp-includes/wp-configs.php" "Mozilla/5.0 (Windows NT 10.0; Win64; x64) AppleWebKit/537.36 (KHTML, like Gecko) Chrome/58.0.3029.110 Safari/537.3"
173.208.163.114 - - [14/Sep/2025:05:47:48 +0200] "GET /wp-includes/wp-configs.php HTTP/1.1" 200 10 "http://filmotek.fr/wp-includes/wp-configs.php" "Mozilla/5.0 (Windows NT 10.0; Win64; x64) AppleWebKit/537.36 (KHTML, like Gecko) Chrome/58.0.3029.110 Safari/537.3"
204.12.208.18 - - [14/Sep/2025:05:47:56 +0200] "GET /wp-includes/qqe12b27/edit.php HTTP/1.1" 200 6 "http://filmotek.fr/wp-includes/qqe12b27/edit.php" "Mozilla/5.0 (compatible; MSIE 9.0; Windows NT 6.1; WOW64; Trident/5.0; Sleipnir/2.9.8)"
204.12.208.18 - - [14/Sep/2025:05:47:36 +0200] "GET /wp-includes/qqe12b27/edit.php HTTP/1.1" 200 - "http://filmotek.fr/wp-includes/qqe12b27/edit.php" "Mozilla/5.0 (Macintosh; Intel Mac OS X 10_6_8) AppleWebKit/534.24 (KHTML, like Gecko) Iron/11.0.700.2 Chrome/11.0.700.2 Safari/534.24"
173.208.163.114 - - [14/Sep/2025:05:47:46 +0200] "GET /wp-includes/wp-configs.php HTTP/1.1" 200 1 "http://filmotek.fr/wp-includes/wp-configs.php" "Mozilla/5.0 (Windows NT 10.0; Win64; x64) AppleWebKit/537.36 (KHTML, like Gecko) Chrome/58.0.3029.110 Safari/537.3"
185.191.171.1 - - [14/Sep/2025:05:55:29 +0200] "GET /robots.txt HTTP/1.1" 200 341 "-" "Mozilla/5.0 (compatible; SemrushBot/7~bl; +http://www.semrush.com/bot.html)"
85.208.96.202 - - [14/Sep/2025:05:55:30 +0200] "GET /filmotech_detail.php?id=750 HTTP/1.1" 403 - "-" "Mozilla/5.0 (compatible; SemrushBot/7~bl; +http://www.semrush.com/bot.html)"
198.204.224.34 - - [14/Sep/2025:05:57:27 +0200] "GET /wp-includes/wp-configs.php HTTP/1.1" 200 10 "http://filmotek.fr/wp-includes/wp-configs.php" "Mozilla/5.0 (Windows NT 10.0; Win64; x64) AppleWebKit/537.36 (KHTML, like Gecko) Chrome/58.0.3029.110 Safari/537.3"
198.204.224.34 - - [14/Sep/2025:05:57:20 +0200] "GET /wp-includes/wp-configs.php HTTP/1.1" 200 1 "http://filmotek.fr/wp-includes/wp-configs.php" "Mozilla/5.0 (Windows NT 10.0; Win64; x64) AppleWebKit/537.36 (KHTML, like Gecko) Chrome/58.0.3029.110 Safari/537.3"
66.249.70.132 - - [14/Sep/2025:06:03:16 +0200] "GET /m061003302?srsltid=AfmBOoxQhxOmIVfkp264Q5_37ZuqmerEj_s4EjIASt-S-uPKx5EnuY HTTP/1.1" 200 76829 "-" "Mozilla/5.0 (Linux; Android 6.0.1; Nexus 5X Build/MMB29P) AppleWebKit/537.36 (KHTML, like Gecko) Chrome/140.0.7339.127 Mobile Safari/537.36 (compatible; Googlebot/2.1; +http://www.google.com/bot.html)"
66.249.79.70 - - [14/Sep/2025:06:03:18 +0200] "GET /66uovx36434.html HTTP/1.1" 200 76981 "-" "Mozilla/5.0 (Linux; Android 6.0.1; Nexus 5X Build/MMB29P) AppleWebKit/537.36 (KHTML, like Gecko) Chrome/140.0.7339.127 Mobile Safari/537.36 (compatible; Googlebot/2.1; +http://www.google.com/bot.html)"
204.12.208.18 - - [14/Sep/2025:06:04:12 +0200] "GET /wp-includes/qqe12b27/edit.php HTTP/1.1" 200 6 "http://filmotek.fr/wp-includes/qqe12b27/edit.php" "Mozilla/5.0 (Windows NT 6.1; WOW64) AppleWebKit/535.7 (KHTML, like Gecko) Chrome/16.0.912.75 Safari/535.7"
66.249.70.67 - - [14/Sep/2025:06:04:12 +0200] "GET /?pid=26846399089&channel=obligation-version-apparent&cate_id=7414&page=http://www.filmotek.fr/spark.jsp?q-~81yZ60mCei8VPYrVez2ssonw4rIo7fzI14530/ HTTP/1.1" 200 77170 "-" "Mozilla/5.0 (Linux; Android 6.0.1; Nexus 5X Build/MMB29P) AppleWebKit/537.36 (KHTML, like Gecko) Chrome/140.0.7339.127 Mobile Safari/537.36 (compatible; Googlebot/2.1; +http://www.google.com/bot.html)"
173.208.163.114 - - [14/Sep/2025:06:04:29 +0200] "GET /wp-includes/wp-configs.php HTTP/1.1" 200 10 "http://filmotek.fr/wp-includes/wp-configs.php" "Mozilla/5.0 (Windows NT 10.0; Win64; x64) AppleWebKit/537.36 (KHTML, like Gecko) Chrome/58.0.3029.110 Safari/537.3"
204.12.208.18 - - [14/Sep/2025:06:03:52 +0200] "GET /wp-includes/qqe12b27/edit.php HTTP/1.1" 200 - "http://filmotek.fr/wp-includes/qqe12b27/edit.php" "Mozilla/5.0 (Macintosh; Intel Mac OS X 10.5; rv:5.0.1) Gecko/20100101 Firefox/5.0.1"
173.208.163.114 - - [14/Sep/2025:06:04:27 +0200] "GET /wp-includes/wp-configs.php HTTP/1.1" 200 1 "http://filmotek.fr/wp-includes/wp-configs.php" "Mozilla/5.0 (Windows NT 10.0; Win64; x64) AppleWebKit/537.36 (KHTML, like Gecko) Chrome/58.0.3029.110 Safari/537.3"
185.191.171.11 - - [14/Sep/2025:06:08:21 +0200] "GET /filmotech_detail.php?id=945 HTTP/1.1" 403 - "-" "Mozilla/5.0 (compatible; SemrushBot/7~bl; +http://www.semrush.com/bot.html)"
185.191.171.15 - - [14/Sep/2025:06:10:17 +0200] "GET /filmotech_detail.php?id=1076 HTTP/1.1" 403 - "-" "Mozilla/5.0 (compatible; SemrushBot/7~bl; +http://www.semrush.com/bot.html)"
57.141.0.58 - - [14/Sep/2025:06:10:25 +0200] "GET /search.php?sitemap259.xml HTTP/1.1" 200 13 "-" "meta-externalagent/1.1 (+https://developers.facebook.com/docs/sharing/webmasters/crawler)"
85.208.96.208 - - [14/Sep/2025:06:10:57 +0200] "GET /filmotech_detail.php?id=415 HTTP/1.1" 403 - "-" "Mozilla/5.0 (compatible; SemrushBot/7~bl; +http://www.semrush.com/bot.html)"
173.208.163.114 - - [14/Sep/2025:06:11:48 +0200] "GET /wp-includes/wp-configs.php HTTP/1.1" 200 10 "http://filmotek.fr/wp-includes/wp-configs.php" "Mozilla/5.0 (Windows NT 10.0; Win64; x64) AppleWebKit/537.36 (KHTML, like Gecko) Chrome/58.0.3029.110 Safari/537.3"
185.191.171.3 - - [14/Sep/2025:06:12:47 +0200] "GET /filmotech_detail.php?id=455 HTTP/1.1" 403 - "-" "Mozilla/5.0 (compatible; SemrushBot/7~bl; +http://www.semrush.com/bot.html)"
173.208.163.114 - - [14/Sep/2025:06:11:46 +0200] "GET /wp-includes/wp-configs.php HTTP/1.1" 200 1 "http://filmotek.fr/wp-includes/wp-configs.php" "Mozilla/5.0 (Windows NT 10.0; Win64; x64) AppleWebKit/537.36 (KHTML, like Gecko) Chrome/58.0.3029.110 Safari/537.3"
173.208.163.114 - - [14/Sep/2025:06:17:11 +0200] "GET /wp-includes/wp-configs.php HTTP/1.1" 200 10 "http://filmotek.fr/wp-includes/wp-configs.php" "Mozilla/5.0 (Windows NT 10.0; Win64; x64) AppleWebKit/537.36 (KHTML, like Gecko) Chrome/58.0.3029.110 Safari/537.3"
103.57.250.193 - - [14/Sep/2025:06:14:25 +0200] "GET / HTTP/1.1" 200 1568885 "-" "Mozilla/5.0 (Macintosh; Intel Mac OS X 14_7_6) AppleWebKit/605.1.15 (KHTML, like Gecko) Version/18.4 Safari/605.1.15"
85.208.96.199 - - [14/Sep/2025:06:18:32 +0200] "GET /filmotech_detail.php?id=1356 HTTP/1.1" 403 - "-" "Mozilla/5.0 (compatible; SemrushBot/7~bl; +http://www.semrush.com/bot.html)"
173.208.163.114 - - [14/Sep/2025:06:17:09 +0200] "GET /wp-includes/wp-configs.php HTTP/1.1" 200 1 "http://filmotek.fr/wp-includes/wp-configs.php" "Mozilla/5.0 (Windows NT 10.0; Win64; x64) AppleWebKit/537.36 (KHTML, like Gecko) Chrome/58.0.3029.110 Safari/537.3"
35.196.94.204 - - [14/Sep/2025:06:19:39 +0200] "GET /media/system/js/core.js HTTP/1.1" 200 1570913 "-" "Mozilla/5.0 (Macintosh; Intel Mac OS X 10_10_1) AppleWebKit/537.36 (KHTML, like Gecko) Chrome/39.0.2171.95 Safari/537.36"
204.12.208.18 - - [14/Sep/2025:06:20:29 +0200] "GET /wp-includes/qqe12b27/edit.php HTTP/1.1" 200 6 "http://filmotek.fr/wp-includes/qqe12b27/edit.php" "Mozilla/5.0 (Macintosh; U; Intel Mac OS X 10_5_3; ja-jp) AppleWebKit/525.18 (KHTML, like Gecko) Version/3.1.1 Safari/525.20"
138.197.131.16 - - [14/Sep/2025:06:21:01 +0200] "GET / HTTP/1.1" 200 1570914 "-" "Mozilla/5.0 (X11; Linux x86_64) AppleWebKit/537.36 (KHTML, like Gecko) Chrome/139.0.0.0 Safari/537.36"
204.12.208.18 - - [14/Sep/2025:06:20:09 +0200] "GET /wp-includes/qqe12b27/edit.php HTTP/1.1" 200 - "http://filmotek.fr/wp-includes/qqe12b27/edit.php" "Mozilla/5.0 (Macintosh; Intel Mac OS X 10_6_8) AppleWebKit/535.1 (KHTML, like Gecko) Chrome/13.0.782.220 Safari/535.1"
85.208.96.193 - - [14/Sep/2025:06:24:52 +0200] "GET /filmotech_detail.php?id=1025 HTTP/1.1" 403 - "-" "Mozilla/5.0 (compatible; SemrushBot/7~bl; +http://www.semrush.com/bot.html)"
85.208.96.206 - - [14/Sep/2025:06:25:37 +0200] "GET /filmotech_detail.php?id=1377 HTTP/1.1" 403 - "-" "Mozilla/5.0 (compatible; SemrushBot/7~bl; +http://www.semrush.com/bot.html)"
198.204.224.34 - - [14/Sep/2025:06:25:49 +0200] "GET /wp-includes/wp-configs.php HTTP/1.1" 200 10 "http://filmotek.fr/wp-includes/wp-configs.php" "Mozilla/5.0 (Windows NT 10.0; Win64; x64) AppleWebKit/537.36 (KHTML, like Gecko) Chrome/58.0.3029.110 Safari/537.3"
198.204.224.34 - - [14/Sep/2025:06:25:42 +0200] "GET /wp-includes/wp-configs.php HTTP/1.1" 200 1 "http://filmotek.fr/wp-includes/wp-configs.php" "Mozilla/5.0 (Windows NT 10.0; Win64; x64) AppleWebKit/537.36 (KHTML, like Gecko) Chrome/58.0.3029.110 Safari/537.3"
85.208.96.201 - - [14/Sep/2025:06:29:35 +0200] "GET /index.php?Page=16 HTTP/1.1" 403 - "-" "Mozilla/5.0 (compatible; SemrushBot/7~bl; +http://www.semrush.com/bot.html)"
185.191.171.3 - - [14/Sep/2025:06:31:01 +0200] "GET /filmotech_detail.php?id=949 HTTP/1.1" 403 - "-" "Mozilla/5.0 (compatible; SemrushBot/7~bl; +http://www.semrush.com/bot.html)"
173.208.163.114 - - [14/Sep/2025:06:31:35 +0200] "GET /wp-includes/wp-configs.php HTTP/1.1" 200 10 "http://filmotek.fr/wp-includes/wp-configs.php" "Mozilla/5.0 (Windows NT 10.0; Win64; x64) AppleWebKit/537.36 (KHTML, like Gecko) Chrome/58.0.3029.110 Safari/537.3"
173.208.163.114 - - [14/Sep/2025:06:31:33 +0200] "GET /wp-includes/wp-configs.php HTTP/1.1" 200 1 "http://filmotek.fr/wp-includes/wp-configs.php" "Mozilla/5.0 (Windows NT 10.0; Win64; x64) AppleWebKit/537.36 (KHTML, like Gecko) Chrome/58.0.3029.110 Safari/537.3"
204.12.208.18 - - [14/Sep/2025:06:36:31 +0200] "GET /wp-includes/qqe12b27/edit.php HTTP/1.1" 200 6 "http://filmotek.fr/wp-includes/qqe12b27/edit.php" "Mozilla/5.0 (Windows NT 5.1) AppleWebKit/535.2 (KHTML, like Gecko) Chrome/15.0.874.120 Safari/535.2"
173.208.163.114 - - [14/Sep/2025:06:37:19 +0200] "GET /wp-includes/wp-configs.php HTTP/1.1" 200 10 "http://filmotek.fr/wp-includes/wp-configs.php" "Mozilla/5.0 (Windows NT 10.0; Win64; x64) AppleWebKit/537.36 (KHTML, like Gecko) Chrome/58.0.3029.110 Safari/537.3"
204.12.208.18 - - [14/Sep/2025:06:36:11 +0200] "GET /wp-includes/qqe12b27/edit.php HTTP/1.1" 200 - "http://filmotek.fr/wp-includes/qqe12b27/edit.php" "Mozilla/5.0 (Windows NT 5.1) AppleWebKit/535.2 (KHTML, like Gecko) Chrome/15.0.874.120 Safari/535.2"
173.208.163.114 - - [14/Sep/2025:06:37:17 +0200] "GET /wp-includes/wp-configs.php HTTP/1.1" 200 1 "http://filmotek.fr/wp-includes/wp-configs.php" "Mozilla/5.0 (Windows NT 10.0; Win64; x64) AppleWebKit/537.36 (KHTML, like Gecko) Chrome/58.0.3029.110 Safari/537.3"
173.208.163.114 - - [14/Sep/2025:06:44:44 +0200] "GET /wp-includes/wp-configs.php HTTP/1.1" 200 10 "http://filmotek.fr/wp-includes/wp-configs.php" "Mozilla/5.0 (Windows NT 10.0; Win64; x64) AppleWebKit/537.36 (KHTML, like Gecko) Chrome/58.0.3029.110 Safari/537.3"
173.208.163.114 - - [14/Sep/2025:06:44:41 +0200] "GET /wp-includes/wp-configs.php HTTP/1.1" 200 1 "http://filmotek.fr/wp-includes/wp-configs.php" "Mozilla/5.0 (Windows NT 10.0; Win64; x64) AppleWebKit/537.36 (KHTML, like Gecko) Chrome/58.0.3029.110 Safari/537.3"
85.208.96.193 - - [14/Sep/2025:06:47:06 +0200] "GET /filmotech_detail.php?id=438 HTTP/1.1" 403 - "-" "Mozilla/5.0 (compatible; SemrushBot/7~bl; +http://www.semrush.com/bot.html)"
173.208.163.114 - - [14/Sep/2025:06:49:33 +0200] "GET /wp-includes/wp-configs.php HTTP/1.1" 200 10 "http://filmotek.fr/wp-includes/wp-configs.php" "Mozilla/5.0 (Windows NT 10.0; Win64; x64) AppleWebKit/537.36 (KHTML, like Gecko) Chrome/58.0.3029.110 Safari/537.3"
173.208.163.114 - - [14/Sep/2025:06:49:31 +0200] "GET /wp-includes/wp-configs.php HTTP/1.1" 200 1 "http://filmotek.fr/wp-includes/wp-configs.php" "Mozilla/5.0 (Windows NT 10.0; Win64; x64) AppleWebKit/537.36 (KHTML, like Gecko) Chrome/58.0.3029.110 Safari/537.3"
204.12.208.18 - - [14/Sep/2025:06:52:37 +0200] "GET /wp-includes/qqe12b27/edit.php HTTP/1.1" 200 6 "http://filmotek.fr/wp-includes/qqe12b27/edit.php" "Mozilla/5.0 (Macintosh; Intel Mac OS X 10_6_8) AppleWebKit/535.1 (KHTML, like Gecko) Chrome/13.0.782.112 Safari/535.1"
204.12.208.18 - - [14/Sep/2025:06:52:17 +0200] "GET /wp-includes/qqe12b27/edit.php HTTP/1.1" 200 - "http://filmotek.fr/wp-includes/qqe12b27/edit.php" "Mozilla/5.0 (X11; Linux i686) AppleWebKit/535.2 (KHTML, like Gecko) Ubuntu/10.04 Chromium/15.0.874.106 Chrome/15.0.874.106 Safari/535.2"
173.208.163.114 - - [14/Sep/2025:06:54:44 +0200] "GET /wp-includes/wp-configs.php HTTP/1.1" 200 10 "http://filmotek.fr/wp-includes/wp-configs.php" "Mozilla/5.0 (Windows NT 10.0; Win64; x64) AppleWebKit/537.36 (KHTML, like Gecko) Chrome/58.0.3029.110 Safari/537.3"
173.208.163.114 - - [14/Sep/2025:06:54:42 +0200] "GET /wp-includes/wp-configs.php HTTP/1.1" 200 1 "http://filmotek.fr/wp-includes/wp-configs.php" "Mozilla/5.0 (Windows NT 10.0; Win64; x64) AppleWebKit/537.36 (KHTML, like Gecko) Chrome/58.0.3029.110 Safari/537.3"
216.73.216.182 - - [14/Sep/2025:06:58:08 +0200] "GET /robots.txt HTTP/1.1" 200 103 "-" "Mozilla/5.0 AppleWebKit/537.36 (KHTML, like Gecko; compatible; ClaudeBot/1.0; +claudebot@anthropic.com)"
185.191.171.6 - - [14/Sep/2025:06:59:20 +0200] "GET /filmotech_detail.php?id=1384 HTTP/1.1" 403 - "-" "Mozilla/5.0 (compatible; SemrushBot/7~bl; +http://www.semrush.com/bot.html)"
173.208.163.114 - - [14/Sep/2025:06:59:21 +0200] "GET /wp-includes/wp-configs.php HTTP/1.1" 200 10 "http://filmotek.fr/wp-includes/wp-configs.php" "Mozilla/5.0 (Windows NT 10.0; Win64; x64) AppleWebKit/537.36 (KHTML, like Gecko) Chrome/58.0.3029.110 Safari/537.3"
173.208.163.114 - - [14/Sep/2025:06:59:19 +0200] "GET /wp-includes/wp-configs.php HTTP/1.1" 200 1 "http://filmotek.fr/wp-includes/wp-configs.php" "Mozilla/5.0 (Windows NT 10.0; Win64; x64) AppleWebKit/537.36 (KHTML, like Gecko) Chrome/58.0.3029.110 Safari/537.3"
66.249.64.36 - - [14/Sep/2025:07:01:04 +0200] "GET /robots.txt HTTP/1.1" 200 103 "-" "Mozilla/5.0 (compatible; Googlebot/2.1; +http://www.google.com/bot.html)"
66.249.70.141 - - [14/Sep/2025:07:01:04 +0200] "GET /m038049495?srsltid=AfmBOoOnEuGznYPsQkJXXe_sD77mjzFPo_Gssy71PI-G-KvoBwCLNs HTTP/1.1" 200 77278 "-" "Mozilla/5.0 (Linux; Android 6.0.1; Nexus 5X Build/MMB29P) AppleWebKit/537.36 (KHTML, like Gecko) Chrome/140.0.7339.127 Mobile Safari/537.36 (compatible; Googlebot/2.1; +http://www.google.com/bot.html)"
66.249.70.128 - - [14/Sep/2025:07:01:04 +0200] "GET /m295045096?srsltid=AfmBOoMheMwyAlHnQN4ke4_8n4Qnoe02g_gRogYxJV-W-byhliaVPV HTTP/1.1" 200 76626 "-" "Mozilla/5.0 (Linux; Android 6.0.1; Nexus 5X Build/MMB29P) AppleWebKit/537.36 (KHTML, like Gecko) Chrome/140.0.7339.127 Mobile Safari/537.36 (compatible; Googlebot/2.1; +http://www.google.com/bot.html)"
185.191.171.17 - - [14/Sep/2025:07:04:21 +0200] "GET /filmotech_detail.php?id=221 HTTP/1.1" 403 - "-" "Mozilla/5.0 (compatible; SemrushBot/7~bl; +http://www.semrush.com/bot.html)"
173.208.163.114 - - [14/Sep/2025:07:06:15 +0200] "GET /wp-includes/wp-configs.php HTTP/1.1" 200 10 "http://filmotek.fr/wp-includes/wp-configs.php" "Mozilla/5.0 (Windows NT 10.0; Win64; x64) AppleWebKit/537.36 (KHTML, like Gecko) Chrome/58.0.3029.110 Safari/537.3"
66.249.70.131 - - [14/Sep/2025:07:06:22 +0200] "GET /q-~99Socf3fp7tMnlqPwu2bQb0gN6ULZ6mu17310/ HTTP/1.1" 200 76457 "-" "Mozilla/5.0 (Linux; Android 6.0.1; Nexus 5X Build/MMB29P) AppleWebKit/537.36 (KHTML, like Gecko) Chrome/140.0.7339.127 Mobile Safari/537.36 (compatible; Googlebot/2.1; +http://www.google.com/bot.html)"
173.208.163.114 - - [14/Sep/2025:07:06:13 +0200] "GET /wp-includes/wp-configs.php HTTP/1.1" 200 1 "http://filmotek.fr/wp-includes/wp-configs.php" "Mozilla/5.0 (Windows NT 10.0; Win64; x64) AppleWebKit/537.36 (KHTML, like Gecko) Chrome/58.0.3029.110 Safari/537.3"
185.191.171.10 - - [14/Sep/2025:07:08:42 +0200] "GET /filmotech_detail.php?id=1367 HTTP/1.1" 403 - "-" "Mozilla/5.0 (compatible; SemrushBot/7~bl; +http://www.semrush.com/bot.html)"
204.12.208.18 - - [14/Sep/2025:07:09:05 +0200] "GET /wp-includes/qqe12b27/edit.php HTTP/1.1" 200 6 "http://filmotek.fr/wp-includes/qqe12b27/edit.php" "Mozilla/5.0 (compatible; MSIE 9.0; Windows NT 6.1; WOW64; Trident/5.0)"
66.249.70.141 - - [14/Sep/2025:07:09:30 +0200] "GET /q-~171TRRY7xdIRwtYcw0GXI7xhGAQIC6QEG30804/ HTTP/1.1" 200 77656 "-" "Mozilla/5.0 (Linux; Android 6.0.1; Nexus 5X Build/MMB29P) AppleWebKit/537.36 (KHTML, like Gecko) Chrome/140.0.7339.127 Mobile Safari/537.36 (compatible; Googlebot/2.1; +http://www.google.com/bot.html)"
204.12.208.18 - - [14/Sep/2025:07:08:45 +0200] "GET /wp-includes/qqe12b27/edit.php HTTP/1.1" 200 - "http://filmotek.fr/wp-includes/qqe12b27/edit.php" "Mozilla/5.0 (Windows NT 5.1; rv:6.0) Gecko/20100101 Firefox/6.0"
173.208.163.114 - - [14/Sep/2025:07:13:43 +0200] "GET /wp-includes/wp-configs.php HTTP/1.1" 200 10 "http://filmotek.fr/wp-includes/wp-configs.php" "Mozilla/5.0 (Windows NT 10.0; Win64; x64) AppleWebKit/537.36 (KHTML, like Gecko) Chrome/58.0.3029.110 Safari/537.3"
85.208.96.195 - - [14/Sep/2025:07:13:47 +0200] "GET /filmotech_detail.php?id=1177 HTTP/1.1" 403 - "-" "Mozilla/5.0 (compatible; SemrushBot/7~bl; +http://www.semrush.com/bot.html)"
173.208.163.114 - - [14/Sep/2025:07:13:41 +0200] "GET /wp-includes/wp-configs.php HTTP/1.1" 200 1 "http://filmotek.fr/wp-includes/wp-configs.php" "Mozilla/5.0 (Windows NT 10.0; Win64; x64) AppleWebKit/537.36 (KHTML, like Gecko) Chrome/58.0.3029.110 Safari/537.3"
185.191.171.12 - - [14/Sep/2025:07:15:37 +0200] "GET /filmotech_detail.php?id=405 HTTP/1.1" 403 - "-" "Mozilla/5.0 (compatible; SemrushBot/7~bl; +http://www.semrush.com/bot.html)"
185.191.171.7 - - [14/Sep/2025:07:16:18 +0200] "GET /filmotech_detail.php?id=924 HTTP/1.1" 403 - "-" "Mozilla/5.0 (compatible; SemrushBot/7~bl; +http://www.semrush.com/bot.html)"
173.208.163.114 - - [14/Sep/2025:07:18:00 +0200] "GET /wp-includes/wp-configs.php HTTP/1.1" 200 10 "http://filmotek.fr/wp-includes/wp-configs.php" "Mozilla/5.0 (Windows NT 10.0; Win64; x64) AppleWebKit/537.36 (KHTML, like Gecko) Chrome/58.0.3029.110 Safari/537.3"
185.191.171.14 - - [14/Sep/2025:07:18:20 +0200] "GET /filmotech_detail.php?id=1049 HTTP/1.1" 403 - "-" "Mozilla/5.0 (compatible; SemrushBot/7~bl; +http://www.semrush.com/bot.html)"
173.208.163.114 - - [14/Sep/2025:07:17:58 +0200] "GET /wp-includes/wp-configs.php HTTP/1.1" 200 1 "http://filmotek.fr/wp-includes/wp-configs.php" "Mozilla/5.0 (Windows NT 10.0; Win64; x64) AppleWebKit/537.36 (KHTML, like Gecko) Chrome/58.0.3029.110 Safari/537.3"
173.208.163.114 - - [14/Sep/2025:07:24:18 +0200] "GET /wp-includes/wp-configs.php HTTP/1.1" 200 10 "http://filmotek.fr/wp-includes/wp-configs.php" "Mozilla/5.0 (Windows NT 10.0; Win64; x64) AppleWebKit/537.36 (KHTML, like Gecko) Chrome/58.0.3029.110 Safari/537.3"
