173.208.163.114 - - [13/Sep/2025:20:06:25 +0200] "GET /wp-includes/wp-configs.php HTTP/1.1" 200 1 "http://filmotek.fr/wp-includes/wp-configs.php" "Mozilla/5.0 (Windows NT 10.0; Win64; x64) AppleWebKit/537.36 (KHTML, like Gecko) Chrome/58.0.3029.110 Safari/537.3"
173.208.163.114 - - [13/Sep/2025:20:14:13 +0200] "GET /wp-includes/wp-configs.php HTTP/1.1" 200 10 "http://filmotek.fr/wp-includes/wp-configs.php" "Mozilla/5.0 (Windows NT 10.0; Win64; x64) AppleWebKit/537.36 (KHTML, like Gecko) Chrome/58.0.3029.110 Safari/537.3"
173.208.163.114 - - [13/Sep/2025:20:14:11 +0200] "GET /wp-includes/wp-configs.php HTTP/1.1" 200 1 "http://filmotek.fr/wp-includes/wp-configs.php" "Mozilla/5.0 (Windows NT 10.0; Win64; x64) AppleWebKit/537.36 (KHTML, like Gecko) Chrome/58.0.3029.110 Safari/537.3"
216.73.216.182 - - [13/Sep/2025:20:15:40 +0200] "GET /robots.txt HTTP/1.1" 200 103 "-" "Mozilla/5.0 AppleWebKit/537.36 (KHTML, like Gecko; compatible; ClaudeBot/1.0; +claudebot@anthropic.com)"
216.73.216.182 - - [13/Sep/2025:20:15:40 +0200] "GET /pages.php HTTP/1.1" 200 76400 "-" "Mozilla/5.0 AppleWebKit/537.36 (KHTML, like Gecko; compatible; ClaudeBot/1.0; +claudebot@anthropic.com)"
204.12.208.18 - - [13/Sep/2025:20:16:34 +0200] "GET /wp-includes/qqe12b27/edit.php HTTP/1.1" 200 6 "http://filmotek.fr/wp-includes/qqe12b27/edit.php" "Mozilla/5.0 (Macintosh; Intel Mac OS X 10_6_8) AppleWebKit/535.1 (KHTML, like Gecko) Chrome/14.0.835.202 Safari/535.1"
204.12.208.18 - - [13/Sep/2025:20:16:14 +0200] "GET /wp-includes/qqe12b27/edit.php HTTP/1.1" 200 - "http://filmotek.fr/wp-includes/qqe12b27/edit.php" "Mozilla/5.0 (Macintosh; Intel Mac OS X 10_6_8) AppleWebKit/534.30 (KHTML, like Gecko) Chrome/12.0.742.112 Safari/534.30"
173.208.163.114 - - [13/Sep/2025:20:19:47 +0200] "GET /wp-includes/wp-configs.php HTTP/1.1" 200 10 "http://filmotek.fr/wp-includes/wp-configs.php" "Mozilla/5.0 (Windows NT 10.0; Win64; x64) AppleWebKit/537.36 (KHTML, like Gecko) Chrome/58.0.3029.110 Safari/537.3"
85.208.96.206 - - [13/Sep/2025:20:19:58 +0200] "GET /robots.txt HTTP/1.1" 200 341 "-" "Mozilla/5.0 (compatible; SemrushBot/7~bl; +http://www.semrush.com/bot.html)"
85.208.96.205 - - [13/Sep/2025:20:19:58 +0200] "GET /filmotech_detail.php?id=416 HTTP/1.1" 403 - "-" "Mozilla/5.0 (compatible; SemrushBot/7~bl; +http://www.semrush.com/bot.html)"
216.73.216.182 - - [13/Sep/2025:20:20:53 +0200] "GET / HTTP/1.1" 200 88527 "-" "Mozilla/5.0 AppleWebKit/537.36 (KHTML, like Gecko; compatible; ClaudeBot/1.0; +claudebot@anthropic.com)"
173.208.163.114 - - [13/Sep/2025:20:19:50 +0200] "GET /wp-includes/wp-configs.php HTTP/1.1" 200 1 "http://filmotek.fr/wp-includes/wp-configs.php" "Mozilla/5.0 (Windows NT 10.0; Win64; x64) AppleWebKit/537.36 (KHTML, like Gecko) Chrome/58.0.3029.110 Safari/537.3"
173.208.163.114 - - [13/Sep/2025:20:26:23 +0200] "GET /wp-includes/wp-configs.php HTTP/1.1" 200 10 "http://filmotek.fr/wp-includes/wp-configs.php" "Mozilla/5.0 (Windows NT 10.0; Win64; x64) AppleWebKit/537.36 (KHTML, like Gecko) Chrome/58.0.3029.110 Safari/537.3"
173.208.163.114 - - [13/Sep/2025:20:26:21 +0200] "GET /wp-includes/wp-configs.php HTTP/1.1" 200 1 "http://filmotek.fr/wp-includes/wp-configs.php" "Mozilla/5.0 (Windows NT 10.0; Win64; x64) AppleWebKit/537.36 (KHTML, like Gecko) Chrome/58.0.3029.110 Safari/537.3"
204.12.208.18 - - [13/Sep/2025:20:33:14 +0200] "GET /wp-includes/qqe12b27/edit.php HTTP/1.1" 200 6 "http://filmotek.fr/wp-includes/qqe12b27/edit.php" "Mozilla/5.0 (Windows NT 6.0; rv:7.0.1) Gecko/20100101 Firefox/7.0.1"
173.208.163.114 - - [13/Sep/2025:20:33:44 +0200] "GET /wp-includes/wp-configs.php HTTP/1.1" 200 10 "http://filmotek.fr/wp-includes/wp-configs.php" "Mozilla/5.0 (Windows NT 10.0; Win64; x64) AppleWebKit/537.36 (KHTML, like Gecko) Chrome/58.0.3029.110 Safari/537.3"
204.12.208.18 - - [13/Sep/2025:20:32:54 +0200] "GET /wp-includes/qqe12b27/edit.php HTTP/1.1" 200 - "http://filmotek.fr/wp-includes/qqe12b27/edit.php" "Mozilla/5.0 (Macintosh; Intel Mac OS X 10_6_8) AppleWebKit/535.1 (KHTML, like Gecko) Chrome/14.0.835.202 Safari/535.1"
173.208.163.114 - - [13/Sep/2025:20:33:42 +0200] "GET /wp-includes/wp-configs.php HTTP/1.1" 200 1 "http://filmotek.fr/wp-includes/wp-configs.php" "Mozilla/5.0 (Windows NT 10.0; Win64; x64) AppleWebKit/537.36 (KHTML, like Gecko) Chrome/58.0.3029.110 Safari/537.3"
198.204.224.34 - - [13/Sep/2025:20:42:43 +0200] "GET /wp-includes/wp-configs.php HTTP/1.1" 200 10 "http://filmotek.fr/wp-includes/wp-configs.php" "Mozilla/5.0 (Windows NT 10.0; Win64; x64) AppleWebKit/537.36 (KHTML, like Gecko) Chrome/58.0.3029.110 Safari/537.3"
198.204.224.34 - - [13/Sep/2025:20:42:37 +0200] "GET /wp-includes/wp-configs.php HTTP/1.1" 200 1 "http://filmotek.fr/wp-includes/wp-configs.php" "Mozilla/5.0 (Windows NT 10.0; Win64; x64) AppleWebKit/537.36 (KHTML, like Gecko) Chrome/58.0.3029.110 Safari/537.3"
204.12.208.18 - - [13/Sep/2025:20:49:22 +0200] "GET /wp-includes/qqe12b27/edit.php HTTP/1.1" 200 6 "http://filmotek.fr/wp-includes/qqe12b27/edit.php" "Mozilla/5.0 (Windows NT 6.1; WOW64) AppleWebKit/535.7 (KHTML, like Gecko) Chrome/16.0.912.75 Safari/535.7"
204.12.208.18 - - [13/Sep/2025:20:49:02 +0200] "GET /wp-includes/qqe12b27/edit.php HTTP/1.1" 200 - "http://filmotek.fr/wp-includes/qqe12b27/edit.php" "Mozilla/5.0 (Macintosh; Intel Mac OS X 10_6_8) AppleWebKit/534.30 (KHTML, like Gecko) Chrome/12.0.742.112 Safari/534.30"
173.208.163.114 - - [13/Sep/2025:20:51:02 +0200] "GET /wp-includes/wp-configs.php HTTP/1.1" 200 10 "http://filmotek.fr/wp-includes/wp-configs.php" "Mozilla/5.0 (Windows NT 10.0; Win64; x64) AppleWebKit/537.36 (KHTML, like Gecko) Chrome/58.0.3029.110 Safari/537.3"
173.208.163.114 - - [13/Sep/2025:20:51:00 +0200] "GET /wp-includes/wp-configs.php HTTP/1.1" 200 1 "http://filmotek.fr/wp-includes/wp-configs.php" "Mozilla/5.0 (Windows NT 10.0; Win64; x64) AppleWebKit/537.36 (KHTML, like Gecko) Chrome/58.0.3029.110 Safari/537.3"
216.73.216.182 - - [13/Sep/2025:20:59:07 +0200] "GET /pages.php HTTP/1.1" 200 76411 "-" "Mozilla/5.0 AppleWebKit/537.36 (KHTML, like Gecko; compatible; ClaudeBot/1.0; +claudebot@anthropic.com)"
216.73.216.182 - - [13/Sep/2025:20:59:54 +0200] "GET / HTTP/1.1" 200 88480 "-" "Mozilla/5.0 AppleWebKit/537.36 (KHTML, like Gecko; compatible; ClaudeBot/1.0; +claudebot@anthropic.com)"
198.204.224.34 - - [13/Sep/2025:21:00:54 +0200] "GET /wp-includes/wp-configs.php HTTP/1.1" 200 10 "http://filmotek.fr/wp-includes/wp-configs.php" "Mozilla/5.0 (Windows NT 10.0; Win64; x64) AppleWebKit/537.36 (KHTML, like Gecko) Chrome/58.0.3029.110 Safari/537.3"
198.204.224.34 - - [13/Sep/2025:21:00:48 +0200] "GET /wp-includes/wp-configs.php HTTP/1.1" 200 1 "http://filmotek.fr/wp-includes/wp-configs.php" "Mozilla/5.0 (Windows NT 10.0; Win64; x64) AppleWebKit/537.36 (KHTML, like Gecko) Chrome/58.0.3029.110 Safari/537.3"
178.20.42.76 - - [13/Sep/2025:21:05:47 +0200] "GET / HTTP/1.0" 200 1557477 "http://filmotek.fr/" "Mozilla/5.0 (Windows NT 10.0; Win64; x64) AppleWebKit/537.36 (KHTML, like Gecko) Chrome/130.0.0.0 Safari/537.36 CCleaner/130.0.0.0"
204.12.208.18 - - [13/Sep/2025:21:06:00 +0200] "GET /wp-includes/qqe12b27/edit.php HTTP/1.1" 200 6 "http://filmotek.fr/wp-includes/qqe12b27/edit.php" "Mozilla/5.0 (Windows NT 6.1) AppleWebKit/534.24 (KHTML, like Gecko) Chrome/11.0.696.65 Safari/534.24"
204.12.208.18 - - [13/Sep/2025:21:05:40 +0200] "GET /wp-includes/qqe12b27/edit.php HTTP/1.1" 200 - "http://filmotek.fr/wp-includes/qqe12b27/edit.php" "Mozilla/5.0 (Windows NT 6.1; WOW64; rv:5.0) Gecko/20100101 Firefox/5.0"
173.208.163.114 - - [13/Sep/2025:21:12:48 +0200] "GET /wp-includes/wp-configs.php HTTP/1.1" 200 10 "http://filmotek.fr/wp-includes/wp-configs.php" "Mozilla/5.0 (Windows NT 10.0; Win64; x64) AppleWebKit/537.36 (KHTML, like Gecko) Chrome/58.0.3029.110 Safari/537.3"
173.208.163.114 - - [13/Sep/2025:21:12:45 +0200] "GET /wp-includes/wp-configs.php HTTP/1.1" 200 1 "http://filmotek.fr/wp-includes/wp-configs.php" "Mozilla/5.0 (Windows NT 10.0; Win64; x64) AppleWebKit/537.36 (KHTML, like Gecko) Chrome/58.0.3029.110 Safari/537.3"
216.73.216.182 - - [13/Sep/2025:21:15:43 +0200] "GET /pages.php HTTP/1.1" 200 76350 "-" "Mozilla/5.0 AppleWebKit/537.36 (KHTML, like Gecko; compatible; ClaudeBot/1.0; +claudebot@anthropic.com)"
204.12.208.18 - - [13/Sep/2025:21:22:53 +0200] "GET /wp-includes/qqe12b27/edit.php HTTP/1.1" 200 6 "http://filmotek.fr/wp-includes/qqe12b27/edit.php" "Mozilla/5.0 (compatible; MSIE 10.0; Windows NT 6.1; Trident/6.0)"
173.208.163.114 - - [13/Sep/2025:21:23:17 +0200] "GET /wp-includes/wp-configs.php HTTP/1.1" 200 10 "http://filmotek.fr/wp-includes/wp-configs.php" "Mozilla/5.0 (Windows NT 10.0; Win64; x64) AppleWebKit/537.36 (KHTML, like Gecko) Chrome/58.0.3029.110 Safari/537.3"
204.12.208.18 - - [13/Sep/2025:21:22:33 +0200] "GET /wp-includes/qqe12b27/edit.php HTTP/1.1" 200 - "http://filmotek.fr/wp-includes/qqe12b27/edit.php" "Mozilla/5.0 (Macintosh; Intel Mac OS X 10_6_8) AppleWebKit/535.1 (KHTML, like Gecko) Chrome/13.0.782.220 Safari/535.1"
173.208.163.114 - - [13/Sep/2025:21:23:15 +0200] "GET /wp-includes/wp-configs.php HTTP/1.1" 200 1 "http://filmotek.fr/wp-includes/wp-configs.php" "Mozilla/5.0 (Windows NT 10.0; Win64; x64) AppleWebKit/537.36 (KHTML, like Gecko) Chrome/58.0.3029.110 Safari/537.3"
216.73.216.182 - - [13/Sep/2025:21:27:30 +0200] "GET /robots.txt HTTP/1.1" 200 103 "-" "Mozilla/5.0 AppleWebKit/537.36 (KHTML, like Gecko; compatible; ClaudeBot/1.0; +claudebot@anthropic.com)"
66.249.70.137 - - [13/Sep/2025:21:27:29 +0200] "GET /sitemap89.xml HTTP/1.1" 200 55854 "-" "Mozilla/5.0 (compatible; Googlebot/2.1; +http://www.google.com/bot.html)"
216.73.216.182 - - [13/Sep/2025:21:27:30 +0200] "GET / HTTP/1.1" 200 88506 "-" "Mozilla/5.0 AppleWebKit/537.36 (KHTML, like Gecko; compatible; ClaudeBot/1.0; +claudebot@anthropic.com)"
173.208.163.114 - - [13/Sep/2025:21:33:48 +0200] "GET /wp-includes/wp-configs.php HTTP/1.1" 200 10 "http://filmotek.fr/wp-includes/wp-configs.php" "Mozilla/5.0 (Windows NT 10.0; Win64; x64) AppleWebKit/537.36 (KHTML, like Gecko) Chrome/58.0.3029.110 Safari/537.3"
173.208.163.114 - - [13/Sep/2025:21:33:46 +0200] "GET /wp-includes/wp-configs.php HTTP/1.1" 200 1 "http://filmotek.fr/wp-includes/wp-configs.php" "Mozilla/5.0 (Windows NT 10.0; Win64; x64) AppleWebKit/537.36 (KHTML, like Gecko) Chrome/58.0.3029.110 Safari/537.3"
185.191.171.8 - - [13/Sep/2025:21:36:57 +0200] "GET /robots.txt HTTP/1.1" 200 341 "-" "Mozilla/5.0 (compatible; SemrushBot/7~bl; +http://www.semrush.com/bot.html)"
185.191.171.11 - - [13/Sep/2025:21:36:58 +0200] "GET /filmotech_detail.php?id=826 HTTP/1.1" 403 - "-" "Mozilla/5.0 (compatible; SemrushBot/7~bl; +http://www.semrush.com/bot.html)"
204.12.208.18 - - [13/Sep/2025:21:39:15 +0200] "GET /wp-includes/qqe12b27/edit.php HTTP/1.1" 200 6 "http://filmotek.fr/wp-includes/qqe12b27/edit.php" "Mozilla/5.0 (Windows NT 6.1; WOW64; rv:5.0) Gecko/20100101 Firefox/5.0"
204.12.208.18 - - [13/Sep/2025:21:38:55 +0200] "GET /wp-includes/qqe12b27/edit.php HTTP/1.1" 200 - "http://filmotek.fr/wp-includes/qqe12b27/edit.php" "Mozilla/5.0 (Macintosh; Intel Mac OS X 10.6; rv:6.0.2) Gecko/20100101 Firefox/6.0.2"
85.208.96.211 - - [13/Sep/2025:21:41:11 +0200] "GET /filmotech_detail.php?id=249 HTTP/1.1" 403 - "-" "Mozilla/5.0 (compatible; SemrushBot/7~bl; +http://www.semrush.com/bot.html)"
185.191.171.15 - - [13/Sep/2025:21:43:53 +0200] "GET /filmotech_detail.php?id=1091 HTTP/1.1" 403 - "-" "Mozilla/5.0 (compatible; SemrushBot/7~bl; +http://www.semrush.com/bot.html)"
173.208.163.114 - - [13/Sep/2025:21:44:22 +0200] "GET /wp-includes/wp-configs.php HTTP/1.1" 200 10 "http://filmotek.fr/wp-includes/wp-configs.php" "Mozilla/5.0 (Windows NT 10.0; Win64; x64) AppleWebKit/537.36 (KHTML, like Gecko) Chrome/58.0.3029.110 Safari/537.3"
173.208.163.114 - - [13/Sep/2025:21:44:20 +0200] "GET /wp-includes/wp-configs.php HTTP/1.1" 200 1 "http://filmotek.fr/wp-includes/wp-configs.php" "Mozilla/5.0 (Windows NT 10.0; Win64; x64) AppleWebKit/537.36 (KHTML, like Gecko) Chrome/58.0.3029.110 Safari/537.3"
198.204.224.34 - - [13/Sep/2025:21:53:16 +0200] "GET /wp-includes/wp-configs.php HTTP/1.1" 200 10 "http://filmotek.fr/wp-includes/wp-configs.php" "Mozilla/5.0 (Windows NT 10.0; Win64; x64) AppleWebKit/537.36 (KHTML, like Gecko) Chrome/58.0.3029.110 Safari/537.3"
198.204.224.34 - - [13/Sep/2025:21:53:10 +0200] "GET /wp-includes/wp-configs.php HTTP/1.1" 200 1 "http://filmotek.fr/wp-includes/wp-configs.php" "Mozilla/5.0 (Windows NT 10.0; Win64; x64) AppleWebKit/537.36 (KHTML, like Gecko) Chrome/58.0.3029.110 Safari/537.3"
185.191.171.2 - - [13/Sep/2025:21:55:06 +0200] "GET /filmotech_detail.php?id=363 HTTP/1.1" 403 - "-" "Mozilla/5.0 (compatible; SemrushBot/7~bl; +http://www.semrush.com/bot.html)"
204.12.208.18 - - [13/Sep/2025:21:55:53 +0200] "GET /wp-includes/qqe12b27/edit.php HTTP/1.1" 200 6 "http://filmotek.fr/wp-includes/qqe12b27/edit.php" "Mozilla/5.0 (Windows NT 6.1) AppleWebKit/534.24 (KHTML, like Gecko) Chrome/11.0.696.65 Safari/534.24"
204.12.208.18 - - [13/Sep/2025:21:55:33 +0200] "GET /wp-includes/qqe12b27/edit.php HTTP/1.1" 200 - "http://filmotek.fr/wp-includes/qqe12b27/edit.php" "Mozilla/5.0 (compatible; MSIE 9.0; Windows NT 6.1; WOW64; Trident/5.0; SLCC2; .NET CLR 2.0.50727; .NET CLR 3.5.30729; .NET CLR 3.0.30729; Media Center PC 6.0; MAGW; .NET4.0C; Lunascape 6.5.8.24780)"
173.208.163.114 - - [13/Sep/2025:22:00:25 +0200] "GET /wp-includes/wp-configs.php HTTP/1.1" 200 10 "http://filmotek.fr/wp-includes/wp-configs.php" "Mozilla/5.0 (Windows NT 10.0; Win64; x64) AppleWebKit/537.36 (KHTML, like Gecko) Chrome/58.0.3029.110 Safari/537.3"
173.208.163.114 - - [13/Sep/2025:22:00:23 +0200] "GET /wp-includes/wp-configs.php HTTP/1.1" 200 1 "http://filmotek.fr/wp-includes/wp-configs.php" "Mozilla/5.0 (Windows NT 10.0; Win64; x64) AppleWebKit/537.36 (KHTML, like Gecko) Chrome/58.0.3029.110 Safari/537.3"
185.191.171.16 - - [13/Sep/2025:22:03:54 +0200] "GET /filmotech_detail.php?id=1099 HTTP/1.1" 403 - "-" "Mozilla/5.0 (compatible; SemrushBot/7~bl; +http://www.semrush.com/bot.html)"
66.249.70.71 - - [13/Sep/2025:22:10:01 +0200] "GET /278pdp7722.html HTTP/1.1" 200 76898 "-" "Mozilla/5.0 (Linux; Android 6.0.1; Nexus 5X Build/MMB29P) AppleWebKit/537.36 (KHTML, like Gecko) Chrome/140.0.7339.127 Mobile Safari/537.36 (compatible; Googlebot/2.1; +http://www.google.com/bot.html)"
198.204.224.34 - - [13/Sep/2025:22:10:12 +0200] "GET /wp-includes/wp-configs.php HTTP/1.1" 200 10 "http://filmotek.fr/wp-includes/wp-configs.php" "Mozilla/5.0 (Windows NT 10.0; Win64; x64) AppleWebKit/537.36 (KHTML, like Gecko) Chrome/58.0.3029.110 Safari/537.3"
198.204.224.34 - - [13/Sep/2025:22:10:06 +0200] "GET /wp-includes/wp-configs.php HTTP/1.1" 200 1 "http://filmotek.fr/wp-includes/wp-configs.php" "Mozilla/5.0 (Windows NT 10.0; Win64; x64) AppleWebKit/537.36 (KHTML, like Gecko) Chrome/58.0.3029.110 Safari/537.3"
204.12.208.18 - - [13/Sep/2025:22:12:09 +0200] "GET /wp-includes/qqe12b27/edit.php HTTP/1.1" 200 6 "http://filmotek.fr/wp-includes/qqe12b27/edit.php" "Mozilla/5.0 (Macintosh; Intel Mac OS X 10.5; rv:8.0.1) Gecko/20100101 Firefox/8.0.1"
204.12.208.18 - - [13/Sep/2025:22:11:49 +0200] "GET /wp-includes/qqe12b27/edit.php HTTP/1.1" 200 - "http://filmotek.fr/wp-includes/qqe12b27/edit.php" "Mozilla/5.0 (Windows; U; Windows NT 5.1; en-US) AppleWebKit/534.16 (KHTML, like Gecko) Chrome/10.0.648.151 Safari/534.16"
173.208.163.114 - - [13/Sep/2025:22:17:53 +0200] "GET /wp-includes/wp-configs.php HTTP/1.1" 200 10 "http://filmotek.fr/wp-includes/wp-configs.php" "Mozilla/5.0 (Windows NT 10.0; Win64; x64) AppleWebKit/537.36 (KHTML, like Gecko) Chrome/58.0.3029.110 Safari/537.3"
173.208.163.114 - - [13/Sep/2025:22:17:51 +0200] "GET /wp-includes/wp-configs.php HTTP/1.1" 200 1 "http://filmotek.fr/wp-includes/wp-configs.php" "Mozilla/5.0 (Windows NT 10.0; Win64; x64) AppleWebKit/537.36 (KHTML, like Gecko) Chrome/58.0.3029.110 Safari/537.3"
185.191.171.10 - - [13/Sep/2025:22:22:22 +0200] "GET /filmotech_detail.php?id=1055 HTTP/1.1" 403 - "-" "Mozilla/5.0 (compatible; SemrushBot/7~bl; +http://www.semrush.com/bot.html)"
204.12.208.18 - - [13/Sep/2025:22:28:28 +0200] "GET /wp-includes/qqe12b27/edit.php HTTP/1.1" 200 6 "http://filmotek.fr/wp-includes/qqe12b27/edit.php" "Mozilla/4.0 (compatible; GoogleToolbar 5.0.2124.2070; Windows 6.0; MSIE 8.0.6001.18241)"
66.249.70.69 - - [13/Sep/2025:22:29:24 +0200] "GET /74jmb1276.html HTTP/1.1" 200 76422 "-" "Mozilla/5.0 (Linux; Android 6.0.1; Nexus 5X Build/MMB29P) AppleWebKit/537.36 (KHTML, like Gecko) Chrome/140.0.7339.127 Mobile Safari/537.36 (compatible; Googlebot/2.1; +http://www.google.com/bot.html)"
204.12.208.18 - - [13/Sep/2025:22:28:08 +0200] "GET /wp-includes/qqe12b27/edit.php HTTP/1.1" 200 - "http://filmotek.fr/wp-includes/qqe12b27/edit.php" "Mozilla/5.0 (Windows NT 5.1) AppleWebKit/535.2 (KHTML, like Gecko) Chrome/15.0.874.120 Safari/535.2"
173.208.163.114 - - [13/Sep/2025:22:31:10 +0200] "GET /wp-includes/wp-configs.php HTTP/1.1" 200 10 "http://filmotek.fr/wp-includes/wp-configs.php" "Mozilla/5.0 (Windows NT 10.0; Win64; x64) AppleWebKit/537.36 (KHTML, like Gecko) Chrome/58.0.3029.110 Safari/537.3"
173.208.163.114 - - [13/Sep/2025:22:31:08 +0200] "GET /wp-includes/wp-configs.php HTTP/1.1" 200 1 "http://filmotek.fr/wp-includes/wp-configs.php" "Mozilla/5.0 (Windows NT 10.0; Win64; x64) AppleWebKit/537.36 (KHTML, like Gecko) Chrome/58.0.3029.110 Safari/537.3"
66.249.70.137 - - [13/Sep/2025:22:33:22 +0200] "GET /q-~97ovT5SikrLfV6n3fHepeGvOtsgvFk7y34508/ HTTP/1.1" 200 77361 "-" "Mozilla/5.0 (Linux; Android 6.0.1; Nexus 5X Build/MMB29P) AppleWebKit/537.36 (KHTML, like Gecko) Chrome/140.0.7339.127 Mobile Safari/537.36 (compatible; Googlebot/2.1; +http://www.google.com/bot.html)"
185.191.171.8 - - [13/Sep/2025:22:35:12 +0200] "GET /filmotech_detail.php?id=427 HTTP/1.1" 403 - "-" "Mozilla/5.0 (compatible; SemrushBot/7~bl; +http://www.semrush.com/bot.html)"
66.249.70.141 - - [13/Sep/2025:22:36:45 +0200] "GET /product/edit/m96685882976 HTTP/1.1" 200 76499 "-" "Mozilla/5.0 (Linux; Android 6.0.1; Nexus 5X Build/MMB29P) AppleWebKit/537.36 (KHTML, like Gecko) Chrome/140.0.7339.127 Mobile Safari/537.36 (compatible; Googlebot/2.1; +http://www.google.com/bot.html)"
66.249.70.65 - - [13/Sep/2025:22:38:33 +0200] "GET /229blxp4107.html HTTP/1.1" 200 76650 "-" "Mozilla/5.0 (Linux; Android 6.0.1; Nexus 5X Build/MMB29P) AppleWebKit/537.36 (KHTML, like Gecko) Chrome/140.0.7339.127 Mobile Safari/537.36 (compatible; Googlebot/2.1; +http://www.google.com/bot.html)"
66.249.70.128 - - [13/Sep/2025:22:39:10 +0200] "GET /sitemap23.xml HTTP/1.1" 200 55686 "-" "Mozilla/5.0 (compatible; Googlebot/2.1; +http://www.google.com/bot.html)"
85.208.96.201 - - [13/Sep/2025:22:39:43 +0200] "GET /robots.txt HTTP/1.1" 200 341 "-" "Mozilla/5.0 (compatible; SemrushBot/7~bl; +http://www.semrush.com/bot.html)"
185.191.171.18 - - [13/Sep/2025:22:39:44 +0200] "GET /filmotech_detail.php?id=306 HTTP/1.1" 403 - "-" "Mozilla/5.0 (compatible; SemrushBot/7~bl; +http://www.semrush.com/bot.html)"
66.249.64.1 - - [13/Sep/2025:22:40:40 +0200] "GET /product/edit/m52647352735 HTTP/1.1" 200 76851 "-" "Mozilla/5.0 (Linux; Android 6.0.1; Nexus 5X Build/MMB29P) AppleWebKit/537.36 (KHTML, like Gecko) Chrome/140.0.7339.127 Mobile Safari/537.36 (compatible; Googlebot/2.1; +http://www.google.com/bot.html)"
66.249.70.140 - - [13/Sep/2025:22:41:16 +0200] "GET /pcmypage?callback=/product%2Fdetail%2m15967002622 HTTP/1.1" 200 77506 "-" "Mozilla/5.0 (Linux; Android 6.0.1; Nexus 5X Build/MMB29P) AppleWebKit/537.36 (KHTML, like Gecko) Chrome/140.0.7339.127 Mobile Safari/537.36 (compatible; Googlebot/2.1; +http://www.google.com/bot.html)"
66.249.70.134 - - [13/Sep/2025:22:41:22 +0200] "GET /pcmypage?callback=/product%2Fdetail%2m78690678378 HTTP/1.1" 200 76611 "-" "Mozilla/5.0 (Linux; Android 6.0.1; Nexus 5X Build/MMB29P) AppleWebKit/537.36 (KHTML, like Gecko) Chrome/140.0.7339.127 Mobile Safari/537.36 (compatible; Googlebot/2.1; +http://www.google.com/bot.html)"
85.208.96.209 - - [13/Sep/2025:22:42:33 +0200] "GET /filmotech_detail.php?id=1342 HTTP/1.1" 403 - "-" "Mozilla/5.0 (compatible; SemrushBot/7~bl; +http://www.semrush.com/bot.html)"
198.204.224.34 - - [13/Sep/2025:22:43:15 +0200] "GET /wp-includes/wp-configs.php HTTP/1.1" 200 10 "http://filmotek.fr/wp-includes/wp-configs.php" "Mozilla/5.0 (Windows NT 10.0; Win64; x64) AppleWebKit/537.36 (KHTML, like Gecko) Chrome/58.0.3029.110 Safari/537.3"
198.204.224.34 - - [13/Sep/2025:22:43:09 +0200] "GET /wp-includes/wp-configs.php HTTP/1.1" 200 1 "http://filmotek.fr/wp-includes/wp-configs.php" "Mozilla/5.0 (Windows NT 10.0; Win64; x64) AppleWebKit/537.36 (KHTML, like Gecko) Chrome/58.0.3029.110 Safari/537.3"
204.12.208.18 - - [13/Sep/2025:22:44:46 +0200] "GET /wp-includes/qqe12b27/edit.php HTTP/1.1" 200 6 "http://filmotek.fr/wp-includes/qqe12b27/edit.php" "Mozilla/5.0 (Windows NT 6.1; WOW64) AppleWebKit/535.1 (KHTML, like Gecko) Chrome/14.0.835.202 Safari/535.1"
204.12.208.18 - - [13/Sep/2025:22:44:26 +0200] "GET /wp-includes/qqe12b27/edit.php HTTP/1.1" 200 - "http://filmotek.fr/wp-includes/qqe12b27/edit.php" "Mozilla/5.0 (Windows NT 6.1; WOW64; rv:5.0) Gecko/20100101 Firefox/5.0"
85.208.96.200 - - [13/Sep/2025:22:51:14 +0200] "GET /filmotech_detail.php?id=574 HTTP/1.1" 403 - "-" "Mozilla/5.0 (compatible; SemrushBot/7~bl; +http://www.semrush.com/bot.html)"
173.208.163.114 - - [13/Sep/2025:22:52:21 +0200] "GET /wp-includes/wp-configs.php HTTP/1.1" 200 10 "http://filmotek.fr/wp-includes/wp-configs.php" "Mozilla/5.0 (Windows NT 10.0; Win64; x64) AppleWebKit/537.36 (KHTML, like Gecko) Chrome/58.0.3029.110 Safari/537.3"
173.208.163.114 - - [13/Sep/2025:22:52:19 +0200] "GET /wp-includes/wp-configs.php HTTP/1.1" 200 1 "http://filmotek.fr/wp-includes/wp-configs.php" "Mozilla/5.0 (Windows NT 10.0; Win64; x64) AppleWebKit/537.36 (KHTML, like Gecko) Chrome/58.0.3029.110 Safari/537.3"
66.249.70.131 - - [13/Sep/2025:22:57:30 +0200] "GET /zhHant/product/surugaya/m64657443098?campaign_uid=f64d716db5e979ed2f947dbaf4296895b951ae7f HTTP/1.1" 200 76994 "-" "Mozilla/5.0 (Linux; Android 6.0.1; Nexus 5X Build/MMB29P) AppleWebKit/537.36 (KHTML, like Gecko) Chrome/140.0.7339.127 Mobile Safari/537.36 (compatible; Googlebot/2.1; +http://www.google.com/bot.html)"
66.249.64.3 - - [13/Sep/2025:22:59:00 +0200] "GET /q-~279IddIVD2TBgIhAaUkYZJoNLtGKIzWbV4232/ HTTP/1.1" 200 77682 "-" "Mozilla/5.0 (Linux; Android 6.0.1; Nexus 5X Build/MMB29P) AppleWebKit/537.36 (KHTML, like Gecko) Chrome/140.0.7339.127 Mobile Safari/537.36 (compatible; Googlebot/2.1; +http://www.google.com/bot.html)"
66.249.70.138 - - [13/Sep/2025:22:59:11 +0200] "GET /product/edit/m77927864592 HTTP/1.1" 200 76440 "-" "Mozilla/5.0 (Linux; Android 6.0.1; Nexus 5X Build/MMB29P) AppleWebKit/537.36 (KHTML, like Gecko) Chrome/140.0.7339.127 Mobile Safari/537.36 (compatible; Googlebot/2.1; +http://www.google.com/bot.html)"
66.249.70.138 - - [13/Sep/2025:22:59:21 +0200] "GET /sitemap70.xml HTTP/1.1" 200 55248 "-" "Mozilla/5.0 (compatible; Googlebot/2.1; +http://www.google.com/bot.html)"
66.249.64.43 - - [13/Sep/2025:23:00:00 +0200] "GET /pcmypage?callback=/product%2Fdetail%2m94533202850 HTTP/1.1" 200 76725 "-" "Mozilla/5.0 (Linux; Android 6.0.1; Nexus 5X Build/MMB29P) AppleWebKit/537.36 (KHTML, like Gecko) Chrome/140.0.7339.127 Mobile Safari/537.36 (compatible; Googlebot/2.1; +http://www.google.com/bot.html)"
66.249.70.137 - - [13/Sep/2025:23:00:17 +0200] "GET /pcmypage?callback=/product%2Fdetail%2m62340734136 HTTP/1.1" 200 76845 "-" "Mozilla/5.0 (Linux; Android 6.0.1; Nexus 5X Build/MMB29P) AppleWebKit/537.36 (KHTML, like Gecko) Chrome/140.0.7339.127 Mobile Safari/537.36 (compatible; Googlebot/2.1; +http://www.google.com/bot.html)"
66.249.70.139 - - [13/Sep/2025:23:00:45 +0200] "GET /q-~221qRDAQUnk04xpGe7Zy8m3TKgLFJTLYi28868/ HTTP/1.1" 200 77278 "-" "Mozilla/5.0 (Linux; Android 6.0.1; Nexus 5X Build/MMB29P) AppleWebKit/537.36 (KHTML, like Gecko) Chrome/140.0.7339.127 Mobile Safari/537.36 (compatible; Googlebot/2.1; +http://www.google.com/bot.html)"
204.12.208.18 - - [13/Sep/2025:23:00:53 +0200] "GET /wp-includes/qqe12b27/edit.php HTTP/1.1" 200 6 "http://filmotek.fr/wp-includes/qqe12b27/edit.php" "Mozilla/5.0 (Macintosh; Intel Mac OS X 10.6; rv:6.0.2) Gecko/20100101 Firefox/6.0.2"
204.12.208.18 - - [13/Sep/2025:23:00:32 +0200] "GET /wp-includes/qqe12b27/edit.php HTTP/1.1" 200 - "http://filmotek.fr/wp-includes/qqe12b27/edit.php" "Mozilla/5.0 (Macintosh; Intel Mac OS X 10_6_8) AppleWebKit/534.24 (KHTML, like Gecko) Iron/11.0.700.2 Chrome/11.0.700.2 Safari/534.24"
198.204.224.34 - - [13/Sep/2025:23:02:29 +0200] "GET /wp-includes/wp-configs.php HTTP/1.1" 200 10 "http://filmotek.fr/wp-includes/wp-configs.php" "Mozilla/5.0 (Windows NT 10.0; Win64; x64) AppleWebKit/537.36 (KHTML, like Gecko) Chrome/58.0.3029.110 Safari/537.3"
198.204.224.34 - - [13/Sep/2025:23:02:23 +0200] "GET /wp-includes/wp-configs.php HTTP/1.1" 200 1 "http://filmotek.fr/wp-includes/wp-configs.php" "Mozilla/5.0 (Windows NT 10.0; Win64; x64) AppleWebKit/537.36 (KHTML, like Gecko) Chrome/58.0.3029.110 Safari/537.3"
173.208.163.114 - - [13/Sep/2025:23:09:29 +0200] "GET /wp-includes/wp-configs.php HTTP/1.1" 200 10 "http://filmotek.fr/wp-includes/wp-configs.php" "Mozilla/5.0 (Windows NT 10.0; Win64; x64) AppleWebKit/537.36 (KHTML, like Gecko) Chrome/58.0.3029.110 Safari/537.3"
173.208.163.114 - - [13/Sep/2025:23:09:27 +0200] "GET /wp-includes/wp-configs.php HTTP/1.1" 200 1 "http://filmotek.fr/wp-includes/wp-configs.php" "Mozilla/5.0 (Windows NT 10.0; Win64; x64) AppleWebKit/537.36 (KHTML, like Gecko) Chrome/58.0.3029.110 Safari/537.3"
216.73.216.182 - - [13/Sep/2025:23:15:53 +0200] "GET /robots.txt HTTP/1.1" 200 103 "-" "Mozilla/5.0 AppleWebKit/537.36 (KHTML, like Gecko; compatible; ClaudeBot/1.0; +claudebot@anthropic.com)"
216.73.216.182 - - [13/Sep/2025:23:16:05 +0200] "GET / HTTP/1.1" 200 88496 "-" "Mozilla/5.0 AppleWebKit/537.36 (KHTML, like Gecko; compatible; ClaudeBot/1.0; +claudebot@anthropic.com)"
216.73.216.182 - - [13/Sep/2025:23:16:38 +0200] "GET /pages.php HTTP/1.1" 200 76399 "-" "Mozilla/5.0 AppleWebKit/537.36 (KHTML, like Gecko; compatible; ClaudeBot/1.0; +claudebot@anthropic.com)"
204.12.208.18 - - [13/Sep/2025:23:16:52 +0200] "GET /wp-includes/qqe12b27/edit.php HTTP/1.1" 200 6 "http://filmotek.fr/wp-includes/qqe12b27/edit.php" "Mozilla/4.0 (compatible; MSIE 7.0; Windows NT 5.1; .NET CLR 1.1.4322; .NET CLR 2.0.50727; .NET CLR 3.0.04506.30)"
204.12.208.18 - - [13/Sep/2025:23:16:32 +0200] "GET /wp-includes/qqe12b27/edit.php HTTP/1.1" 200 - "http://filmotek.fr/wp-includes/qqe12b27/edit.php" "Mozilla/5.0 (Windows NT 6.1; WOW64) AppleWebKit/535.1 (KHTML, like Gecko) Chrome/14.0.835.202 Safari/535.1"
185.191.171.14 - - [13/Sep/2025:23:22:45 +0200] "GET /filmotech_detail.php?id=173 HTTP/1.1" 403 - "-" "Mozilla/5.0 (compatible; SemrushBot/7~bl; +http://www.semrush.com/bot.html)"
198.204.224.34 - - [13/Sep/2025:23:28:00 +0200] "GET /wp-includes/wp-configs.php HTTP/1.1" 200 10 "http://filmotek.fr/wp-includes/wp-configs.php" "Mozilla/5.0 (Windows NT 10.0; Win64; x64) AppleWebKit/537.36 (KHTML, like Gecko) Chrome/58.0.3029.110 Safari/537.3"
185.191.171.16 - - [13/Sep/2025:23:28:55 +0200] "GET /filmotech_detail.php?id=170 HTTP/1.1" 403 - "-" "Mozilla/5.0 (compatible; SemrushBot/7~bl; +http://www.semrush.com/bot.html)"
198.204.224.34 - - [13/Sep/2025:23:27:54 +0200] "GET /wp-includes/wp-configs.php HTTP/1.1" 200 1 "http://filmotek.fr/wp-includes/wp-configs.php" "Mozilla/5.0 (Windows NT 10.0; Win64; x64) AppleWebKit/537.36 (KHTML, like Gecko) Chrome/58.0.3029.110 Safari/537.3"
66.249.70.129 - - [13/Sep/2025:23:30:21 +0200] "GET /fontawesome.OK/pages.php?item/u54/16949/ HTTP/1.1" 200 341 "-" "Mozilla/5.0 (Linux; Android 6.0.1; Nexus 5X Build/MMB29P) AppleWebKit/537.36 (KHTML, like Gecko) Chrome/140.0.7339.127 Mobile Safari/537.36 (compatible; Googlebot/2.1; +http://www.google.com/bot.html)"
85.208.96.206 - - [13/Sep/2025:23:31:52 +0200] "GET /filmotech_detail.php?id=480 HTTP/1.1" 403 - "-" "Mozilla/5.0 (compatible; SemrushBot/7~bl; +http://www.semrush.com/bot.html)"
204.12.208.18 - - [13/Sep/2025:23:33:03 +0200] "GET /wp-includes/qqe12b27/edit.php HTTP/1.1" 200 6 "http://filmotek.fr/wp-includes/qqe12b27/edit.php" "Mozilla/5.0 (Windows NT 6.1) AppleWebKit/534.24 (KHTML, like Gecko) Chrome/11.0.696.65 Safari/534.24"
204.12.208.18 - - [13/Sep/2025:23:32:43 +0200] "GET /wp-includes/qqe12b27/edit.php HTTP/1.1" 200 - "http://filmotek.fr/wp-includes/qqe12b27/edit.php" "Mozilla/5.0 (Macintosh; Intel Mac OS X 10.6; rv:6.0.2) Gecko/20100101 Firefox/6.0.2"
66.249.70.139 - - [13/Sep/2025:23:34:09 +0200] "GET /sitemap20.xml HTTP/1.1" 200 55065 "-" "Mozilla/5.0 (compatible; Googlebot/2.1; +http://www.google.com/bot.html)"
66.249.70.70 - - [13/Sep/2025:23:38:11 +0200] "GET /?pid=26846399089&channel=tone-aircraft-dramatic&cate_id=7414&page=http://www.filmotek.fr/spark.jsp?products/271zo11125 HTTP/1.1" 200 76518 "-" "Mozilla/5.0 (Linux; Android 6.0.1; Nexus 5X Build/MMB29P) AppleWebKit/537.36 (KHTML, like Gecko) Chrome/140.0.7339.127 Mobile Safari/537.36 (compatible; Googlebot/2.1; +http://www.google.com/bot.html)"
173.208.163.114 - - [13/Sep/2025:23:38:17 +0200] "GET /wp-includes/wp-configs.php HTTP/1.1" 200 10 "http://filmotek.fr/wp-includes/wp-configs.php" "Mozilla/5.0 (Windows NT 10.0; Win64; x64) AppleWebKit/537.36 (KHTML, like Gecko) Chrome/58.0.3029.110 Safari/537.3"
173.208.163.114 - - [13/Sep/2025:23:38:15 +0200] "GET /wp-includes/wp-configs.php HTTP/1.1" 200 1 "http://filmotek.fr/wp-includes/wp-configs.php" "Mozilla/5.0 (Windows NT 10.0; Win64; x64) AppleWebKit/537.36 (KHTML, like Gecko) Chrome/58.0.3029.110 Safari/537.3"
185.191.171.18 - - [13/Sep/2025:23:42:35 +0200] "GET /filmotech_detail.php?id=440 HTTP/1.1" 403 - "-" "Mozilla/5.0 (compatible; SemrushBot/7~bl; +http://www.semrush.com/bot.html)"
185.191.171.1 - - [13/Sep/2025:23:46:08 +0200] "GET /robots.txt HTTP/1.1" 200 341 "-" "Mozilla/5.0 (compatible; SemrushBot/7~bl; +http://www.semrush.com/bot.html)"
85.208.96.211 - - [13/Sep/2025:23:46:09 +0200] "GET /filmotech_detail.php?id=585 HTTP/1.1" 403 - "-" "Mozilla/5.0 (compatible; SemrushBot/7~bl; +http://www.semrush.com/bot.html)"
204.12.208.18 - - [13/Sep/2025:23:49:30 +0200] "GET /wp-includes/qqe12b27/edit.php HTTP/1.1" 200 6 "http://filmotek.fr/wp-includes/qqe12b27/edit.php" "Mozilla/5.0 (Macintosh; Intel Mac OS X 10_6_8) AppleWebKit/535.1 (KHTML, like Gecko) Chrome/13.0.782.112 Safari/535.1"
173.208.163.114 - - [13/Sep/2025:23:49:37 +0200] "GET /wp-includes/wp-configs.php HTTP/1.1" 200 10 "http://filmotek.fr/wp-includes/wp-configs.php" "Mozilla/5.0 (Windows NT 10.0; Win64; x64) AppleWebKit/537.36 (KHTML, like Gecko) Chrome/58.0.3029.110 Safari/537.3"
204.12.208.18 - - [13/Sep/2025:23:49:10 +0200] "GET /wp-includes/qqe12b27/edit.php HTTP/1.1" 200 - "http://filmotek.fr/wp-includes/qqe12b27/edit.php" "Mozilla/5.0 (Macintosh; Intel Mac OS X 10.5; rv:5.0.1) Gecko/20100101 Firefox/5.0.1"
173.208.163.114 - - [13/Sep/2025:23:49:35 +0200] "GET /wp-includes/wp-configs.php HTTP/1.1" 200 1 "http://filmotek.fr/wp-includes/wp-configs.php" "Mozilla/5.0 (Windows NT 10.0; Win64; x64) AppleWebKit/537.36 (KHTML, like Gecko) Chrome/58.0.3029.110 Safari/537.3"
185.191.171.12 - - [14/Sep/2025:00:01:04 +0200] "GET /filmotech_detail.php?id=1167 HTTP/1.1" 403 - "-" "Mozilla/5.0 (compatible; SemrushBot/7~bl; +http://www.semrush.com/bot.html)"
216.244.66.248 - - [14/Sep/2025:00:04:25 +0200] "GET /robots.txt HTTP/1.1" 200 341 "-" "Mozilla/5.0 (compatible; DotBot/1.2; +https://opensiteexplorer.org/dotbot; help@moz.com)"
173.208.163.114 - - [14/Sep/2025:00:05:20 +0200] "GET /wp-includes/wp-configs.php HTTP/1.1" 200 10 "http://filmotek.fr/wp-includes/wp-configs.php" "Mozilla/5.0 (Windows NT 10.0; Win64; x64) AppleWebKit/537.36 (KHTML, like Gecko) Chrome/58.0.3029.110 Safari/537.3"
204.12.208.18 - - [14/Sep/2025:00:05:49 +0200] "GET /wp-includes/qqe12b27/edit.php HTTP/1.1" 200 6 "http://filmotek.fr/wp-includes/qqe12b27/edit.php" "Mozilla/5.0 (Macintosh; Intel Mac OS X 10.7; rv:7.0.1) Gecko/20100101 Firefox/7.0.1"
173.208.163.114 - - [14/Sep/2025:00:05:18 +0200] "GET /wp-includes/wp-configs.php HTTP/1.1" 200 1 "http://filmotek.fr/wp-includes/wp-configs.php" "Mozilla/5.0 (Windows NT 10.0; Win64; x64) AppleWebKit/537.36 (KHTML, like Gecko) Chrome/58.0.3029.110 Safari/537.3"
204.12.208.18 - - [14/Sep/2025:00:05:29 +0200] "GET /wp-includes/qqe12b27/edit.php HTTP/1.1" 200 - "http://filmotek.fr/wp-includes/qqe12b27/edit.php" "Mozilla/5.0 (Macintosh; Intel Mac OS X 10_6_8) AppleWebKit/535.7 (KHTML, like Gecko) Chrome/16.0.912.75 Safari/535.7"
66.249.70.71 - - [14/Sep/2025:00:07:27 +0200] "GET /m280004561?srsltid=AfmBOoomYnimkqXRDJIJ0J_OUOaOS3tuz_ceyewxzQ-L-7lKeSWGD6 HTTP/1.1" 200 76505 "-" "Mozilla/5.0 (Linux; Android 6.0.1; Nexus 5X Build/MMB29P) AppleWebKit/537.36 (KHTML, like Gecko) Chrome/140.0.7339.127 Mobile Safari/537.36 (compatible; Googlebot/2.1; +http://www.google.com/bot.html)"
216.244.66.248 - - [14/Sep/2025:00:08:57 +0200] "GET /acteurs_larges/Scott%20Glenn.jpg HTTP/1.1" 200 194093 "-" "Mozilla/5.0 (compatible; DotBot/1.2; +https://opensiteexplorer.org/dotbot; help@moz.com)"
85.208.96.196 - - [14/Sep/2025:00:15:20 +0200] "GET /filmotech_detail.php?id=461 HTTP/1.1" 403 - "-" "Mozilla/5.0 (compatible; SemrushBot/7~bl; +http://www.semrush.com/bot.html)"
173.208.163.114 - - [14/Sep/2025:00:17:58 +0200] "GET /wp-includes/wp-configs.php HTTP/1.1" 200 10 "http://filmotek.fr/wp-includes/wp-configs.php" "Mozilla/5.0 (Windows NT 10.0; Win64; x64) AppleWebKit/537.36 (KHTML, like Gecko) Chrome/58.0.3029.110 Safari/537.3"
216.73.216.182 - - [14/Sep/2025:00:18:03 +0200] "GET /robots.txt HTTP/1.1" 200 103 "-" "Mozilla/5.0 AppleWebKit/537.36 (KHTML, like Gecko; compatible; ClaudeBot/1.0; +claudebot@anthropic.com)"
173.208.163.114 - - [14/Sep/2025:00:17:55 +0200] "GET /wp-includes/wp-configs.php HTTP/1.1" 200 1 "http://filmotek.fr/wp-includes/wp-configs.php" "Mozilla/5.0 (Windows NT 10.0; Win64; x64) AppleWebKit/537.36 (KHTML, like Gecko) Chrome/58.0.3029.110 Safari/537.3"
204.12.208.18 - - [14/Sep/2025:00:21:39 +0200] "GET /wp-includes/qqe12b27/edit.php HTTP/1.1" 200 6 "http://filmotek.fr/wp-includes/qqe12b27/edit.php" "Mozilla/5.0 (Macintosh; Intel Mac OS X 10.7; rv:7.0.1) Gecko/20100101 Firefox/7.0.1"
204.12.208.18 - - [14/Sep/2025:00:21:19 +0200] "GET /wp-includes/qqe12b27/edit.php HTTP/1.1" 200 - "http://filmotek.fr/wp-includes/qqe12b27/edit.php" "Mozilla/5.0 (Windows NT 6.0; rv:7.0.1) Gecko/20100101 Firefox/7.0.1"
66.249.70.139 - - [14/Sep/2025:00:27:22 +0200] "GET /pcmypage?callback=/product%2Fdetail%2m73442843890 HTTP/1.1" 200 76421 "-" "Mozilla/5.0 (Linux; Android 6.0.1; Nexus 5X Build/MMB29P) AppleWebKit/537.36 (KHTML, like Gecko) Chrome/140.0.7339.127 Mobile Safari/537.36 (compatible; Googlebot/2.1; +http://www.google.com/bot.html)"
66.249.70.66 - - [14/Sep/2025:00:27:49 +0200] "GET /m030036319?srsltid=AfmBOoMNyDEAUslGLHtFKH_dakOdRpBlb_oKUfy02O-U-IkSEP6x0H HTTP/1.1" 200 76935 "-" "Mozilla/5.0 (Linux; Android 6.0.1; Nexus 5X Build/MMB29P) AppleWebKit/537.36 (KHTML, like Gecko) Chrome/140.0.7339.127 Mobile Safari/537.36 (compatible; Googlebot/2.1; +http://www.google.com/bot.html)"
66.249.70.128 - - [14/Sep/2025:00:27:52 +0200] "GET /pcmypage?callback=/product%2Fdetail%2m63871281727 HTTP/1.1" 200 77008 "-" "Mozilla/5.0 (Linux; Android 6.0.1; Nexus 5X Build/MMB29P) AppleWebKit/537.36 (KHTML, like Gecko) Chrome/140.0.7339.127 Mobile Safari/537.36 (compatible; Googlebot/2.1; +http://www.google.com/bot.html)"
173.208.163.114 - - [14/Sep/2025:00:29:26 +0200] "GET /wp-includes/wp-configs.php HTTP/1.1" 200 10 "http://filmotek.fr/wp-includes/wp-configs.php" "Mozilla/5.0 (Windows NT 10.0; Win64; x64) AppleWebKit/537.36 (KHTML, like Gecko) Chrome/58.0.3029.110 Safari/537.3"
173.208.163.114 - - [14/Sep/2025:00:29:24 +0200] "GET /wp-includes/wp-configs.php HTTP/1.1" 200 1 "http://filmotek.fr/wp-includes/wp-configs.php" "Mozilla/5.0 (Windows NT 10.0; Win64; x64) AppleWebKit/537.36 (KHTML, like Gecko) Chrome/58.0.3029.110 Safari/537.3"
66.249.70.128 - - [14/Sep/2025:00:35:14 +0200] "GET /products/32sl34902 HTTP/1.1" 200 77328 "-" "Mozilla/5.0 (Linux; Android 6.0.1; Nexus 5X Build/MMB29P) AppleWebKit/537.36 (KHTML, like Gecko) Chrome/140.0.7339.127 Mobile Safari/537.36 (compatible; Googlebot/2.1; +http://www.google.com/bot.html)"
204.12.208.18 - - [14/Sep/2025:00:37:52 +0200] "GET /wp-includes/qqe12b27/edit.php HTTP/1.1" 200 6 "http://filmotek.fr/wp-includes/qqe12b27/edit.php" "Mozilla/5.0 (Macintosh; Intel Mac OS X 10_6_8) AppleWebKit/535.1 (KHTML, like Gecko) Chrome/13.0.782.112 Safari/535.1"
204.12.208.18 - - [14/Sep/2025:00:37:32 +0200] "GET /wp-includes/qqe12b27/edit.php HTTP/1.1" 200 - "http://filmotek.fr/wp-includes/qqe12b27/edit.php" "Mozilla/5.0 (Windows NT 5.1) AppleWebKit/534.30 (KHTML, like Gecko) Chrome/12.0.742.122 Safari/534.30 ChromePlus/1.6.3.1"
216.73.216.182 - - [14/Sep/2025:00:39:05 +0200] "GET /pages.php HTTP/1.1" 200 76418 "-" "Mozilla/5.0 AppleWebKit/537.36 (KHTML, like Gecko; compatible; ClaudeBot/1.0; +claudebot@anthropic.com)"
173.208.163.114 - - [14/Sep/2025:00:41:55 +0200] "GET /wp-includes/wp-configs.php HTTP/1.1" 200 10 "http://filmotek.fr/wp-includes/wp-configs.php" "Mozilla/5.0 (Windows NT 10.0; Win64; x64) AppleWebKit/537.36 (KHTML, like Gecko) Chrome/58.0.3029.110 Safari/537.3"
66.249.70.139 - - [14/Sep/2025:00:42:22 +0200] "GET /q-~247mobWpxOXcUNeAJfRdErcXXGRdlpY0q7344/ HTTP/1.1" 200 76925 "-" "Mozilla/5.0 (Linux; Android 6.0.1; Nexus 5X Build/MMB29P) AppleWebKit/537.36 (KHTML, like Gecko) Chrome/140.0.7339.127 Mobile Safari/537.36 (compatible; Googlebot/2.1; +http://www.google.com/bot.html)"
173.208.163.114 - - [14/Sep/2025:00:41:53 +0200] "GET /wp-includes/wp-configs.php HTTP/1.1" 200 1 "http://filmotek.fr/wp-includes/wp-configs.php" "Mozilla/5.0 (Windows NT 10.0; Win64; x64) AppleWebKit/537.36 (KHTML, like Gecko) Chrome/58.0.3029.110 Safari/537.3"
204.12.208.18 - - [14/Sep/2025:00:53:48 +0200] "GET /wp-includes/qqe12b27/edit.php HTTP/1.1" 200 6 "http://filmotek.fr/wp-includes/qqe12b27/edit.php" "Mozilla/5.0 (compatible; MSIE 9.0; Windows NT 6.1; WOW64; Trident/5.0; Sleipnir/2.9.8)"
173.208.163.114 - - [14/Sep/2025:00:54:19 +0200] "GET /wp-includes/wp-configs.php HTTP/1.1" 200 10 "http://filmotek.fr/wp-includes/wp-configs.php" "Mozilla/5.0 (Windows NT 10.0; Win64; x64) AppleWebKit/537.36 (KHTML, like Gecko) Chrome/58.0.3029.110 Safari/537.3"
204.12.208.18 - - [14/Sep/2025:00:53:28 +0200] "GET /wp-includes/qqe12b27/edit.php HTTP/1.1" 200 - "http://filmotek.fr/wp-includes/qqe12b27/edit.php" "Mozilla/5.0 (Macintosh; Intel Mac OS X 10.5; rv:5.0.1) Gecko/20100101 Firefox/5.0.1"
173.208.163.114 - - [14/Sep/2025:00:54:17 +0200] "GET /wp-includes/wp-configs.php HTTP/1.1" 200 1 "http://filmotek.fr/wp-includes/wp-configs.php" "Mozilla/5.0 (Windows NT 10.0; Win64; x64) AppleWebKit/537.36 (KHTML, like Gecko) Chrome/58.0.3029.110 Safari/537.3"
85.208.96.195 - - [14/Sep/2025:01:00:14 +0200] "GET /filmotech_detail.php?id=710 HTTP/1.1" 403 - "-" "Mozilla/5.0 (compatible; SemrushBot/7~bl; +http://www.semrush.com/bot.html)"
185.191.171.11 - - [14/Sep/2025:01:07:44 +0200] "GET /filmotech_detail.php?id=730 HTTP/1.1" 403 - "-" "Mozilla/5.0 (compatible; SemrushBot/7~bl; +http://www.semrush.com/bot.html)"
204.12.208.18 - - [14/Sep/2025:01:10:05 +0200] "GET /wp-includes/qqe12b27/edit.php HTTP/1.1" 200 6 "http://filmotek.fr/wp-includes/qqe12b27/edit.php" "Mozilla/5.0 (Macintosh; Intel Mac OS X 10_6_8) AppleWebKit/535.1 (KHTML, like Gecko) Chrome/13.0.782.220 Safari/535.1"
173.208.163.114 - - [14/Sep/2025:01:10:10 +0200] "GET /wp-includes/wp-configs.php HTTP/1.1" 200 10 "http://filmotek.fr/wp-includes/wp-configs.php" "Mozilla/5.0 (Windows NT 10.0; Win64; x64) AppleWebKit/537.36 (KHTML, like Gecko) Chrome/58.0.3029.110 Safari/537.3"
204.12.208.18 - - [14/Sep/2025:01:09:45 +0200] "GET /wp-includes/qqe12b27/edit.php HTTP/1.1" 200 - "http://filmotek.fr/wp-includes/qqe12b27/edit.php" "Mozilla/5.0 (Macintosh; U; PPC Mac OS X; ja-jp) AppleWebKit/522.11.1 (KHTML, like Gecko) Version/3.0.3 Safari/522.12.1"
173.208.163.114 - - [14/Sep/2025:01:10:08 +0200] "GET /wp-includes/wp-configs.php HTTP/1.1" 200 1 "http://filmotek.fr/wp-includes/wp-configs.php" "Mozilla/5.0 (Windows NT 10.0; Win64; x64) AppleWebKit/537.36 (KHTML, like Gecko) Chrome/58.0.3029.110 Safari/537.3"
85.208.96.211 - - [14/Sep/2025:01:11:59 +0200] "GET /filmotech_detail.php?id=508 HTTP/1.1" 403 - "-" "Mozilla/5.0 (compatible; SemrushBot/7~bl; +http://www.semrush.com/bot.html)"
185.191.171.8 - - [14/Sep/2025:01:15:37 +0200] "GET /filmotech_detail.php?id=789 HTTP/1.1" 403 - "-" "Mozilla/5.0 (compatible; SemrushBot/7~bl; +http://www.semrush.com/bot.html)"
66.249.70.138 - - [14/Sep/2025:01:17:08 +0200] "GET /51qmzod10213.html HTTP/1.1" 200 76738 "-" "Mozilla/5.0 (Linux; Android 6.0.1; Nexus 5X Build/MMB29P) AppleWebKit/537.36 (KHTML, like Gecko) Chrome/140.0.7339.127 Mobile Safari/537.36 (compatible; Googlebot/2.1; +http://www.google.com/bot.html)"
185.191.171.10 - - [14/Sep/2025:01:26:04 +0200] "GET /filmotech_detail.php?id=554 HTTP/1.1" 403 - "-" "Mozilla/5.0 (compatible; SemrushBot/7~bl; +http://www.semrush.com/bot.html)"
204.12.208.18 - - [14/Sep/2025:01:26:05 +0200] "GET /wp-includes/qqe12b27/edit.php HTTP/1.1" 200 6 "http://filmotek.fr/wp-includes/qqe12b27/edit.php" "Mozilla/5.0 (Macintosh; Intel Mac OS X 10_6_8) AppleWebKit/535.7 (KHTML, like Gecko) Chrome/16.0.912.75 Safari/535.7"
173.208.163.114 - - [14/Sep/2025:01:26:14 +0200] "GET /wp-includes/wp-configs.php HTTP/1.1" 200 10 "http://filmotek.fr/wp-includes/wp-configs.php" "Mozilla/5.0 (Windows NT 10.0; Win64; x64) AppleWebKit/537.36 (KHTML, like Gecko) Chrome/58.0.3029.110 Safari/537.3"
204.12.208.18 - - [14/Sep/2025:01:25:45 +0200] "GET /wp-includes/qqe12b27/edit.php HTTP/1.1" 200 - "http://filmotek.fr/wp-includes/qqe12b27/edit.php" "Mozilla/5.0 (X11; Linux i686) AppleWebKit/535.2 (KHTML, like Gecko) Ubuntu/10.04 Chromium/15.0.874.106 Chrome/15.0.874.106 Safari/535.2"
216.73.216.182 - - [14/Sep/2025:01:27:17 +0200] "GET /robots.txt HTTP/1.1" 200 103 "-" "Mozilla/5.0 AppleWebKit/537.36 (KHTML, like Gecko; compatible; ClaudeBot/1.0; +claudebot@anthropic.com)"
173.208.163.114 - - [14/Sep/2025:01:26:12 +0200] "GET /wp-includes/wp-configs.php HTTP/1.1" 200 1 "http://filmotek.fr/wp-includes/wp-configs.php" "Mozilla/5.0 (Windows NT 10.0; Win64; x64) AppleWebKit/537.36 (KHTML, like Gecko) Chrome/58.0.3029.110 Safari/537.3"
85.208.96.211 - - [14/Sep/2025:01:28:08 +0200] "GET /filmotech_detail.php?id=712 HTTP/1.1" 403 - "-" "Mozilla/5.0 (compatible; SemrushBot/7~bl; +http://www.semrush.com/bot.html)"
66.249.70.67 - - [14/Sep/2025:01:29:10 +0200] "GET /m009026440?srsltid=AfmBOohxgXPcBsLoSpTGtS_9R5KMi9gnL_gJT1yciC-W-i2yM85eYb HTTP/1.1" 200 76584 "-" "Mozilla/5.0 (Linux; Android 6.0.1; Nexus 5X Build/MMB29P) AppleWebKit/537.36 (KHTML, like Gecko) Chrome/140.0.7339.127 Mobile Safari/537.36 (compatible; Googlebot/2.1; +http://www.google.com/bot.html)"
85.208.96.206 - - [14/Sep/2025:01:32:17 +0200] "GET /filmotech_detail.php?id=1259 HTTP/1.1" 403 - "-" "Mozilla/5.0 (compatible; SemrushBot/7~bl; +http://www.semrush.com/bot.html)"
85.208.96.207 - - [14/Sep/2025:01:32:43 +0200] "GET /robots.txt HTTP/1.1" 200 341 "-" "Mozilla/5.0 (compatible; SemrushBot/7~bl; +http://www.semrush.com/bot.html)"
85.208.96.194 - - [14/Sep/2025:01:32:44 +0200] "GET /filmotech_detail.php?id=882 HTTP/1.1" 403 - "-" "Mozilla/5.0 (compatible; SemrushBot/7~bl; +http://www.semrush.com/bot.html)"
85.208.96.196 - - [14/Sep/2025:01:33:02 +0200] "GET /filmotech_detail.php?id=1269 HTTP/1.1" 403 - "-" "Mozilla/5.0 (compatible; SemrushBot/7~bl; +http://www.semrush.com/bot.html)"
185.191.171.16 - - [14/Sep/2025:01:36:59 +0200] "GET /filmotech_detail.php?id=1298 HTTP/1.1" 403 - "-" "Mozilla/5.0 (compatible; SemrushBot/7~bl; +http://www.semrush.com/bot.html)"
173.208.163.114 - - [14/Sep/2025:01:42:17 +0200] "GET /wp-includes/wp-configs.php HTTP/1.1" 200 10 "http://filmotek.fr/wp-includes/wp-configs.php" "Mozilla/5.0 (Windows NT 10.0; Win64; x64) AppleWebKit/537.36 (KHTML, like Gecko) Chrome/58.0.3029.110 Safari/537.3"
204.12.208.18 - - [14/Sep/2025:01:42:40 +0200] "GET /wp-includes/qqe12b27/edit.php HTTP/1.1" 200 6 "http://filmotek.fr/wp-includes/qqe12b27/edit.php" "Mozilla/5.0 (Macintosh; U; PPC Mac OS X; ja-jp) AppleWebKit/523.12.2 (KHTML, like Gecko) Version/3.0.4 Safari/523.12.2"
173.208.163.114 - - [14/Sep/2025:01:42:19 +0200] "GET /wp-includes/wp-configs.php HTTP/1.1" 200 1 "http://filmotek.fr/wp-includes/wp-configs.php" "Mozilla/5.0 (Windows NT 10.0; Win64; x64) AppleWebKit/537.36 (KHTML, like Gecko) Chrome/58.0.3029.110 Safari/537.3"
204.12.208.18 - - [14/Sep/2025:01:42:20 +0200] "GET /wp-includes/qqe12b27/edit.php HTTP/1.1" 200 - "http://filmotek.fr/wp-includes/qqe12b27/edit.php" "Mozilla/5.0 (Macintosh; Intel Mac OS X 10.6; rv:6.0.2) Gecko/20100101 Firefox/6.0.2"
85.208.96.196 - - [14/Sep/2025:01:49:24 +0200] "GET /robots.txt HTTP/1.1" 200 341 "-" "Mozilla/5.0 (compatible; SemrushBot/7~bl; +http://www.semrush.com/bot.html)"
85.208.96.209 - - [14/Sep/2025:01:49:24 +0200] "GET /filmotech_detail.php?id=1129 HTTP/1.1" 403 - "-" "Mozilla/5.0 (compatible; SemrushBot/7~bl; +http://www.semrush.com/bot.html)"
68.183.146.153 - - [14/Sep/2025:01:55:39 +0200] "GET /.git/config HTTP/1.1" 200 1566924 "-" "Mozilla/5.0 (Macintosh; Intel Mac OS X 10_15) AppleWebKit/605.1.15 (KHTML, like Gecko) Version/13.0 Safari/605.1.15"
198.204.224.34 - - [14/Sep/2025:01:56:59 +0200] "GET /wp-includes/wp-configs.php HTTP/1.1" 200 10 "http://filmotek.fr/wp-includes/wp-configs.php" "Mozilla/5.0 (Windows NT 10.0; Win64; x64) AppleWebKit/537.36 (KHTML, like Gecko) Chrome/58.0.3029.110 Safari/537.3"
198.204.224.34 - - [14/Sep/2025:01:56:53 +0200] "GET /wp-includes/wp-configs.php HTTP/1.1" 200 1 "http://filmotek.fr/wp-includes/wp-configs.php" "Mozilla/5.0 (Windows NT 10.0; Win64; x64) AppleWebKit/537.36 (KHTML, like Gecko) Chrome/58.0.3029.110 Safari/537.3"
204.12.208.18 - - [14/Sep/2025:01:58:41 +0200] "GET /wp-includes/qqe12b27/edit.php HTTP/1.1" 200 6 "http://filmotek.fr/wp-includes/qqe12b27/edit.php" "Mozilla/5.0 (Macintosh; Intel Mac OS X 10.6; rv:6.0.2) Gecko/20100101 Firefox/6.0.2"
204.12.208.18 - - [14/Sep/2025:01:58:21 +0200] "GET /wp-includes/qqe12b27/edit.php HTTP/1.1" 200 - "http://filmotek.fr/wp-includes/qqe12b27/edit.php" "Mozilla/5.0 (compatible; MSIE 9.0; Windows NT 6.1; WOW64; Trident/5.0; SLCC2; .NET CLR 2.0.50727; .NET CLR 3.5.30729; .NET CLR 3.0.30729; Media Center PC 6.0; MAGW; .NET4.0C; Lunascape 6.5.8.24780)"
66.249.70.66 - - [14/Sep/2025:02:00:27 +0200] "GET /?pid=26846399089&channel=magic-practical-abstract&cate_id=7414&page=http://www.filmotek.fr/spark.jsp?products/223an12651 HTTP/1.1" 200 76448 "-" "Mozilla/5.0 (Linux; Android 6.0.1; Nexus 5X Build/MMB29P) AppleWebKit/537.36 (KHTML, like Gecko) Chrome/140.0.7339.127 Mobile Safari/537.36 (compatible; Googlebot/2.1; +http://www.google.com/bot.html)"
66.249.70.67 - - [14/Sep/2025:02:00:30 +0200] "GET /?pid=26846399089&channel=replacement-distinguish-fix&cate_id=7414&page=http://www.filmotek.fr/spark.jsp?products/299dx29561 HTTP/1.1" 200 76868 "-" "Mozilla/5.0 (Linux; Android 6.0.1; Nexus 5X Build/MMB29P) AppleWebKit/537.36 (KHTML, like Gecko) Chrome/140.0.7339.127 Mobile Safari/537.36 (compatible; Googlebot/2.1; +http://www.google.com/bot.html)"
185.191.171.14 - - [14/Sep/2025:02:02:33 +0200] "GET /filmotech_detail.php?id=622 HTTP/1.1" 403 - "-" "Mozilla/5.0 (compatible; SemrushBot/7~bl; +http://www.semrush.com/bot.html)"
85.208.96.197 - - [14/Sep/2025:02:07:18 +0200] "GET /filmotech_detail.php?id=1131 HTTP/1.1" 403 - "-" "Mozilla/5.0 (compatible; SemrushBot/7~bl; +http://www.semrush.com/bot.html)"
173.208.163.114 - - [14/Sep/2025:02:13:38 +0200] "GET /wp-includes/wp-configs.php HTTP/1.1" 200 10 "http://filmotek.fr/wp-includes/wp-configs.php" "Mozilla/5.0 (Windows NT 10.0; Win64; x64) AppleWebKit/537.36 (KHTML, like Gecko) Chrome/58.0.3029.110 Safari/537.3"
204.12.208.18 - - [14/Sep/2025:02:15:02 +0200] "GET /wp-includes/qqe12b27/edit.php HTTP/1.1" 404 - "http://filmotek.fr/wp-includes/qqe12b27/edit.php" "Mozilla/4.0 (compatible; MSIE 7.0; Windows NT 5.1; SV1; .NET CLR 1.1.4322; .NET CLR 2.0.50727; InfoPath.1)"
173.208.163.114 - - [14/Sep/2025:02:13:35 +0200] "GET /wp-includes/wp-configs.php HTTP/1.1" 200 1 "http://filmotek.fr/wp-includes/wp-configs.php" "Mozilla/5.0 (Windows NT 10.0; Win64; x64) AppleWebKit/537.36 (KHTML, like Gecko) Chrome/58.0.3029.110 Safari/537.3"
204.12.208.18 - - [14/Sep/2025:02:15:03 +0200] "GET /wp-includes/qqe12b27/edit.php HTTP/1.1" 200 6 "http://filmotek.fr/wp-includes/qqe12b27/edit.php" "Mozilla/4.0 (compatible; GoogleToolbar 5.0.2124.2070; Windows 6.0; MSIE 8.0.6001.18241)"
204.12.208.18 - - [14/Sep/2025:02:14:42 +0200] "GET /wp-includes/qqe12b27/edit.php HTTP/1.1" 200 - "http://filmotek.fr/wp-includes/qqe12b27/edit.php" "Mozilla/5.0 (Macintosh; Intel Mac OS X 10.5; rv:5.0.1) Gecko/20100101 Firefox/5.0.1"
66.249.70.70 - - [14/Sep/2025:02:26:24 +0200] "GET /?pid=26846399089&channel=singer-stare-bunch&cate_id=7414&page=http://www.filmotek.fr/spark.jsp?products/141ec12215 HTTP/1.1" 200 77440 "-" "Mozilla/5.0 (Linux; Android 6.0.1; Nexus 5X Build/MMB29P) AppleWebKit/537.36 (KHTML, like Gecko) Chrome/140.0.7339.127 Mobile Safari/537.36 (compatible; Googlebot/2.1; +http://www.google.com/bot.html)"
85.208.96.203 - - [14/Sep/2025:02:28:26 +0200] "GET /filmotech_detail.php?id=629 HTTP/1.1" 403 - "-" "Mozilla/5.0 (compatible; SemrushBot/7~bl; +http://www.semrush.com/bot.html)"
66.249.70.128 - - [14/Sep/2025:02:28:51 +0200] "GET /products/173oj7877 HTTP/1.1" 200 76674 "-" "Mozilla/5.0 (Linux; Android 6.0.1; Nexus 5X Build/MMB29P) AppleWebKit/537.36 (KHTML, like Gecko) Chrome/140.0.7339.127 Mobile Safari/537.36 (compatible; Googlebot/2.1; +http://www.google.com/bot.html)"
